{"id":1983,"date":"2022-08-05T04:52:04","date_gmt":"2022-08-05T04:52:04","guid":{"rendered":"https:\/\/tijuana.com.uy\/index.php\/producto\/boligrafo-de-pegamento-18-ml\/"},"modified":"2023-02-17T23:08:10","modified_gmt":"2023-02-17T23:08:10","slug":"boligrafo-de-pegamento-18-ml","status":"publish","type":"product","link":"https:\/\/tijuana.com.uy\/?product=boligrafo-de-pegamento-18-ml","title":{"rendered":"BOLIGRAFO DE PEGAMENTO 18 ml"},"content":{"rendered":"<p>Boligrafo de pegamento de 18 ml, perfecto para albumes de recortes, tarjetas, manualidades y m?s.<\/p>\n","protected":false},"excerpt":{"rendered":"<p>Bol\u00edgrafo de pegamento de 18 ml, sustancia adhesiva color blanco durante su aplicaci\u00f3n, de fijaci\u00f3n y secado transparente. Ofrece adhesi\u00f3n permanente.\u00a0 Perfecto para albumes de recortes, tarjetas, manualidades y mas. No T\u00f3xico.<\/p>\n","protected":false},"featured_media":3527,"template":"","meta":[],"product_brand":[],"product_cat":[25],"product_tag":[61],"class_list":{"0":"post-1983","1":"product","2":"type-product","3":"status-publish","4":"has-post-thumbnail","6":"product_cat-papeleria","7":"product_tag-ibi-craft","9":"first","10":"instock","11":"taxable","12":"shipping-taxable","13":"purchasable","14":"product-type-simple"},"yoast_head":"<!-- This site is optimized with the Yoast SEO plugin v27.4 - https:\/\/yoast.com\/product\/yoast-seo-wordpress\/ -->\n<title>BOLIGRAFO DE PEGAMENTO 18 ml - Tijuana<\/title>\n<meta name=\"robots\" content=\"index, follow, max-snippet:-1, max-image-preview:large, max-video-preview:-1\" \/>\n<link rel=\"canonical\" href=\"https:\/\/tijuana.com.uy\/?product=boligrafo-de-pegamento-18-ml\" \/>\n<meta property=\"og:locale\" content=\"es_ES\" \/>\n<meta property=\"og:type\" content=\"article\" \/>\n<meta property=\"og:title\" content=\"BOLIGRAFO DE PEGAMENTO 18 ml - Tijuana\" \/>\n<meta property=\"og:description\" content=\"Bol\u00edgrafo de pegamento de 18 ml, sustancia adhesiva color blanco durante su aplicaci\u00f3n, de fijaci\u00f3n y secado transparente. Ofrece adhesi\u00f3n permanente.\u00a0 Perfecto para albumes de recortes, tarjetas, manualidades y mas. No T\u00f3xico.\" \/>\n<meta property=\"og:url\" content=\"https:\/\/tijuana.com.uy\/?product=boligrafo-de-pegamento-18-ml\" \/>\n<meta property=\"og:site_name\" content=\"Tijuana\" \/>\n<meta property=\"article:modified_time\" content=\"2023-02-17T23:08:10+00:00\" \/>\n<meta property=\"og:image\" content=\"https:\/\/tijuana.com.uy\/wp-content\/uploads\/2022\/08\/0009365_pegamento-boligrafo-pcraft-18-ml_415.jpeg\" \/>\n\t<meta property=\"og:image:width\" content=\"415\" \/>\n\t<meta property=\"og:image:height\" content=\"415\" \/>\n\t<meta property=\"og:image:type\" content=\"image\/jpeg\" \/>\n<meta name=\"twitter:card\" content=\"summary_large_image\" \/>\n<meta name=\"twitter:label1\" content=\"Tiempo de lectura\" \/>\n\t<meta name=\"twitter:data1\" content=\"1 minuto\" \/>\n<script type=\"application\/ld+json\" class=\"yoast-schema-graph\">{\"@context\":\"https:\\\/\\\/schema.org\",\"@graph\":[{\"@type\":\"WebPage\",\"@id\":\"https:\\\/\\\/tijuana.com.uy\\\/?product=boligrafo-de-pegamento-18-ml\",\"url\":\"https:\\\/\\\/tijuana.com.uy\\\/?product=boligrafo-de-pegamento-18-ml\",\"name\":\"BOLIGRAFO DE PEGAMENTO 18 ml - Tijuana\",\"isPartOf\":{\"@id\":\"https:\\\/\\\/tijuana.com.uy\\\/#website\"},\"primaryImageOfPage\":{\"@id\":\"https:\\\/\\\/tijuana.com.uy\\\/?product=boligrafo-de-pegamento-18-ml#primaryimage\"},\"image\":{\"@id\":\"https:\\\/\\\/tijuana.com.uy\\\/?product=boligrafo-de-pegamento-18-ml#primaryimage\"},\"thumbnailUrl\":\"https:\\\/\\\/tijuana.com.uy\\\/wp-content\\\/uploads\\\/2022\\\/08\\\/0009365_pegamento-boligrafo-pcraft-18-ml_415.jpeg\",\"datePublished\":\"2022-08-05T04:52:04+00:00\",\"dateModified\":\"2023-02-17T23:08:10+00:00\",\"breadcrumb\":{\"@id\":\"https:\\\/\\\/tijuana.com.uy\\\/?product=boligrafo-de-pegamento-18-ml#breadcrumb\"},\"inLanguage\":\"es\",\"potentialAction\":[{\"@type\":\"ReadAction\",\"target\":[\"https:\\\/\\\/tijuana.com.uy\\\/?product=boligrafo-de-pegamento-18-ml\"]}]},{\"@type\":\"ImageObject\",\"inLanguage\":\"es\",\"@id\":\"https:\\\/\\\/tijuana.com.uy\\\/?product=boligrafo-de-pegamento-18-ml#primaryimage\",\"url\":\"https:\\\/\\\/tijuana.com.uy\\\/wp-content\\\/uploads\\\/2022\\\/08\\\/0009365_pegamento-boligrafo-pcraft-18-ml_415.jpeg\",\"contentUrl\":\"https:\\\/\\\/tijuana.com.uy\\\/wp-content\\\/uploads\\\/2022\\\/08\\\/0009365_pegamento-boligrafo-pcraft-18-ml_415.jpeg\",\"width\":415,\"height\":415,\"caption\":\"Bol\u00edgrafo de pegamento\"},{\"@type\":\"BreadcrumbList\",\"@id\":\"https:\\\/\\\/tijuana.com.uy\\\/?product=boligrafo-de-pegamento-18-ml#breadcrumb\",\"itemListElement\":[{\"@type\":\"ListItem\",\"position\":1,\"name\":\"Inicio\",\"item\":\"https:\\\/\\\/tijuana.com.uy\\\/\"},{\"@type\":\"ListItem\",\"position\":2,\"name\":\"Todos nuestros productos\",\"item\":\"https:\\\/\\\/tijuana.com.uy\\\/?page_id=365\"},{\"@type\":\"ListItem\",\"position\":3,\"name\":\"BOLIGRAFO DE PEGAMENTO 18 ml\"}]},{\"@type\":\"WebSite\",\"@id\":\"https:\\\/\\\/tijuana.com.uy\\\/#website\",\"url\":\"https:\\\/\\\/tijuana.com.uy\\\/\",\"name\":\"Tijuana\",\"description\":\"Ecommerce Tijuana\",\"potentialAction\":[{\"@type\":\"SearchAction\",\"target\":{\"@type\":\"EntryPoint\",\"urlTemplate\":\"https:\\\/\\\/tijuana.com.uy\\\/?s={search_term_string}\"},\"query-input\":{\"@type\":\"PropertyValueSpecification\",\"valueRequired\":true,\"valueName\":\"search_term_string\"}}],\"inLanguage\":\"es\"}]}<\/script>\n<!-- \/ Yoast SEO plugin. -->","yoast_head_json":{"title":"BOLIGRAFO DE PEGAMENTO 18 ml - Tijuana","robots":{"index":"index","follow":"follow","max-snippet":"max-snippet:-1","max-image-preview":"max-image-preview:large","max-video-preview":"max-video-preview:-1"},"canonical":"https:\/\/tijuana.com.uy\/?product=boligrafo-de-pegamento-18-ml","og_locale":"es_ES","og_type":"article","og_title":"BOLIGRAFO DE PEGAMENTO 18 ml - Tijuana","og_description":"Bol\u00edgrafo de pegamento de 18 ml, sustancia adhesiva color blanco durante su aplicaci\u00f3n, de fijaci\u00f3n y secado transparente. Ofrece adhesi\u00f3n permanente.\u00a0 Perfecto para albumes de recortes, tarjetas, manualidades y mas. No T\u00f3xico.","og_url":"https:\/\/tijuana.com.uy\/?product=boligrafo-de-pegamento-18-ml","og_site_name":"Tijuana","article_modified_time":"2023-02-17T23:08:10+00:00","og_image":[{"width":415,"height":415,"url":"https:\/\/tijuana.com.uy\/wp-content\/uploads\/2022\/08\/0009365_pegamento-boligrafo-pcraft-18-ml_415.jpeg","type":"image\/jpeg"}],"twitter_card":"summary_large_image","twitter_misc":{"Tiempo de lectura":"1 minuto"},"schema":{"@context":"https:\/\/schema.org","@graph":[{"@type":"WebPage","@id":"https:\/\/tijuana.com.uy\/?product=boligrafo-de-pegamento-18-ml","url":"https:\/\/tijuana.com.uy\/?product=boligrafo-de-pegamento-18-ml","name":"BOLIGRAFO DE PEGAMENTO 18 ml - Tijuana","isPartOf":{"@id":"https:\/\/tijuana.com.uy\/#website"},"primaryImageOfPage":{"@id":"https:\/\/tijuana.com.uy\/?product=boligrafo-de-pegamento-18-ml#primaryimage"},"image":{"@id":"https:\/\/tijuana.com.uy\/?product=boligrafo-de-pegamento-18-ml#primaryimage"},"thumbnailUrl":"https:\/\/tijuana.com.uy\/wp-content\/uploads\/2022\/08\/0009365_pegamento-boligrafo-pcraft-18-ml_415.jpeg","datePublished":"2022-08-05T04:52:04+00:00","dateModified":"2023-02-17T23:08:10+00:00","breadcrumb":{"@id":"https:\/\/tijuana.com.uy\/?product=boligrafo-de-pegamento-18-ml#breadcrumb"},"inLanguage":"es","potentialAction":[{"@type":"ReadAction","target":["https:\/\/tijuana.com.uy\/?product=boligrafo-de-pegamento-18-ml"]}]},{"@type":"ImageObject","inLanguage":"es","@id":"https:\/\/tijuana.com.uy\/?product=boligrafo-de-pegamento-18-ml#primaryimage","url":"https:\/\/tijuana.com.uy\/wp-content\/uploads\/2022\/08\/0009365_pegamento-boligrafo-pcraft-18-ml_415.jpeg","contentUrl":"https:\/\/tijuana.com.uy\/wp-content\/uploads\/2022\/08\/0009365_pegamento-boligrafo-pcraft-18-ml_415.jpeg","width":415,"height":415,"caption":"Bol\u00edgrafo de pegamento"},{"@type":"BreadcrumbList","@id":"https:\/\/tijuana.com.uy\/?product=boligrafo-de-pegamento-18-ml#breadcrumb","itemListElement":[{"@type":"ListItem","position":1,"name":"Inicio","item":"https:\/\/tijuana.com.uy\/"},{"@type":"ListItem","position":2,"name":"Todos nuestros productos","item":"https:\/\/tijuana.com.uy\/?page_id=365"},{"@type":"ListItem","position":3,"name":"BOLIGRAFO DE PEGAMENTO 18 ml"}]},{"@type":"WebSite","@id":"https:\/\/tijuana.com.uy\/#website","url":"https:\/\/tijuana.com.uy\/","name":"Tijuana","description":"Ecommerce Tijuana","potentialAction":[{"@type":"SearchAction","target":{"@type":"EntryPoint","urlTemplate":"https:\/\/tijuana.com.uy\/?s={search_term_string}"},"query-input":{"@type":"PropertyValueSpecification","valueRequired":true,"valueName":"search_term_string"}}],"inLanguage":"es"}]}},"_links":{"self":[{"href":"https:\/\/tijuana.com.uy\/index.php?rest_route=\/wp\/v2\/product\/1983","targetHints":{"allow":["GET"]}}],"collection":[{"href":"https:\/\/tijuana.com.uy\/index.php?rest_route=\/wp\/v2\/product"}],"about":[{"href":"https:\/\/tijuana.com.uy\/index.php?rest_route=\/wp\/v2\/types\/product"}],"wp:featuredmedia":[{"embeddable":true,"href":"https:\/\/tijuana.com.uy\/index.php?rest_route=\/wp\/v2\/media\/3527"}],"wp:attachment":[{"href":"https:\/\/tijuana.com.uy\/index.php?rest_route=%2Fwp%2Fv2%2Fmedia&parent=1983"}],"wp:term":[{"taxonomy":"product_brand","embeddable":true,"href":"https:\/\/tijuana.com.uy\/index.php?rest_route=%2Fwp%2Fv2%2Fproduct_brand&post=1983"},{"taxonomy":"product_cat","embeddable":true,"href":"https:\/\/tijuana.com.uy\/index.php?rest_route=%2Fwp%2Fv2%2Fproduct_cat&post=1983"},{"taxonomy":"product_tag","embeddable":true,"href":"https:\/\/tijuana.com.uy\/index.php?rest_route=%2Fwp%2Fv2%2Fproduct_tag&post=1983"}],"curies":[{"name":"wp","href":"https:\/\/api.w.org\/{rel}","templated":true}]}}