{"id":1986,"date":"2022-08-05T04:52:13","date_gmt":"2022-08-05T04:52:13","guid":{"rendered":"https:\/\/tijuana.com.uy\/index.php\/producto\/repuesto-de-lacre-color-plata\/"},"modified":"2023-02-17T21:28:07","modified_gmt":"2023-02-17T21:28:07","slug":"repuesto-de-lacre-color-plata","status":"publish","type":"product","link":"https:\/\/tijuana.com.uy\/?product=repuesto-de-lacre-color-plata","title":{"rendered":"REPUESTO DE LACRE COLOR PLATA"},"content":{"rendered":"","protected":false},"excerpt":{"rendered":"<p>Barras de cera para uso con sellos de estampado.<\/p>\n<p>Ideal para decorar sobres, tarjetas, paquetes, invitaciones, postales, etc. Cuerpo con mecha brinda comodidad en la aplicaci\u00f3n y dosificaci\u00f3n. Acabados de superficie lisa, fuerte adherencia y alta dureza. Bl\u00edster conteniendo dos barras color Plata.<\/p>\n","protected":false},"featured_media":3486,"template":"","meta":[],"product_brand":[],"product_cat":[25],"product_tag":[61],"class_list":{"0":"post-1986","1":"product","2":"type-product","3":"status-publish","4":"has-post-thumbnail","6":"product_cat-papeleria","7":"product_tag-ibi-craft","9":"first","10":"instock","11":"taxable","12":"shipping-taxable","13":"purchasable","14":"product-type-simple"},"yoast_head":"<!-- This site is optimized with the Yoast SEO plugin v27.5 - https:\/\/yoast.com\/product\/yoast-seo-wordpress\/ -->\n<title>REPUESTO DE LACRE COLOR PLATA - Tijuana<\/title>\n<meta name=\"description\" content=\"Barras de cera para uso con sellos de estampado. Ideal para decorar sobres, tarjetas, paquetes, invitaciones, postales, etc.\" \/>\n<meta name=\"robots\" content=\"index, follow, max-snippet:-1, max-image-preview:large, max-video-preview:-1\" \/>\n<link rel=\"canonical\" href=\"https:\/\/tijuana.com.uy\/?product=repuesto-de-lacre-color-plata\" \/>\n<meta property=\"og:locale\" content=\"es_ES\" \/>\n<meta property=\"og:type\" content=\"article\" \/>\n<meta property=\"og:title\" content=\"REPUESTO DE LACRE COLOR PLATA - Tijuana\" \/>\n<meta property=\"og:description\" content=\"Barras de cera para uso con sellos de estampado. Ideal para decorar sobres, tarjetas, paquetes, invitaciones, postales, etc.\" \/>\n<meta property=\"og:url\" content=\"https:\/\/tijuana.com.uy\/?product=repuesto-de-lacre-color-plata\" \/>\n<meta property=\"og:site_name\" content=\"Tijuana\" \/>\n<meta property=\"article:modified_time\" content=\"2023-02-17T21:28:07+00:00\" \/>\n<meta property=\"og:image\" content=\"https:\/\/tijuana.com.uy\/wp-content\/uploads\/2022\/08\/0047393_barras-cera-lacre-para-estampar-sellos-sealing-wax-sunlit-set-x2-color-plata-0_350-1-1.webp\" \/>\n\t<meta property=\"og:image:width\" content=\"350\" \/>\n\t<meta property=\"og:image:height\" content=\"350\" \/>\n\t<meta property=\"og:image:type\" content=\"image\/webp\" \/>\n<meta name=\"twitter:card\" content=\"summary_large_image\" \/>\n<script type=\"application\/ld+json\" class=\"yoast-schema-graph\">{\"@context\":\"https:\\\/\\\/schema.org\",\"@graph\":[{\"@type\":\"WebPage\",\"@id\":\"https:\\\/\\\/tijuana.com.uy\\\/?product=repuesto-de-lacre-color-plata\",\"url\":\"https:\\\/\\\/tijuana.com.uy\\\/?product=repuesto-de-lacre-color-plata\",\"name\":\"REPUESTO DE LACRE COLOR PLATA - Tijuana\",\"isPartOf\":{\"@id\":\"https:\\\/\\\/tijuana.com.uy\\\/#website\"},\"primaryImageOfPage\":{\"@id\":\"https:\\\/\\\/tijuana.com.uy\\\/?product=repuesto-de-lacre-color-plata#primaryimage\"},\"image\":{\"@id\":\"https:\\\/\\\/tijuana.com.uy\\\/?product=repuesto-de-lacre-color-plata#primaryimage\"},\"thumbnailUrl\":\"https:\\\/\\\/tijuana.com.uy\\\/wp-content\\\/uploads\\\/2022\\\/08\\\/0047393_barras-cera-lacre-para-estampar-sellos-sealing-wax-sunlit-set-x2-color-plata-0_350-1-1.webp\",\"datePublished\":\"2022-08-05T04:52:13+00:00\",\"dateModified\":\"2023-02-17T21:28:07+00:00\",\"description\":\"Barras de cera para uso con sellos de estampado. Ideal para decorar sobres, tarjetas, paquetes, invitaciones, postales, etc.\",\"breadcrumb\":{\"@id\":\"https:\\\/\\\/tijuana.com.uy\\\/?product=repuesto-de-lacre-color-plata#breadcrumb\"},\"inLanguage\":\"es\",\"potentialAction\":[{\"@type\":\"ReadAction\",\"target\":[\"https:\\\/\\\/tijuana.com.uy\\\/?product=repuesto-de-lacre-color-plata\"]}]},{\"@type\":\"ImageObject\",\"inLanguage\":\"es\",\"@id\":\"https:\\\/\\\/tijuana.com.uy\\\/?product=repuesto-de-lacre-color-plata#primaryimage\",\"url\":\"https:\\\/\\\/tijuana.com.uy\\\/wp-content\\\/uploads\\\/2022\\\/08\\\/0047393_barras-cera-lacre-para-estampar-sellos-sealing-wax-sunlit-set-x2-color-plata-0_350-1-1.webp\",\"contentUrl\":\"https:\\\/\\\/tijuana.com.uy\\\/wp-content\\\/uploads\\\/2022\\\/08\\\/0047393_barras-cera-lacre-para-estampar-sellos-sealing-wax-sunlit-set-x2-color-plata-0_350-1-1.webp\",\"width\":350,\"height\":350,\"caption\":\"REPUESTO LACRE PLATA\"},{\"@type\":\"BreadcrumbList\",\"@id\":\"https:\\\/\\\/tijuana.com.uy\\\/?product=repuesto-de-lacre-color-plata#breadcrumb\",\"itemListElement\":[{\"@type\":\"ListItem\",\"position\":1,\"name\":\"Inicio\",\"item\":\"https:\\\/\\\/tijuana.com.uy\\\/\"},{\"@type\":\"ListItem\",\"position\":2,\"name\":\"Todos nuestros productos\",\"item\":\"https:\\\/\\\/tijuana.com.uy\\\/?page_id=365\"},{\"@type\":\"ListItem\",\"position\":3,\"name\":\"REPUESTO DE LACRE COLOR PLATA\"}]},{\"@type\":\"WebSite\",\"@id\":\"https:\\\/\\\/tijuana.com.uy\\\/#website\",\"url\":\"https:\\\/\\\/tijuana.com.uy\\\/\",\"name\":\"Tijuana\",\"description\":\"Ecommerce Tijuana\",\"potentialAction\":[{\"@type\":\"SearchAction\",\"target\":{\"@type\":\"EntryPoint\",\"urlTemplate\":\"https:\\\/\\\/tijuana.com.uy\\\/?s={search_term_string}\"},\"query-input\":{\"@type\":\"PropertyValueSpecification\",\"valueRequired\":true,\"valueName\":\"search_term_string\"}}],\"inLanguage\":\"es\"}]}<\/script>\n<!-- \/ Yoast SEO plugin. -->","yoast_head_json":{"title":"REPUESTO DE LACRE COLOR PLATA - Tijuana","description":"Barras de cera para uso con sellos de estampado. Ideal para decorar sobres, tarjetas, paquetes, invitaciones, postales, etc.","robots":{"index":"index","follow":"follow","max-snippet":"max-snippet:-1","max-image-preview":"max-image-preview:large","max-video-preview":"max-video-preview:-1"},"canonical":"https:\/\/tijuana.com.uy\/?product=repuesto-de-lacre-color-plata","og_locale":"es_ES","og_type":"article","og_title":"REPUESTO DE LACRE COLOR PLATA - Tijuana","og_description":"Barras de cera para uso con sellos de estampado. Ideal para decorar sobres, tarjetas, paquetes, invitaciones, postales, etc.","og_url":"https:\/\/tijuana.com.uy\/?product=repuesto-de-lacre-color-plata","og_site_name":"Tijuana","article_modified_time":"2023-02-17T21:28:07+00:00","og_image":[{"width":350,"height":350,"url":"https:\/\/tijuana.com.uy\/wp-content\/uploads\/2022\/08\/0047393_barras-cera-lacre-para-estampar-sellos-sealing-wax-sunlit-set-x2-color-plata-0_350-1-1.webp","type":"image\/webp"}],"twitter_card":"summary_large_image","schema":{"@context":"https:\/\/schema.org","@graph":[{"@type":"WebPage","@id":"https:\/\/tijuana.com.uy\/?product=repuesto-de-lacre-color-plata","url":"https:\/\/tijuana.com.uy\/?product=repuesto-de-lacre-color-plata","name":"REPUESTO DE LACRE COLOR PLATA - Tijuana","isPartOf":{"@id":"https:\/\/tijuana.com.uy\/#website"},"primaryImageOfPage":{"@id":"https:\/\/tijuana.com.uy\/?product=repuesto-de-lacre-color-plata#primaryimage"},"image":{"@id":"https:\/\/tijuana.com.uy\/?product=repuesto-de-lacre-color-plata#primaryimage"},"thumbnailUrl":"https:\/\/tijuana.com.uy\/wp-content\/uploads\/2022\/08\/0047393_barras-cera-lacre-para-estampar-sellos-sealing-wax-sunlit-set-x2-color-plata-0_350-1-1.webp","datePublished":"2022-08-05T04:52:13+00:00","dateModified":"2023-02-17T21:28:07+00:00","description":"Barras de cera para uso con sellos de estampado. Ideal para decorar sobres, tarjetas, paquetes, invitaciones, postales, etc.","breadcrumb":{"@id":"https:\/\/tijuana.com.uy\/?product=repuesto-de-lacre-color-plata#breadcrumb"},"inLanguage":"es","potentialAction":[{"@type":"ReadAction","target":["https:\/\/tijuana.com.uy\/?product=repuesto-de-lacre-color-plata"]}]},{"@type":"ImageObject","inLanguage":"es","@id":"https:\/\/tijuana.com.uy\/?product=repuesto-de-lacre-color-plata#primaryimage","url":"https:\/\/tijuana.com.uy\/wp-content\/uploads\/2022\/08\/0047393_barras-cera-lacre-para-estampar-sellos-sealing-wax-sunlit-set-x2-color-plata-0_350-1-1.webp","contentUrl":"https:\/\/tijuana.com.uy\/wp-content\/uploads\/2022\/08\/0047393_barras-cera-lacre-para-estampar-sellos-sealing-wax-sunlit-set-x2-color-plata-0_350-1-1.webp","width":350,"height":350,"caption":"REPUESTO LACRE PLATA"},{"@type":"BreadcrumbList","@id":"https:\/\/tijuana.com.uy\/?product=repuesto-de-lacre-color-plata#breadcrumb","itemListElement":[{"@type":"ListItem","position":1,"name":"Inicio","item":"https:\/\/tijuana.com.uy\/"},{"@type":"ListItem","position":2,"name":"Todos nuestros productos","item":"https:\/\/tijuana.com.uy\/?page_id=365"},{"@type":"ListItem","position":3,"name":"REPUESTO DE LACRE COLOR PLATA"}]},{"@type":"WebSite","@id":"https:\/\/tijuana.com.uy\/#website","url":"https:\/\/tijuana.com.uy\/","name":"Tijuana","description":"Ecommerce Tijuana","potentialAction":[{"@type":"SearchAction","target":{"@type":"EntryPoint","urlTemplate":"https:\/\/tijuana.com.uy\/?s={search_term_string}"},"query-input":{"@type":"PropertyValueSpecification","valueRequired":true,"valueName":"search_term_string"}}],"inLanguage":"es"}]}},"_links":{"self":[{"href":"https:\/\/tijuana.com.uy\/index.php?rest_route=\/wp\/v2\/product\/1986","targetHints":{"allow":["GET"]}}],"collection":[{"href":"https:\/\/tijuana.com.uy\/index.php?rest_route=\/wp\/v2\/product"}],"about":[{"href":"https:\/\/tijuana.com.uy\/index.php?rest_route=\/wp\/v2\/types\/product"}],"wp:featuredmedia":[{"embeddable":true,"href":"https:\/\/tijuana.com.uy\/index.php?rest_route=\/wp\/v2\/media\/3486"}],"wp:attachment":[{"href":"https:\/\/tijuana.com.uy\/index.php?rest_route=%2Fwp%2Fv2%2Fmedia&parent=1986"}],"wp:term":[{"taxonomy":"product_brand","embeddable":true,"href":"https:\/\/tijuana.com.uy\/index.php?rest_route=%2Fwp%2Fv2%2Fproduct_brand&post=1986"},{"taxonomy":"product_cat","embeddable":true,"href":"https:\/\/tijuana.com.uy\/index.php?rest_route=%2Fwp%2Fv2%2Fproduct_cat&post=1986"},{"taxonomy":"product_tag","embeddable":true,"href":"https:\/\/tijuana.com.uy\/index.php?rest_route=%2Fwp%2Fv2%2Fproduct_tag&post=1986"}],"curies":[{"name":"wp","href":"https:\/\/api.w.org\/{rel}","templated":true}]}}