{"id":2021,"date":"2022-08-05T04:54:02","date_gmt":"2022-08-05T04:54:02","guid":{"rendered":"https:\/\/tijuana.com.uy\/index.php\/producto\/rotula-motex-ibi-craft-grande-con-cinta-de-regalo\/"},"modified":"2022-10-26T00:21:31","modified_gmt":"2022-10-26T00:21:31","slug":"rotula-motex-ibi-craft-grande-con-cinta-de-regalo","status":"publish","type":"product","link":"https:\/\/tijuana.com.uy\/?product=rotula-motex-ibi-craft-grande-con-cinta-de-regalo","title":{"rendered":"ROTULADORA MOTEX GRANDE CON CINTA DE REGALO IBI CRAFT"},"content":{"rendered":"","protected":false},"excerpt":{"rendered":"<p>Cuerpo de Pl\u00e1stico. Dos discos intercambiables: uno con Inscripci\u00f3n de letras May\u00fasculas y N\u00fameros y otro con letras Min\u00fasculas y Emojis. Para etiquetar e identificar objetos en oficinas, hogares, centros de estudios, laboratorios, talleres, etc.<\/p>\n<p>Incluye cinta de 9 mm x 3 mts, autoadhesiva.<\/p>\n","protected":false},"featured_media":2775,"template":"","meta":[],"product_brand":[],"product_cat":[25],"product_tag":[61],"class_list":{"0":"post-2021","1":"product","2":"type-product","3":"status-publish","4":"has-post-thumbnail","6":"product_cat-papeleria","7":"product_tag-ibi-craft","9":"first","10":"instock","11":"taxable","12":"shipping-taxable","13":"purchasable","14":"product-type-simple"},"yoast_head":"<!-- This site is optimized with the Yoast SEO plugin v27.5 - https:\/\/yoast.com\/product\/yoast-seo-wordpress\/ -->\n<title>ROTULADORA MOTEX GRANDE CON CINTA DE REGALO IBI CRAFT - Tijuana<\/title>\n<meta name=\"description\" content=\"Cuerpo de Pl\u00e1stico. Dos discos intercambiables: uno con Inscripci\u00f3n de letras May\u00fasculas y N\u00fameros y otro con letras Min\u00fasculas y Emojis. Para etiquetar e identificar objetos en oficinas, hogares, centros de estudios, laboratorios, talleres, etc.\" \/>\n<meta name=\"robots\" content=\"index, follow, max-snippet:-1, max-image-preview:large, max-video-preview:-1\" \/>\n<link rel=\"canonical\" href=\"https:\/\/tijuana.com.uy\/?product=rotula-motex-ibi-craft-grande-con-cinta-de-regalo\" \/>\n<meta property=\"og:locale\" content=\"es_ES\" \/>\n<meta property=\"og:type\" content=\"article\" \/>\n<meta property=\"og:title\" content=\"ROTULADORA MOTEX GRANDE CON CINTA DE REGALO IBI CRAFT - Tijuana\" \/>\n<meta property=\"og:description\" content=\"Cuerpo de Pl\u00e1stico. Dos discos intercambiables: uno con Inscripci\u00f3n de letras May\u00fasculas y N\u00fameros y otro con letras Min\u00fasculas y Emojis. Para etiquetar e identificar objetos en oficinas, hogares, centros de estudios, laboratorios, talleres, etc.\" \/>\n<meta property=\"og:url\" content=\"https:\/\/tijuana.com.uy\/?product=rotula-motex-ibi-craft-grande-con-cinta-de-regalo\" \/>\n<meta property=\"og:site_name\" content=\"Tijuana\" \/>\n<meta property=\"article:modified_time\" content=\"2022-10-26T00:21:31+00:00\" \/>\n<meta property=\"og:image\" content=\"https:\/\/tijuana.com.uy\/wp-content\/uploads\/2022\/08\/whatsapp-image-2022-08-04-at-4-02-01-pm1-5322e052edaef50dfb16596398231096-640-0.jpeg\" \/>\n\t<meta property=\"og:image:width\" content=\"640\" \/>\n\t<meta property=\"og:image:height\" content=\"641\" \/>\n\t<meta property=\"og:image:type\" content=\"image\/jpeg\" \/>\n<meta name=\"twitter:card\" content=\"summary_large_image\" \/>\n<script type=\"application\/ld+json\" class=\"yoast-schema-graph\">{\"@context\":\"https:\\\/\\\/schema.org\",\"@graph\":[{\"@type\":\"WebPage\",\"@id\":\"https:\\\/\\\/tijuana.com.uy\\\/?product=rotula-motex-ibi-craft-grande-con-cinta-de-regalo\",\"url\":\"https:\\\/\\\/tijuana.com.uy\\\/?product=rotula-motex-ibi-craft-grande-con-cinta-de-regalo\",\"name\":\"ROTULADORA MOTEX GRANDE CON CINTA DE REGALO IBI CRAFT - Tijuana\",\"isPartOf\":{\"@id\":\"https:\\\/\\\/tijuana.com.uy\\\/#website\"},\"primaryImageOfPage\":{\"@id\":\"https:\\\/\\\/tijuana.com.uy\\\/?product=rotula-motex-ibi-craft-grande-con-cinta-de-regalo#primaryimage\"},\"image\":{\"@id\":\"https:\\\/\\\/tijuana.com.uy\\\/?product=rotula-motex-ibi-craft-grande-con-cinta-de-regalo#primaryimage\"},\"thumbnailUrl\":\"https:\\\/\\\/tijuana.com.uy\\\/wp-content\\\/uploads\\\/2022\\\/08\\\/whatsapp-image-2022-08-04-at-4-02-01-pm1-5322e052edaef50dfb16596398231096-640-0.jpeg\",\"datePublished\":\"2022-08-05T04:54:02+00:00\",\"dateModified\":\"2022-10-26T00:21:31+00:00\",\"description\":\"Cuerpo de Pl\u00e1stico. Dos discos intercambiables: uno con Inscripci\u00f3n de letras May\u00fasculas y N\u00fameros y otro con letras Min\u00fasculas y Emojis. Para etiquetar e identificar objetos en oficinas, hogares, centros de estudios, laboratorios, talleres, etc.\",\"breadcrumb\":{\"@id\":\"https:\\\/\\\/tijuana.com.uy\\\/?product=rotula-motex-ibi-craft-grande-con-cinta-de-regalo#breadcrumb\"},\"inLanguage\":\"es\",\"potentialAction\":[{\"@type\":\"ReadAction\",\"target\":[\"https:\\\/\\\/tijuana.com.uy\\\/?product=rotula-motex-ibi-craft-grande-con-cinta-de-regalo\"]}]},{\"@type\":\"ImageObject\",\"inLanguage\":\"es\",\"@id\":\"https:\\\/\\\/tijuana.com.uy\\\/?product=rotula-motex-ibi-craft-grande-con-cinta-de-regalo#primaryimage\",\"url\":\"https:\\\/\\\/tijuana.com.uy\\\/wp-content\\\/uploads\\\/2022\\\/08\\\/whatsapp-image-2022-08-04-at-4-02-01-pm1-5322e052edaef50dfb16596398231096-640-0.jpeg\",\"contentUrl\":\"https:\\\/\\\/tijuana.com.uy\\\/wp-content\\\/uploads\\\/2022\\\/08\\\/whatsapp-image-2022-08-04-at-4-02-01-pm1-5322e052edaef50dfb16596398231096-640-0.jpeg\",\"width\":640,\"height\":641,\"caption\":\"ROTULADORA MOTEX GRANDE CON CINTA DE REGALO IBI CRAFT\"},{\"@type\":\"BreadcrumbList\",\"@id\":\"https:\\\/\\\/tijuana.com.uy\\\/?product=rotula-motex-ibi-craft-grande-con-cinta-de-regalo#breadcrumb\",\"itemListElement\":[{\"@type\":\"ListItem\",\"position\":1,\"name\":\"Inicio\",\"item\":\"https:\\\/\\\/tijuana.com.uy\\\/\"},{\"@type\":\"ListItem\",\"position\":2,\"name\":\"Todos nuestros productos\",\"item\":\"https:\\\/\\\/tijuana.com.uy\\\/?page_id=365\"},{\"@type\":\"ListItem\",\"position\":3,\"name\":\"ROTULADORA MOTEX GRANDE CON CINTA DE REGALO IBI CRAFT\"}]},{\"@type\":\"WebSite\",\"@id\":\"https:\\\/\\\/tijuana.com.uy\\\/#website\",\"url\":\"https:\\\/\\\/tijuana.com.uy\\\/\",\"name\":\"Tijuana\",\"description\":\"Ecommerce Tijuana\",\"potentialAction\":[{\"@type\":\"SearchAction\",\"target\":{\"@type\":\"EntryPoint\",\"urlTemplate\":\"https:\\\/\\\/tijuana.com.uy\\\/?s={search_term_string}\"},\"query-input\":{\"@type\":\"PropertyValueSpecification\",\"valueRequired\":true,\"valueName\":\"search_term_string\"}}],\"inLanguage\":\"es\"}]}<\/script>\n<!-- \/ Yoast SEO plugin. -->","yoast_head_json":{"title":"ROTULADORA MOTEX GRANDE CON CINTA DE REGALO IBI CRAFT - Tijuana","description":"Cuerpo de Pl\u00e1stico. Dos discos intercambiables: uno con Inscripci\u00f3n de letras May\u00fasculas y N\u00fameros y otro con letras Min\u00fasculas y Emojis. Para etiquetar e identificar objetos en oficinas, hogares, centros de estudios, laboratorios, talleres, etc.","robots":{"index":"index","follow":"follow","max-snippet":"max-snippet:-1","max-image-preview":"max-image-preview:large","max-video-preview":"max-video-preview:-1"},"canonical":"https:\/\/tijuana.com.uy\/?product=rotula-motex-ibi-craft-grande-con-cinta-de-regalo","og_locale":"es_ES","og_type":"article","og_title":"ROTULADORA MOTEX GRANDE CON CINTA DE REGALO IBI CRAFT - Tijuana","og_description":"Cuerpo de Pl\u00e1stico. Dos discos intercambiables: uno con Inscripci\u00f3n de letras May\u00fasculas y N\u00fameros y otro con letras Min\u00fasculas y Emojis. Para etiquetar e identificar objetos en oficinas, hogares, centros de estudios, laboratorios, talleres, etc.","og_url":"https:\/\/tijuana.com.uy\/?product=rotula-motex-ibi-craft-grande-con-cinta-de-regalo","og_site_name":"Tijuana","article_modified_time":"2022-10-26T00:21:31+00:00","og_image":[{"width":640,"height":641,"url":"https:\/\/tijuana.com.uy\/wp-content\/uploads\/2022\/08\/whatsapp-image-2022-08-04-at-4-02-01-pm1-5322e052edaef50dfb16596398231096-640-0.jpeg","type":"image\/jpeg"}],"twitter_card":"summary_large_image","schema":{"@context":"https:\/\/schema.org","@graph":[{"@type":"WebPage","@id":"https:\/\/tijuana.com.uy\/?product=rotula-motex-ibi-craft-grande-con-cinta-de-regalo","url":"https:\/\/tijuana.com.uy\/?product=rotula-motex-ibi-craft-grande-con-cinta-de-regalo","name":"ROTULADORA MOTEX GRANDE CON CINTA DE REGALO IBI CRAFT - Tijuana","isPartOf":{"@id":"https:\/\/tijuana.com.uy\/#website"},"primaryImageOfPage":{"@id":"https:\/\/tijuana.com.uy\/?product=rotula-motex-ibi-craft-grande-con-cinta-de-regalo#primaryimage"},"image":{"@id":"https:\/\/tijuana.com.uy\/?product=rotula-motex-ibi-craft-grande-con-cinta-de-regalo#primaryimage"},"thumbnailUrl":"https:\/\/tijuana.com.uy\/wp-content\/uploads\/2022\/08\/whatsapp-image-2022-08-04-at-4-02-01-pm1-5322e052edaef50dfb16596398231096-640-0.jpeg","datePublished":"2022-08-05T04:54:02+00:00","dateModified":"2022-10-26T00:21:31+00:00","description":"Cuerpo de Pl\u00e1stico. Dos discos intercambiables: uno con Inscripci\u00f3n de letras May\u00fasculas y N\u00fameros y otro con letras Min\u00fasculas y Emojis. Para etiquetar e identificar objetos en oficinas, hogares, centros de estudios, laboratorios, talleres, etc.","breadcrumb":{"@id":"https:\/\/tijuana.com.uy\/?product=rotula-motex-ibi-craft-grande-con-cinta-de-regalo#breadcrumb"},"inLanguage":"es","potentialAction":[{"@type":"ReadAction","target":["https:\/\/tijuana.com.uy\/?product=rotula-motex-ibi-craft-grande-con-cinta-de-regalo"]}]},{"@type":"ImageObject","inLanguage":"es","@id":"https:\/\/tijuana.com.uy\/?product=rotula-motex-ibi-craft-grande-con-cinta-de-regalo#primaryimage","url":"https:\/\/tijuana.com.uy\/wp-content\/uploads\/2022\/08\/whatsapp-image-2022-08-04-at-4-02-01-pm1-5322e052edaef50dfb16596398231096-640-0.jpeg","contentUrl":"https:\/\/tijuana.com.uy\/wp-content\/uploads\/2022\/08\/whatsapp-image-2022-08-04-at-4-02-01-pm1-5322e052edaef50dfb16596398231096-640-0.jpeg","width":640,"height":641,"caption":"ROTULADORA MOTEX GRANDE CON CINTA DE REGALO IBI CRAFT"},{"@type":"BreadcrumbList","@id":"https:\/\/tijuana.com.uy\/?product=rotula-motex-ibi-craft-grande-con-cinta-de-regalo#breadcrumb","itemListElement":[{"@type":"ListItem","position":1,"name":"Inicio","item":"https:\/\/tijuana.com.uy\/"},{"@type":"ListItem","position":2,"name":"Todos nuestros productos","item":"https:\/\/tijuana.com.uy\/?page_id=365"},{"@type":"ListItem","position":3,"name":"ROTULADORA MOTEX GRANDE CON CINTA DE REGALO IBI CRAFT"}]},{"@type":"WebSite","@id":"https:\/\/tijuana.com.uy\/#website","url":"https:\/\/tijuana.com.uy\/","name":"Tijuana","description":"Ecommerce Tijuana","potentialAction":[{"@type":"SearchAction","target":{"@type":"EntryPoint","urlTemplate":"https:\/\/tijuana.com.uy\/?s={search_term_string}"},"query-input":{"@type":"PropertyValueSpecification","valueRequired":true,"valueName":"search_term_string"}}],"inLanguage":"es"}]}},"_links":{"self":[{"href":"https:\/\/tijuana.com.uy\/index.php?rest_route=\/wp\/v2\/product\/2021","targetHints":{"allow":["GET"]}}],"collection":[{"href":"https:\/\/tijuana.com.uy\/index.php?rest_route=\/wp\/v2\/product"}],"about":[{"href":"https:\/\/tijuana.com.uy\/index.php?rest_route=\/wp\/v2\/types\/product"}],"wp:featuredmedia":[{"embeddable":true,"href":"https:\/\/tijuana.com.uy\/index.php?rest_route=\/wp\/v2\/media\/2775"}],"wp:attachment":[{"href":"https:\/\/tijuana.com.uy\/index.php?rest_route=%2Fwp%2Fv2%2Fmedia&parent=2021"}],"wp:term":[{"taxonomy":"product_brand","embeddable":true,"href":"https:\/\/tijuana.com.uy\/index.php?rest_route=%2Fwp%2Fv2%2Fproduct_brand&post=2021"},{"taxonomy":"product_cat","embeddable":true,"href":"https:\/\/tijuana.com.uy\/index.php?rest_route=%2Fwp%2Fv2%2Fproduct_cat&post=2021"},{"taxonomy":"product_tag","embeddable":true,"href":"https:\/\/tijuana.com.uy\/index.php?rest_route=%2Fwp%2Fv2%2Fproduct_tag&post=2021"}],"curies":[{"name":"wp","href":"https:\/\/api.w.org\/{rel}","templated":true}]}}