{"id":2047,"date":"2022-08-05T04:55:50","date_gmt":"2022-08-05T04:55:50","guid":{"rendered":"https:\/\/tijuana.com.uy\/index.php\/producto\/set-tostadora-de-madera\/"},"modified":"2022-10-21T20:06:48","modified_gmt":"2022-10-21T20:06:48","slug":"set-tostadora-de-madera","status":"publish","type":"product","link":"https:\/\/tijuana.com.uy\/?product=set-tostadora-de-madera","title":{"rendered":"SET TOSTADORA DE MADERA"},"content":{"rendered":"","protected":false},"excerpt":{"rendered":"<p>Incluye tostadora, 2 rebanadas de pan, un plato, un cuchillo y 3 piezas de mantequilla.<br \/>\nGire el interruptor para establecer la hora y el sonido del clic se siente como el real. Proporciona comprensi\u00f3n sobre como hacer tostadas, gu\u00eda a los ni\u00f1os y sus amigos para compartir y jugar, ayuda a desarrollar habilidades sociales.<br \/>\nUn maravilloso juguete interactivo para juegos de simulaci\u00f3n que inspira creatividad e imaginaci\u00f3n.<\/p>\n<p>Dimensiones: 15 x 9 x 10 cm.<br \/>\nEdad: +3 a\u00f1os.<\/p>\n","protected":false},"featured_media":2685,"template":"","meta":[],"product_brand":[],"product_cat":[26],"product_tag":[65,66,63],"class_list":{"0":"post-2047","1":"product","2":"type-product","3":"status-publish","4":"has-post-thumbnail","6":"product_cat-jugueteria","7":"product_tag-3-4anos","8":"product_tag-5-6anos","9":"product_tag-polar-b","11":"first","12":"instock","13":"taxable","14":"shipping-taxable","15":"purchasable","16":"product-type-simple"},"yoast_head":"<!-- This site is optimized with the Yoast SEO plugin v27.5 - https:\/\/yoast.com\/product\/yoast-seo-wordpress\/ -->\n<title>SET TOSTADORA DE MADERA - Tijuana<\/title>\n<meta name=\"description\" content=\"Gire el interruptor para establecer la hora y el sonido del clic se siente como el real. Proporciona comprensi\u00f3n sobre como hacer tostadas, gu\u00eda a los ni\u00f1os y sus amigos para compartir y jugar, ayuda a desarrollar habilidades sociales.\" \/>\n<meta name=\"robots\" content=\"index, follow, max-snippet:-1, max-image-preview:large, max-video-preview:-1\" \/>\n<link rel=\"canonical\" href=\"https:\/\/tijuana.com.uy\/?product=set-tostadora-de-madera\" \/>\n<meta property=\"og:locale\" content=\"es_ES\" \/>\n<meta property=\"og:type\" content=\"article\" \/>\n<meta property=\"og:title\" content=\"SET TOSTADORA DE MADERA - Tijuana\" \/>\n<meta property=\"og:description\" content=\"Gire el interruptor para establecer la hora y el sonido del clic se siente como el real. Proporciona comprensi\u00f3n sobre como hacer tostadas, gu\u00eda a los ni\u00f1os y sus amigos para compartir y jugar, ayuda a desarrollar habilidades sociales.\" \/>\n<meta property=\"og:url\" content=\"https:\/\/tijuana.com.uy\/?product=set-tostadora-de-madera\" \/>\n<meta property=\"og:site_name\" content=\"Tijuana\" \/>\n<meta property=\"article:modified_time\" content=\"2022-10-21T20:06:48+00:00\" \/>\n<meta property=\"og:image\" content=\"https:\/\/tijuana.com.uy\/wp-content\/uploads\/2022\/08\/D_NQ_NP_742650-MLU43078185143_082020-O.webp\" \/>\n\t<meta property=\"og:image:width\" content=\"500\" \/>\n\t<meta property=\"og:image:height\" content=\"391\" \/>\n\t<meta property=\"og:image:type\" content=\"image\/webp\" \/>\n<meta name=\"twitter:card\" content=\"summary_large_image\" \/>\n<script type=\"application\/ld+json\" class=\"yoast-schema-graph\">{\"@context\":\"https:\\\/\\\/schema.org\",\"@graph\":[{\"@type\":\"WebPage\",\"@id\":\"https:\\\/\\\/tijuana.com.uy\\\/?product=set-tostadora-de-madera\",\"url\":\"https:\\\/\\\/tijuana.com.uy\\\/?product=set-tostadora-de-madera\",\"name\":\"SET TOSTADORA DE MADERA - Tijuana\",\"isPartOf\":{\"@id\":\"https:\\\/\\\/tijuana.com.uy\\\/#website\"},\"primaryImageOfPage\":{\"@id\":\"https:\\\/\\\/tijuana.com.uy\\\/?product=set-tostadora-de-madera#primaryimage\"},\"image\":{\"@id\":\"https:\\\/\\\/tijuana.com.uy\\\/?product=set-tostadora-de-madera#primaryimage\"},\"thumbnailUrl\":\"https:\\\/\\\/tijuana.com.uy\\\/wp-content\\\/uploads\\\/2022\\\/08\\\/D_NQ_NP_742650-MLU43078185143_082020-O.webp\",\"datePublished\":\"2022-08-05T04:55:50+00:00\",\"dateModified\":\"2022-10-21T20:06:48+00:00\",\"description\":\"Gire el interruptor para establecer la hora y el sonido del clic se siente como el real. Proporciona comprensi\u00f3n sobre como hacer tostadas, gu\u00eda a los ni\u00f1os y sus amigos para compartir y jugar, ayuda a desarrollar habilidades sociales.\",\"breadcrumb\":{\"@id\":\"https:\\\/\\\/tijuana.com.uy\\\/?product=set-tostadora-de-madera#breadcrumb\"},\"inLanguage\":\"es\",\"potentialAction\":[{\"@type\":\"ReadAction\",\"target\":[\"https:\\\/\\\/tijuana.com.uy\\\/?product=set-tostadora-de-madera\"]}]},{\"@type\":\"ImageObject\",\"inLanguage\":\"es\",\"@id\":\"https:\\\/\\\/tijuana.com.uy\\\/?product=set-tostadora-de-madera#primaryimage\",\"url\":\"https:\\\/\\\/tijuana.com.uy\\\/wp-content\\\/uploads\\\/2022\\\/08\\\/D_NQ_NP_742650-MLU43078185143_082020-O.webp\",\"contentUrl\":\"https:\\\/\\\/tijuana.com.uy\\\/wp-content\\\/uploads\\\/2022\\\/08\\\/D_NQ_NP_742650-MLU43078185143_082020-O.webp\",\"width\":500,\"height\":391,\"caption\":\"SET TOSTADORA DE MADERA\"},{\"@type\":\"BreadcrumbList\",\"@id\":\"https:\\\/\\\/tijuana.com.uy\\\/?product=set-tostadora-de-madera#breadcrumb\",\"itemListElement\":[{\"@type\":\"ListItem\",\"position\":1,\"name\":\"Inicio\",\"item\":\"https:\\\/\\\/tijuana.com.uy\\\/\"},{\"@type\":\"ListItem\",\"position\":2,\"name\":\"Todos nuestros productos\",\"item\":\"https:\\\/\\\/tijuana.com.uy\\\/?page_id=365\"},{\"@type\":\"ListItem\",\"position\":3,\"name\":\"SET TOSTADORA DE MADERA\"}]},{\"@type\":\"WebSite\",\"@id\":\"https:\\\/\\\/tijuana.com.uy\\\/#website\",\"url\":\"https:\\\/\\\/tijuana.com.uy\\\/\",\"name\":\"Tijuana\",\"description\":\"Ecommerce Tijuana\",\"potentialAction\":[{\"@type\":\"SearchAction\",\"target\":{\"@type\":\"EntryPoint\",\"urlTemplate\":\"https:\\\/\\\/tijuana.com.uy\\\/?s={search_term_string}\"},\"query-input\":{\"@type\":\"PropertyValueSpecification\",\"valueRequired\":true,\"valueName\":\"search_term_string\"}}],\"inLanguage\":\"es\"}]}<\/script>\n<!-- \/ Yoast SEO plugin. -->","yoast_head_json":{"title":"SET TOSTADORA DE MADERA - Tijuana","description":"Gire el interruptor para establecer la hora y el sonido del clic se siente como el real. Proporciona comprensi\u00f3n sobre como hacer tostadas, gu\u00eda a los ni\u00f1os y sus amigos para compartir y jugar, ayuda a desarrollar habilidades sociales.","robots":{"index":"index","follow":"follow","max-snippet":"max-snippet:-1","max-image-preview":"max-image-preview:large","max-video-preview":"max-video-preview:-1"},"canonical":"https:\/\/tijuana.com.uy\/?product=set-tostadora-de-madera","og_locale":"es_ES","og_type":"article","og_title":"SET TOSTADORA DE MADERA - Tijuana","og_description":"Gire el interruptor para establecer la hora y el sonido del clic se siente como el real. Proporciona comprensi\u00f3n sobre como hacer tostadas, gu\u00eda a los ni\u00f1os y sus amigos para compartir y jugar, ayuda a desarrollar habilidades sociales.","og_url":"https:\/\/tijuana.com.uy\/?product=set-tostadora-de-madera","og_site_name":"Tijuana","article_modified_time":"2022-10-21T20:06:48+00:00","og_image":[{"width":500,"height":391,"url":"https:\/\/tijuana.com.uy\/wp-content\/uploads\/2022\/08\/D_NQ_NP_742650-MLU43078185143_082020-O.webp","type":"image\/webp"}],"twitter_card":"summary_large_image","schema":{"@context":"https:\/\/schema.org","@graph":[{"@type":"WebPage","@id":"https:\/\/tijuana.com.uy\/?product=set-tostadora-de-madera","url":"https:\/\/tijuana.com.uy\/?product=set-tostadora-de-madera","name":"SET TOSTADORA DE MADERA - Tijuana","isPartOf":{"@id":"https:\/\/tijuana.com.uy\/#website"},"primaryImageOfPage":{"@id":"https:\/\/tijuana.com.uy\/?product=set-tostadora-de-madera#primaryimage"},"image":{"@id":"https:\/\/tijuana.com.uy\/?product=set-tostadora-de-madera#primaryimage"},"thumbnailUrl":"https:\/\/tijuana.com.uy\/wp-content\/uploads\/2022\/08\/D_NQ_NP_742650-MLU43078185143_082020-O.webp","datePublished":"2022-08-05T04:55:50+00:00","dateModified":"2022-10-21T20:06:48+00:00","description":"Gire el interruptor para establecer la hora y el sonido del clic se siente como el real. Proporciona comprensi\u00f3n sobre como hacer tostadas, gu\u00eda a los ni\u00f1os y sus amigos para compartir y jugar, ayuda a desarrollar habilidades sociales.","breadcrumb":{"@id":"https:\/\/tijuana.com.uy\/?product=set-tostadora-de-madera#breadcrumb"},"inLanguage":"es","potentialAction":[{"@type":"ReadAction","target":["https:\/\/tijuana.com.uy\/?product=set-tostadora-de-madera"]}]},{"@type":"ImageObject","inLanguage":"es","@id":"https:\/\/tijuana.com.uy\/?product=set-tostadora-de-madera#primaryimage","url":"https:\/\/tijuana.com.uy\/wp-content\/uploads\/2022\/08\/D_NQ_NP_742650-MLU43078185143_082020-O.webp","contentUrl":"https:\/\/tijuana.com.uy\/wp-content\/uploads\/2022\/08\/D_NQ_NP_742650-MLU43078185143_082020-O.webp","width":500,"height":391,"caption":"SET TOSTADORA DE MADERA"},{"@type":"BreadcrumbList","@id":"https:\/\/tijuana.com.uy\/?product=set-tostadora-de-madera#breadcrumb","itemListElement":[{"@type":"ListItem","position":1,"name":"Inicio","item":"https:\/\/tijuana.com.uy\/"},{"@type":"ListItem","position":2,"name":"Todos nuestros productos","item":"https:\/\/tijuana.com.uy\/?page_id=365"},{"@type":"ListItem","position":3,"name":"SET TOSTADORA DE MADERA"}]},{"@type":"WebSite","@id":"https:\/\/tijuana.com.uy\/#website","url":"https:\/\/tijuana.com.uy\/","name":"Tijuana","description":"Ecommerce Tijuana","potentialAction":[{"@type":"SearchAction","target":{"@type":"EntryPoint","urlTemplate":"https:\/\/tijuana.com.uy\/?s={search_term_string}"},"query-input":{"@type":"PropertyValueSpecification","valueRequired":true,"valueName":"search_term_string"}}],"inLanguage":"es"}]}},"_links":{"self":[{"href":"https:\/\/tijuana.com.uy\/index.php?rest_route=\/wp\/v2\/product\/2047","targetHints":{"allow":["GET"]}}],"collection":[{"href":"https:\/\/tijuana.com.uy\/index.php?rest_route=\/wp\/v2\/product"}],"about":[{"href":"https:\/\/tijuana.com.uy\/index.php?rest_route=\/wp\/v2\/types\/product"}],"wp:featuredmedia":[{"embeddable":true,"href":"https:\/\/tijuana.com.uy\/index.php?rest_route=\/wp\/v2\/media\/2685"}],"wp:attachment":[{"href":"https:\/\/tijuana.com.uy\/index.php?rest_route=%2Fwp%2Fv2%2Fmedia&parent=2047"}],"wp:term":[{"taxonomy":"product_brand","embeddable":true,"href":"https:\/\/tijuana.com.uy\/index.php?rest_route=%2Fwp%2Fv2%2Fproduct_brand&post=2047"},{"taxonomy":"product_cat","embeddable":true,"href":"https:\/\/tijuana.com.uy\/index.php?rest_route=%2Fwp%2Fv2%2Fproduct_cat&post=2047"},{"taxonomy":"product_tag","embeddable":true,"href":"https:\/\/tijuana.com.uy\/index.php?rest_route=%2Fwp%2Fv2%2Fproduct_tag&post=2047"}],"curies":[{"name":"wp","href":"https:\/\/api.w.org\/{rel}","templated":true}]}}