{"id":2087,"date":"2022-08-05T04:58:13","date_gmt":"2022-08-05T04:58:13","guid":{"rendered":"https:\/\/tijuana.com.uy\/index.php\/producto\/poster-3d-len\/"},"modified":"2022-10-21T19:58:07","modified_gmt":"2022-10-21T19:58:07","slug":"poster-3d-len","status":"publish","type":"product","link":"https:\/\/tijuana.com.uy\/?product=poster-3d-len","title":{"rendered":"POSTER 3D LE\u00d3N"},"content":{"rendered":"","protected":false},"excerpt":{"rendered":"<p>Descubre este set para crear tu p\u00f3ster 3D del rey de la selva de Djeco. \u00a1Con trozos de papel coloridos previamente cortados, tan solo hay que seguir los pasos que se indican y obtendr\u00e1s un fant\u00e1stico p\u00f3ster 3D para tu habitaci\u00f3n! \u00a1Dobla el papel, ens\u00e1mblalo con otro de forma ingeniosa y ya tienes un le\u00f3n impresionante!<br \/>\nLa caja incluye un fondo de 45 x 39 cm, 8 tarjetas perfiladas para despegar y plegar, tiras autoadhesivas y un folleto explicativo paso a paso a color.<\/p>\n<p>Recomendado para ni\u00f1os a partir de los 8 a\u00f1os.<\/p>\n","protected":false},"featured_media":2382,"template":"","meta":[],"product_brand":[],"product_cat":[26],"product_tag":[67,66,34],"class_list":{"0":"post-2087","1":"product","2":"type-product","3":"status-publish","4":"has-post-thumbnail","6":"product_cat-jugueteria","7":"product_tag-7anos","8":"product_tag-5-6anos","9":"product_tag-djeco","11":"first","12":"instock","13":"taxable","14":"shipping-taxable","15":"purchasable","16":"product-type-simple"},"yoast_head":"<!-- This site is optimized with the Yoast SEO plugin v27.5 - https:\/\/yoast.com\/product\/yoast-seo-wordpress\/ -->\n<title>POSTER 3D LE\u00d3N - Tijuana<\/title>\n<meta name=\"description\" content=\"Descubre este set para crear tu p\u00f3ster 3D del rey de la selva de Djeco. \u00a1Con trozos de papel coloridos previamente cortados, tan solo hay que seguir los pasos que se indican y obtendr\u00e1s un fant\u00e1stico p\u00f3ster 3D para tu habitaci\u00f3n!\" \/>\n<meta name=\"robots\" content=\"index, follow, max-snippet:-1, max-image-preview:large, max-video-preview:-1\" \/>\n<link rel=\"canonical\" href=\"https:\/\/tijuana.com.uy\/?product=poster-3d-len\" \/>\n<meta property=\"og:locale\" content=\"es_ES\" \/>\n<meta property=\"og:type\" content=\"article\" \/>\n<meta property=\"og:title\" content=\"POSTER 3D LE\u00d3N - Tijuana\" \/>\n<meta property=\"og:description\" content=\"Descubre este set para crear tu p\u00f3ster 3D del rey de la selva de Djeco. \u00a1Con trozos de papel coloridos previamente cortados, tan solo hay que seguir los pasos que se indican y obtendr\u00e1s un fant\u00e1stico p\u00f3ster 3D para tu habitaci\u00f3n!\" \/>\n<meta property=\"og:url\" content=\"https:\/\/tijuana.com.uy\/?product=poster-3d-len\" \/>\n<meta property=\"og:site_name\" content=\"Tijuana\" \/>\n<meta property=\"article:modified_time\" content=\"2022-10-21T19:58:07+00:00\" \/>\n<meta property=\"og:image\" content=\"https:\/\/tijuana.com.uy\/wp-content\/uploads\/2022\/08\/D_NQ_NP_960421-MLU46890925192_072021-O.webp\" \/>\n\t<meta property=\"og:image:width\" content=\"500\" \/>\n\t<meta property=\"og:image:height\" content=\"398\" \/>\n\t<meta property=\"og:image:type\" content=\"image\/webp\" \/>\n<meta name=\"twitter:card\" content=\"summary_large_image\" \/>\n<script type=\"application\/ld+json\" class=\"yoast-schema-graph\">{\"@context\":\"https:\\\/\\\/schema.org\",\"@graph\":[{\"@type\":\"WebPage\",\"@id\":\"https:\\\/\\\/tijuana.com.uy\\\/?product=poster-3d-len\",\"url\":\"https:\\\/\\\/tijuana.com.uy\\\/?product=poster-3d-len\",\"name\":\"POSTER 3D LE\u00d3N - Tijuana\",\"isPartOf\":{\"@id\":\"https:\\\/\\\/tijuana.com.uy\\\/#website\"},\"primaryImageOfPage\":{\"@id\":\"https:\\\/\\\/tijuana.com.uy\\\/?product=poster-3d-len#primaryimage\"},\"image\":{\"@id\":\"https:\\\/\\\/tijuana.com.uy\\\/?product=poster-3d-len#primaryimage\"},\"thumbnailUrl\":\"https:\\\/\\\/tijuana.com.uy\\\/wp-content\\\/uploads\\\/2022\\\/08\\\/D_NQ_NP_960421-MLU46890925192_072021-O.webp\",\"datePublished\":\"2022-08-05T04:58:13+00:00\",\"dateModified\":\"2022-10-21T19:58:07+00:00\",\"description\":\"Descubre este set para crear tu p\u00f3ster 3D del rey de la selva de Djeco. \u00a1Con trozos de papel coloridos previamente cortados, tan solo hay que seguir los pasos que se indican y obtendr\u00e1s un fant\u00e1stico p\u00f3ster 3D para tu habitaci\u00f3n!\",\"breadcrumb\":{\"@id\":\"https:\\\/\\\/tijuana.com.uy\\\/?product=poster-3d-len#breadcrumb\"},\"inLanguage\":\"es\",\"potentialAction\":[{\"@type\":\"ReadAction\",\"target\":[\"https:\\\/\\\/tijuana.com.uy\\\/?product=poster-3d-len\"]}]},{\"@type\":\"ImageObject\",\"inLanguage\":\"es\",\"@id\":\"https:\\\/\\\/tijuana.com.uy\\\/?product=poster-3d-len#primaryimage\",\"url\":\"https:\\\/\\\/tijuana.com.uy\\\/wp-content\\\/uploads\\\/2022\\\/08\\\/D_NQ_NP_960421-MLU46890925192_072021-O.webp\",\"contentUrl\":\"https:\\\/\\\/tijuana.com.uy\\\/wp-content\\\/uploads\\\/2022\\\/08\\\/D_NQ_NP_960421-MLU46890925192_072021-O.webp\",\"width\":500,\"height\":398,\"caption\":\"POSTER 3D LE\u00d3N\"},{\"@type\":\"BreadcrumbList\",\"@id\":\"https:\\\/\\\/tijuana.com.uy\\\/?product=poster-3d-len#breadcrumb\",\"itemListElement\":[{\"@type\":\"ListItem\",\"position\":1,\"name\":\"Inicio\",\"item\":\"https:\\\/\\\/tijuana.com.uy\\\/\"},{\"@type\":\"ListItem\",\"position\":2,\"name\":\"Todos nuestros productos\",\"item\":\"https:\\\/\\\/tijuana.com.uy\\\/?page_id=365\"},{\"@type\":\"ListItem\",\"position\":3,\"name\":\"POSTER 3D LE\u00d3N\"}]},{\"@type\":\"WebSite\",\"@id\":\"https:\\\/\\\/tijuana.com.uy\\\/#website\",\"url\":\"https:\\\/\\\/tijuana.com.uy\\\/\",\"name\":\"Tijuana\",\"description\":\"Ecommerce Tijuana\",\"potentialAction\":[{\"@type\":\"SearchAction\",\"target\":{\"@type\":\"EntryPoint\",\"urlTemplate\":\"https:\\\/\\\/tijuana.com.uy\\\/?s={search_term_string}\"},\"query-input\":{\"@type\":\"PropertyValueSpecification\",\"valueRequired\":true,\"valueName\":\"search_term_string\"}}],\"inLanguage\":\"es\"}]}<\/script>\n<!-- \/ Yoast SEO plugin. -->","yoast_head_json":{"title":"POSTER 3D LE\u00d3N - Tijuana","description":"Descubre este set para crear tu p\u00f3ster 3D del rey de la selva de Djeco. \u00a1Con trozos de papel coloridos previamente cortados, tan solo hay que seguir los pasos que se indican y obtendr\u00e1s un fant\u00e1stico p\u00f3ster 3D para tu habitaci\u00f3n!","robots":{"index":"index","follow":"follow","max-snippet":"max-snippet:-1","max-image-preview":"max-image-preview:large","max-video-preview":"max-video-preview:-1"},"canonical":"https:\/\/tijuana.com.uy\/?product=poster-3d-len","og_locale":"es_ES","og_type":"article","og_title":"POSTER 3D LE\u00d3N - Tijuana","og_description":"Descubre este set para crear tu p\u00f3ster 3D del rey de la selva de Djeco. \u00a1Con trozos de papel coloridos previamente cortados, tan solo hay que seguir los pasos que se indican y obtendr\u00e1s un fant\u00e1stico p\u00f3ster 3D para tu habitaci\u00f3n!","og_url":"https:\/\/tijuana.com.uy\/?product=poster-3d-len","og_site_name":"Tijuana","article_modified_time":"2022-10-21T19:58:07+00:00","og_image":[{"width":500,"height":398,"url":"https:\/\/tijuana.com.uy\/wp-content\/uploads\/2022\/08\/D_NQ_NP_960421-MLU46890925192_072021-O.webp","type":"image\/webp"}],"twitter_card":"summary_large_image","schema":{"@context":"https:\/\/schema.org","@graph":[{"@type":"WebPage","@id":"https:\/\/tijuana.com.uy\/?product=poster-3d-len","url":"https:\/\/tijuana.com.uy\/?product=poster-3d-len","name":"POSTER 3D LE\u00d3N - Tijuana","isPartOf":{"@id":"https:\/\/tijuana.com.uy\/#website"},"primaryImageOfPage":{"@id":"https:\/\/tijuana.com.uy\/?product=poster-3d-len#primaryimage"},"image":{"@id":"https:\/\/tijuana.com.uy\/?product=poster-3d-len#primaryimage"},"thumbnailUrl":"https:\/\/tijuana.com.uy\/wp-content\/uploads\/2022\/08\/D_NQ_NP_960421-MLU46890925192_072021-O.webp","datePublished":"2022-08-05T04:58:13+00:00","dateModified":"2022-10-21T19:58:07+00:00","description":"Descubre este set para crear tu p\u00f3ster 3D del rey de la selva de Djeco. \u00a1Con trozos de papel coloridos previamente cortados, tan solo hay que seguir los pasos que se indican y obtendr\u00e1s un fant\u00e1stico p\u00f3ster 3D para tu habitaci\u00f3n!","breadcrumb":{"@id":"https:\/\/tijuana.com.uy\/?product=poster-3d-len#breadcrumb"},"inLanguage":"es","potentialAction":[{"@type":"ReadAction","target":["https:\/\/tijuana.com.uy\/?product=poster-3d-len"]}]},{"@type":"ImageObject","inLanguage":"es","@id":"https:\/\/tijuana.com.uy\/?product=poster-3d-len#primaryimage","url":"https:\/\/tijuana.com.uy\/wp-content\/uploads\/2022\/08\/D_NQ_NP_960421-MLU46890925192_072021-O.webp","contentUrl":"https:\/\/tijuana.com.uy\/wp-content\/uploads\/2022\/08\/D_NQ_NP_960421-MLU46890925192_072021-O.webp","width":500,"height":398,"caption":"POSTER 3D LE\u00d3N"},{"@type":"BreadcrumbList","@id":"https:\/\/tijuana.com.uy\/?product=poster-3d-len#breadcrumb","itemListElement":[{"@type":"ListItem","position":1,"name":"Inicio","item":"https:\/\/tijuana.com.uy\/"},{"@type":"ListItem","position":2,"name":"Todos nuestros productos","item":"https:\/\/tijuana.com.uy\/?page_id=365"},{"@type":"ListItem","position":3,"name":"POSTER 3D LE\u00d3N"}]},{"@type":"WebSite","@id":"https:\/\/tijuana.com.uy\/#website","url":"https:\/\/tijuana.com.uy\/","name":"Tijuana","description":"Ecommerce Tijuana","potentialAction":[{"@type":"SearchAction","target":{"@type":"EntryPoint","urlTemplate":"https:\/\/tijuana.com.uy\/?s={search_term_string}"},"query-input":{"@type":"PropertyValueSpecification","valueRequired":true,"valueName":"search_term_string"}}],"inLanguage":"es"}]}},"_links":{"self":[{"href":"https:\/\/tijuana.com.uy\/index.php?rest_route=\/wp\/v2\/product\/2087","targetHints":{"allow":["GET"]}}],"collection":[{"href":"https:\/\/tijuana.com.uy\/index.php?rest_route=\/wp\/v2\/product"}],"about":[{"href":"https:\/\/tijuana.com.uy\/index.php?rest_route=\/wp\/v2\/types\/product"}],"wp:featuredmedia":[{"embeddable":true,"href":"https:\/\/tijuana.com.uy\/index.php?rest_route=\/wp\/v2\/media\/2382"}],"wp:attachment":[{"href":"https:\/\/tijuana.com.uy\/index.php?rest_route=%2Fwp%2Fv2%2Fmedia&parent=2087"}],"wp:term":[{"taxonomy":"product_brand","embeddable":true,"href":"https:\/\/tijuana.com.uy\/index.php?rest_route=%2Fwp%2Fv2%2Fproduct_brand&post=2087"},{"taxonomy":"product_cat","embeddable":true,"href":"https:\/\/tijuana.com.uy\/index.php?rest_route=%2Fwp%2Fv2%2Fproduct_cat&post=2087"},{"taxonomy":"product_tag","embeddable":true,"href":"https:\/\/tijuana.com.uy\/index.php?rest_route=%2Fwp%2Fv2%2Fproduct_tag&post=2087"}],"curies":[{"name":"wp","href":"https:\/\/api.w.org\/{rel}","templated":true}]}}