{"id":2095,"date":"2022-08-05T04:58:43","date_gmt":"2022-08-05T04:58:43","guid":{"rendered":"https:\/\/tijuana.com.uy\/index.php\/producto\/parche-artstico-ocano\/"},"modified":"2022-09-28T19:18:10","modified_gmt":"2022-09-28T19:18:10","slug":"parche-artstico-ocano","status":"publish","type":"product","link":"https:\/\/tijuana.com.uy\/?product=parche-artstico-ocano","title":{"rendered":"PARCHE ART\u00cdSTICO &#8211; OC\u00c9ANO"},"content":{"rendered":"","protected":false},"excerpt":{"rendered":"<p>La colecci\u00f3n Artistic Patch de Djeco propone la creaci\u00f3n de hermosas y originales l\u00e1minas en dos pasos: aplica parches de pegamento m\u00e1gico a la tabla impresa y luego acent\u00faa con transferencias de purpurina, met\u00e1licas o terciopelo. Incluye 8 l\u00e1minas con distintos dibujos a transferir, 8 l\u00e1minas de colores met\u00e1licos y 12 l\u00e1minas ilustradas para decorar. Ayuda a desarrollar las habilidades motoras finas, la creatividad y la imaginaci\u00f3n, el dise\u00f1o y la composici\u00f3n y la narraci\u00f3n de cuentos; una gran actividad sin ensuciar, perfecta para viajar.<\/p>\n<p>Recomendado para ni\u00f1@s de entre 6-10 a\u00f1os.<\/p>\n","protected":false},"featured_media":2338,"template":"","meta":[],"product_brand":[],"product_cat":[26],"product_tag":[67,66,34],"class_list":{"0":"post-2095","1":"product","2":"type-product","3":"status-publish","4":"has-post-thumbnail","6":"product_cat-jugueteria","7":"product_tag-7anos","8":"product_tag-5-6anos","9":"product_tag-djeco","11":"first","12":"instock","13":"taxable","14":"shipping-taxable","15":"purchasable","16":"product-type-simple"},"yoast_head":"<!-- This site is optimized with the Yoast SEO plugin v27.5 - https:\/\/yoast.com\/product\/yoast-seo-wordpress\/ -->\n<title>PARCHE ART\u00cdSTICO - OC\u00c9ANO - Tijuana<\/title>\n<meta name=\"description\" content=\"La colecci\u00f3n Artistic Patch de Djeco propone la creaci\u00f3n de hermosas y originales l\u00e1minas en dos pasos: aplica parches de pegamento m\u00e1gico a la tabla impresa y luego acent\u00faa con transferencias de purpurina, met\u00e1licas o terciopelo.\" \/>\n<meta name=\"robots\" content=\"index, follow, max-snippet:-1, max-image-preview:large, max-video-preview:-1\" \/>\n<link rel=\"canonical\" href=\"https:\/\/tijuana.com.uy\/?product=parche-artstico-ocano\" \/>\n<meta property=\"og:locale\" content=\"es_ES\" \/>\n<meta property=\"og:type\" content=\"article\" \/>\n<meta property=\"og:title\" content=\"PARCHE ART\u00cdSTICO - OC\u00c9ANO - Tijuana\" \/>\n<meta property=\"og:description\" content=\"La colecci\u00f3n Artistic Patch de Djeco propone la creaci\u00f3n de hermosas y originales l\u00e1minas en dos pasos: aplica parches de pegamento m\u00e1gico a la tabla impresa y luego acent\u00faa con transferencias de purpurina, met\u00e1licas o terciopelo.\" \/>\n<meta property=\"og:url\" content=\"https:\/\/tijuana.com.uy\/?product=parche-artstico-ocano\" \/>\n<meta property=\"og:site_name\" content=\"Tijuana\" \/>\n<meta property=\"article:modified_time\" content=\"2022-09-28T19:18:10+00:00\" \/>\n<meta property=\"og:image\" content=\"https:\/\/tijuana.com.uy\/wp-content\/uploads\/2022\/08\/D_NQ_NP_604990-MLU43955784734_102020-O.webp\" \/>\n\t<meta property=\"og:image:width\" content=\"416\" \/>\n\t<meta property=\"og:image:height\" content=\"500\" \/>\n\t<meta property=\"og:image:type\" content=\"image\/webp\" \/>\n<meta name=\"twitter:card\" content=\"summary_large_image\" \/>\n<script type=\"application\/ld+json\" class=\"yoast-schema-graph\">{\"@context\":\"https:\\\/\\\/schema.org\",\"@graph\":[{\"@type\":\"WebPage\",\"@id\":\"https:\\\/\\\/tijuana.com.uy\\\/?product=parche-artstico-ocano\",\"url\":\"https:\\\/\\\/tijuana.com.uy\\\/?product=parche-artstico-ocano\",\"name\":\"PARCHE ART\u00cdSTICO - OC\u00c9ANO - Tijuana\",\"isPartOf\":{\"@id\":\"https:\\\/\\\/tijuana.com.uy\\\/#website\"},\"primaryImageOfPage\":{\"@id\":\"https:\\\/\\\/tijuana.com.uy\\\/?product=parche-artstico-ocano#primaryimage\"},\"image\":{\"@id\":\"https:\\\/\\\/tijuana.com.uy\\\/?product=parche-artstico-ocano#primaryimage\"},\"thumbnailUrl\":\"https:\\\/\\\/tijuana.com.uy\\\/wp-content\\\/uploads\\\/2022\\\/08\\\/D_NQ_NP_604990-MLU43955784734_102020-O.webp\",\"datePublished\":\"2022-08-05T04:58:43+00:00\",\"dateModified\":\"2022-09-28T19:18:10+00:00\",\"description\":\"La colecci\u00f3n Artistic Patch de Djeco propone la creaci\u00f3n de hermosas y originales l\u00e1minas en dos pasos: aplica parches de pegamento m\u00e1gico a la tabla impresa y luego acent\u00faa con transferencias de purpurina, met\u00e1licas o terciopelo.\",\"breadcrumb\":{\"@id\":\"https:\\\/\\\/tijuana.com.uy\\\/?product=parche-artstico-ocano#breadcrumb\"},\"inLanguage\":\"es\",\"potentialAction\":[{\"@type\":\"ReadAction\",\"target\":[\"https:\\\/\\\/tijuana.com.uy\\\/?product=parche-artstico-ocano\"]}]},{\"@type\":\"ImageObject\",\"inLanguage\":\"es\",\"@id\":\"https:\\\/\\\/tijuana.com.uy\\\/?product=parche-artstico-ocano#primaryimage\",\"url\":\"https:\\\/\\\/tijuana.com.uy\\\/wp-content\\\/uploads\\\/2022\\\/08\\\/D_NQ_NP_604990-MLU43955784734_102020-O.webp\",\"contentUrl\":\"https:\\\/\\\/tijuana.com.uy\\\/wp-content\\\/uploads\\\/2022\\\/08\\\/D_NQ_NP_604990-MLU43955784734_102020-O.webp\",\"width\":416,\"height\":500,\"caption\":\"PARCHE ART\u00cdSTICO - OC\u00c9ANO\"},{\"@type\":\"BreadcrumbList\",\"@id\":\"https:\\\/\\\/tijuana.com.uy\\\/?product=parche-artstico-ocano#breadcrumb\",\"itemListElement\":[{\"@type\":\"ListItem\",\"position\":1,\"name\":\"Inicio\",\"item\":\"https:\\\/\\\/tijuana.com.uy\\\/\"},{\"@type\":\"ListItem\",\"position\":2,\"name\":\"Todos nuestros productos\",\"item\":\"https:\\\/\\\/tijuana.com.uy\\\/?page_id=365\"},{\"@type\":\"ListItem\",\"position\":3,\"name\":\"PARCHE ART\u00cdSTICO &#8211; OC\u00c9ANO\"}]},{\"@type\":\"WebSite\",\"@id\":\"https:\\\/\\\/tijuana.com.uy\\\/#website\",\"url\":\"https:\\\/\\\/tijuana.com.uy\\\/\",\"name\":\"Tijuana\",\"description\":\"Ecommerce Tijuana\",\"potentialAction\":[{\"@type\":\"SearchAction\",\"target\":{\"@type\":\"EntryPoint\",\"urlTemplate\":\"https:\\\/\\\/tijuana.com.uy\\\/?s={search_term_string}\"},\"query-input\":{\"@type\":\"PropertyValueSpecification\",\"valueRequired\":true,\"valueName\":\"search_term_string\"}}],\"inLanguage\":\"es\"}]}<\/script>\n<!-- \/ Yoast SEO plugin. -->","yoast_head_json":{"title":"PARCHE ART\u00cdSTICO - OC\u00c9ANO - Tijuana","description":"La colecci\u00f3n Artistic Patch de Djeco propone la creaci\u00f3n de hermosas y originales l\u00e1minas en dos pasos: aplica parches de pegamento m\u00e1gico a la tabla impresa y luego acent\u00faa con transferencias de purpurina, met\u00e1licas o terciopelo.","robots":{"index":"index","follow":"follow","max-snippet":"max-snippet:-1","max-image-preview":"max-image-preview:large","max-video-preview":"max-video-preview:-1"},"canonical":"https:\/\/tijuana.com.uy\/?product=parche-artstico-ocano","og_locale":"es_ES","og_type":"article","og_title":"PARCHE ART\u00cdSTICO - OC\u00c9ANO - Tijuana","og_description":"La colecci\u00f3n Artistic Patch de Djeco propone la creaci\u00f3n de hermosas y originales l\u00e1minas en dos pasos: aplica parches de pegamento m\u00e1gico a la tabla impresa y luego acent\u00faa con transferencias de purpurina, met\u00e1licas o terciopelo.","og_url":"https:\/\/tijuana.com.uy\/?product=parche-artstico-ocano","og_site_name":"Tijuana","article_modified_time":"2022-09-28T19:18:10+00:00","og_image":[{"width":416,"height":500,"url":"https:\/\/tijuana.com.uy\/wp-content\/uploads\/2022\/08\/D_NQ_NP_604990-MLU43955784734_102020-O.webp","type":"image\/webp"}],"twitter_card":"summary_large_image","schema":{"@context":"https:\/\/schema.org","@graph":[{"@type":"WebPage","@id":"https:\/\/tijuana.com.uy\/?product=parche-artstico-ocano","url":"https:\/\/tijuana.com.uy\/?product=parche-artstico-ocano","name":"PARCHE ART\u00cdSTICO - OC\u00c9ANO - Tijuana","isPartOf":{"@id":"https:\/\/tijuana.com.uy\/#website"},"primaryImageOfPage":{"@id":"https:\/\/tijuana.com.uy\/?product=parche-artstico-ocano#primaryimage"},"image":{"@id":"https:\/\/tijuana.com.uy\/?product=parche-artstico-ocano#primaryimage"},"thumbnailUrl":"https:\/\/tijuana.com.uy\/wp-content\/uploads\/2022\/08\/D_NQ_NP_604990-MLU43955784734_102020-O.webp","datePublished":"2022-08-05T04:58:43+00:00","dateModified":"2022-09-28T19:18:10+00:00","description":"La colecci\u00f3n Artistic Patch de Djeco propone la creaci\u00f3n de hermosas y originales l\u00e1minas en dos pasos: aplica parches de pegamento m\u00e1gico a la tabla impresa y luego acent\u00faa con transferencias de purpurina, met\u00e1licas o terciopelo.","breadcrumb":{"@id":"https:\/\/tijuana.com.uy\/?product=parche-artstico-ocano#breadcrumb"},"inLanguage":"es","potentialAction":[{"@type":"ReadAction","target":["https:\/\/tijuana.com.uy\/?product=parche-artstico-ocano"]}]},{"@type":"ImageObject","inLanguage":"es","@id":"https:\/\/tijuana.com.uy\/?product=parche-artstico-ocano#primaryimage","url":"https:\/\/tijuana.com.uy\/wp-content\/uploads\/2022\/08\/D_NQ_NP_604990-MLU43955784734_102020-O.webp","contentUrl":"https:\/\/tijuana.com.uy\/wp-content\/uploads\/2022\/08\/D_NQ_NP_604990-MLU43955784734_102020-O.webp","width":416,"height":500,"caption":"PARCHE ART\u00cdSTICO - OC\u00c9ANO"},{"@type":"BreadcrumbList","@id":"https:\/\/tijuana.com.uy\/?product=parche-artstico-ocano#breadcrumb","itemListElement":[{"@type":"ListItem","position":1,"name":"Inicio","item":"https:\/\/tijuana.com.uy\/"},{"@type":"ListItem","position":2,"name":"Todos nuestros productos","item":"https:\/\/tijuana.com.uy\/?page_id=365"},{"@type":"ListItem","position":3,"name":"PARCHE ART\u00cdSTICO &#8211; OC\u00c9ANO"}]},{"@type":"WebSite","@id":"https:\/\/tijuana.com.uy\/#website","url":"https:\/\/tijuana.com.uy\/","name":"Tijuana","description":"Ecommerce Tijuana","potentialAction":[{"@type":"SearchAction","target":{"@type":"EntryPoint","urlTemplate":"https:\/\/tijuana.com.uy\/?s={search_term_string}"},"query-input":{"@type":"PropertyValueSpecification","valueRequired":true,"valueName":"search_term_string"}}],"inLanguage":"es"}]}},"_links":{"self":[{"href":"https:\/\/tijuana.com.uy\/index.php?rest_route=\/wp\/v2\/product\/2095","targetHints":{"allow":["GET"]}}],"collection":[{"href":"https:\/\/tijuana.com.uy\/index.php?rest_route=\/wp\/v2\/product"}],"about":[{"href":"https:\/\/tijuana.com.uy\/index.php?rest_route=\/wp\/v2\/types\/product"}],"wp:featuredmedia":[{"embeddable":true,"href":"https:\/\/tijuana.com.uy\/index.php?rest_route=\/wp\/v2\/media\/2338"}],"wp:attachment":[{"href":"https:\/\/tijuana.com.uy\/index.php?rest_route=%2Fwp%2Fv2%2Fmedia&parent=2095"}],"wp:term":[{"taxonomy":"product_brand","embeddable":true,"href":"https:\/\/tijuana.com.uy\/index.php?rest_route=%2Fwp%2Fv2%2Fproduct_brand&post=2095"},{"taxonomy":"product_cat","embeddable":true,"href":"https:\/\/tijuana.com.uy\/index.php?rest_route=%2Fwp%2Fv2%2Fproduct_cat&post=2095"},{"taxonomy":"product_tag","embeddable":true,"href":"https:\/\/tijuana.com.uy\/index.php?rest_route=%2Fwp%2Fv2%2Fproduct_tag&post=2095"}],"curies":[{"name":"wp","href":"https:\/\/api.w.org\/{rel}","templated":true}]}}