{"id":3003,"date":"2022-11-26T00:58:02","date_gmt":"2022-11-26T00:58:02","guid":{"rendered":"https:\/\/tijuana.com.uy\/?post_type=product&#038;p=3003"},"modified":"2022-11-26T00:58:04","modified_gmt":"2022-11-26T00:58:04","slug":"reloj-despertador-djeco","status":"publish","type":"product","link":"https:\/\/tijuana.com.uy\/?product=reloj-despertador-djeco","title":{"rendered":"RELOJ DESPERTADOR DJECO"},"content":{"rendered":"","protected":false},"excerpt":{"rendered":"<p>Los ni\u00f1os se divertir\u00e1n mientras aprenden a decir la hora con este despertador.<br \/>\nCaracter\u00edsticas del despertador: Un bot\u00f3n de luz para que los ni\u00f1os puedan ver la hora en la oscuridad de la noche, visualizaci\u00f3n de horas y minutos, movimiento de cuarzo silencioso.<br \/>\nRequiere una bater\u00eda AA, no incluida.<br \/>\nEl producto est\u00e1 fabricado con madera, pl\u00e1stico y metal.<\/p>\n<p>Recomendado a partir de 6 a\u00f1os.<br \/>\nTama\u00f1o: 8,5 cm. x 13,5 cm. x 4 cm.<\/p>\n","protected":false},"featured_media":3004,"template":"","meta":[],"product_brand":[],"product_cat":[26],"product_tag":[67,66,34],"class_list":{"0":"post-3003","1":"product","2":"type-product","3":"status-publish","4":"has-post-thumbnail","6":"product_cat-jugueteria","7":"product_tag-7anos","8":"product_tag-5-6anos","9":"product_tag-djeco","11":"first","12":"instock","13":"taxable","14":"shipping-taxable","15":"purchasable","16":"product-type-simple"},"yoast_head":"<!-- This site is optimized with the Yoast SEO plugin v27.5 - https:\/\/yoast.com\/product\/yoast-seo-wordpress\/ -->\n<title>RELOJ DESPERTADOR DJECO - Tijuana<\/title>\n<meta name=\"description\" content=\"Los ni\u00f1os se divertir\u00e1n mientras aprenden a decir la hora con este despertador. El producto est\u00e1 fabricado con madera, pl\u00e1stico y metal.\" \/>\n<meta name=\"robots\" content=\"index, follow, max-snippet:-1, max-image-preview:large, max-video-preview:-1\" \/>\n<link rel=\"canonical\" href=\"https:\/\/tijuana.com.uy\/?product=reloj-despertador-djeco\" \/>\n<meta property=\"og:locale\" content=\"es_ES\" \/>\n<meta property=\"og:type\" content=\"article\" \/>\n<meta property=\"og:title\" content=\"RELOJ DESPERTADOR DJECO - Tijuana\" \/>\n<meta property=\"og:description\" content=\"Los ni\u00f1os se divertir\u00e1n mientras aprenden a decir la hora con este despertador. El producto est\u00e1 fabricado con madera, pl\u00e1stico y metal.\" \/>\n<meta property=\"og:url\" content=\"https:\/\/tijuana.com.uy\/?product=reloj-despertador-djeco\" \/>\n<meta property=\"og:site_name\" content=\"Tijuana\" \/>\n<meta property=\"article:modified_time\" content=\"2022-11-26T00:58:04+00:00\" \/>\n<meta property=\"og:image\" content=\"https:\/\/tijuana.com.uy\/wp-content\/uploads\/2022\/11\/D_NQ_NP_743064-MLU51166701452_082022-O.webp\" \/>\n\t<meta property=\"og:image:width\" content=\"429\" \/>\n\t<meta property=\"og:image:height\" content=\"500\" \/>\n\t<meta property=\"og:image:type\" content=\"image\/webp\" \/>\n<meta name=\"twitter:card\" content=\"summary_large_image\" \/>\n<script type=\"application\/ld+json\" class=\"yoast-schema-graph\">{\"@context\":\"https:\\\/\\\/schema.org\",\"@graph\":[{\"@type\":\"WebPage\",\"@id\":\"https:\\\/\\\/tijuana.com.uy\\\/?product=reloj-despertador-djeco\",\"url\":\"https:\\\/\\\/tijuana.com.uy\\\/?product=reloj-despertador-djeco\",\"name\":\"RELOJ DESPERTADOR DJECO - Tijuana\",\"isPartOf\":{\"@id\":\"https:\\\/\\\/tijuana.com.uy\\\/#website\"},\"primaryImageOfPage\":{\"@id\":\"https:\\\/\\\/tijuana.com.uy\\\/?product=reloj-despertador-djeco#primaryimage\"},\"image\":{\"@id\":\"https:\\\/\\\/tijuana.com.uy\\\/?product=reloj-despertador-djeco#primaryimage\"},\"thumbnailUrl\":\"https:\\\/\\\/tijuana.com.uy\\\/wp-content\\\/uploads\\\/2022\\\/11\\\/D_NQ_NP_743064-MLU51166701452_082022-O.webp\",\"datePublished\":\"2022-11-26T00:58:02+00:00\",\"dateModified\":\"2022-11-26T00:58:04+00:00\",\"description\":\"Los ni\u00f1os se divertir\u00e1n mientras aprenden a decir la hora con este despertador. El producto est\u00e1 fabricado con madera, pl\u00e1stico y metal.\",\"breadcrumb\":{\"@id\":\"https:\\\/\\\/tijuana.com.uy\\\/?product=reloj-despertador-djeco#breadcrumb\"},\"inLanguage\":\"es\",\"potentialAction\":[{\"@type\":\"ReadAction\",\"target\":[\"https:\\\/\\\/tijuana.com.uy\\\/?product=reloj-despertador-djeco\"]}]},{\"@type\":\"ImageObject\",\"inLanguage\":\"es\",\"@id\":\"https:\\\/\\\/tijuana.com.uy\\\/?product=reloj-despertador-djeco#primaryimage\",\"url\":\"https:\\\/\\\/tijuana.com.uy\\\/wp-content\\\/uploads\\\/2022\\\/11\\\/D_NQ_NP_743064-MLU51166701452_082022-O.webp\",\"contentUrl\":\"https:\\\/\\\/tijuana.com.uy\\\/wp-content\\\/uploads\\\/2022\\\/11\\\/D_NQ_NP_743064-MLU51166701452_082022-O.webp\",\"width\":429,\"height\":500,\"caption\":\"RELOJ DESPERTADOR DJECO\"},{\"@type\":\"BreadcrumbList\",\"@id\":\"https:\\\/\\\/tijuana.com.uy\\\/?product=reloj-despertador-djeco#breadcrumb\",\"itemListElement\":[{\"@type\":\"ListItem\",\"position\":1,\"name\":\"Inicio\",\"item\":\"https:\\\/\\\/tijuana.com.uy\\\/\"},{\"@type\":\"ListItem\",\"position\":2,\"name\":\"Todos nuestros productos\",\"item\":\"https:\\\/\\\/tijuana.com.uy\\\/?page_id=365\"},{\"@type\":\"ListItem\",\"position\":3,\"name\":\"RELOJ DESPERTADOR DJECO\"}]},{\"@type\":\"WebSite\",\"@id\":\"https:\\\/\\\/tijuana.com.uy\\\/#website\",\"url\":\"https:\\\/\\\/tijuana.com.uy\\\/\",\"name\":\"Tijuana\",\"description\":\"Ecommerce Tijuana\",\"potentialAction\":[{\"@type\":\"SearchAction\",\"target\":{\"@type\":\"EntryPoint\",\"urlTemplate\":\"https:\\\/\\\/tijuana.com.uy\\\/?s={search_term_string}\"},\"query-input\":{\"@type\":\"PropertyValueSpecification\",\"valueRequired\":true,\"valueName\":\"search_term_string\"}}],\"inLanguage\":\"es\"}]}<\/script>\n<!-- \/ Yoast SEO plugin. -->","yoast_head_json":{"title":"RELOJ DESPERTADOR DJECO - Tijuana","description":"Los ni\u00f1os se divertir\u00e1n mientras aprenden a decir la hora con este despertador. El producto est\u00e1 fabricado con madera, pl\u00e1stico y metal.","robots":{"index":"index","follow":"follow","max-snippet":"max-snippet:-1","max-image-preview":"max-image-preview:large","max-video-preview":"max-video-preview:-1"},"canonical":"https:\/\/tijuana.com.uy\/?product=reloj-despertador-djeco","og_locale":"es_ES","og_type":"article","og_title":"RELOJ DESPERTADOR DJECO - Tijuana","og_description":"Los ni\u00f1os se divertir\u00e1n mientras aprenden a decir la hora con este despertador. El producto est\u00e1 fabricado con madera, pl\u00e1stico y metal.","og_url":"https:\/\/tijuana.com.uy\/?product=reloj-despertador-djeco","og_site_name":"Tijuana","article_modified_time":"2022-11-26T00:58:04+00:00","og_image":[{"width":429,"height":500,"url":"https:\/\/tijuana.com.uy\/wp-content\/uploads\/2022\/11\/D_NQ_NP_743064-MLU51166701452_082022-O.webp","type":"image\/webp"}],"twitter_card":"summary_large_image","schema":{"@context":"https:\/\/schema.org","@graph":[{"@type":"WebPage","@id":"https:\/\/tijuana.com.uy\/?product=reloj-despertador-djeco","url":"https:\/\/tijuana.com.uy\/?product=reloj-despertador-djeco","name":"RELOJ DESPERTADOR DJECO - Tijuana","isPartOf":{"@id":"https:\/\/tijuana.com.uy\/#website"},"primaryImageOfPage":{"@id":"https:\/\/tijuana.com.uy\/?product=reloj-despertador-djeco#primaryimage"},"image":{"@id":"https:\/\/tijuana.com.uy\/?product=reloj-despertador-djeco#primaryimage"},"thumbnailUrl":"https:\/\/tijuana.com.uy\/wp-content\/uploads\/2022\/11\/D_NQ_NP_743064-MLU51166701452_082022-O.webp","datePublished":"2022-11-26T00:58:02+00:00","dateModified":"2022-11-26T00:58:04+00:00","description":"Los ni\u00f1os se divertir\u00e1n mientras aprenden a decir la hora con este despertador. El producto est\u00e1 fabricado con madera, pl\u00e1stico y metal.","breadcrumb":{"@id":"https:\/\/tijuana.com.uy\/?product=reloj-despertador-djeco#breadcrumb"},"inLanguage":"es","potentialAction":[{"@type":"ReadAction","target":["https:\/\/tijuana.com.uy\/?product=reloj-despertador-djeco"]}]},{"@type":"ImageObject","inLanguage":"es","@id":"https:\/\/tijuana.com.uy\/?product=reloj-despertador-djeco#primaryimage","url":"https:\/\/tijuana.com.uy\/wp-content\/uploads\/2022\/11\/D_NQ_NP_743064-MLU51166701452_082022-O.webp","contentUrl":"https:\/\/tijuana.com.uy\/wp-content\/uploads\/2022\/11\/D_NQ_NP_743064-MLU51166701452_082022-O.webp","width":429,"height":500,"caption":"RELOJ DESPERTADOR DJECO"},{"@type":"BreadcrumbList","@id":"https:\/\/tijuana.com.uy\/?product=reloj-despertador-djeco#breadcrumb","itemListElement":[{"@type":"ListItem","position":1,"name":"Inicio","item":"https:\/\/tijuana.com.uy\/"},{"@type":"ListItem","position":2,"name":"Todos nuestros productos","item":"https:\/\/tijuana.com.uy\/?page_id=365"},{"@type":"ListItem","position":3,"name":"RELOJ DESPERTADOR DJECO"}]},{"@type":"WebSite","@id":"https:\/\/tijuana.com.uy\/#website","url":"https:\/\/tijuana.com.uy\/","name":"Tijuana","description":"Ecommerce Tijuana","potentialAction":[{"@type":"SearchAction","target":{"@type":"EntryPoint","urlTemplate":"https:\/\/tijuana.com.uy\/?s={search_term_string}"},"query-input":{"@type":"PropertyValueSpecification","valueRequired":true,"valueName":"search_term_string"}}],"inLanguage":"es"}]}},"_links":{"self":[{"href":"https:\/\/tijuana.com.uy\/index.php?rest_route=\/wp\/v2\/product\/3003","targetHints":{"allow":["GET"]}}],"collection":[{"href":"https:\/\/tijuana.com.uy\/index.php?rest_route=\/wp\/v2\/product"}],"about":[{"href":"https:\/\/tijuana.com.uy\/index.php?rest_route=\/wp\/v2\/types\/product"}],"wp:featuredmedia":[{"embeddable":true,"href":"https:\/\/tijuana.com.uy\/index.php?rest_route=\/wp\/v2\/media\/3004"}],"wp:attachment":[{"href":"https:\/\/tijuana.com.uy\/index.php?rest_route=%2Fwp%2Fv2%2Fmedia&parent=3003"}],"wp:term":[{"taxonomy":"product_brand","embeddable":true,"href":"https:\/\/tijuana.com.uy\/index.php?rest_route=%2Fwp%2Fv2%2Fproduct_brand&post=3003"},{"taxonomy":"product_cat","embeddable":true,"href":"https:\/\/tijuana.com.uy\/index.php?rest_route=%2Fwp%2Fv2%2Fproduct_cat&post=3003"},{"taxonomy":"product_tag","embeddable":true,"href":"https:\/\/tijuana.com.uy\/index.php?rest_route=%2Fwp%2Fv2%2Fproduct_tag&post=3003"}],"curies":[{"name":"wp","href":"https:\/\/api.w.org\/{rel}","templated":true}]}}