{"id":3151,"date":"2023-02-11T17:20:15","date_gmt":"2023-02-11T17:20:15","guid":{"rendered":"https:\/\/tijuana.com.uy\/?post_type=product&#038;p=3151"},"modified":"2024-09-05T13:48:29","modified_gmt":"2024-09-05T16:48:29","slug":"lapices-de-colores-giotto-x24","status":"publish","type":"product","link":"https:\/\/tijuana.com.uy\/?product=lapices-de-colores-giotto-x24","title":{"rendered":"L\u00c1PICES DE COLORES GIOTTO x24"},"content":{"rendered":"","protected":false},"excerpt":{"rendered":"<p>24 L\u00e1pices de colores Giotto Colors 3.0. Toda la calidad de Giotto en un l\u00e1piz hexagonal de f\u00e1cil afilado con una mina de 3,0 mm.<\/p>\n","protected":false},"featured_media":3152,"template":"","meta":[],"product_brand":[],"product_cat":[58,159,25],"product_tag":[75,78,74,80,76],"class_list":{"0":"post-3151","1":"product","2":"type-product","3":"status-publish","4":"has-post-thumbnail","6":"product_cat-escolares","7":"product_cat-lapices","8":"product_cat-papeleria","9":"product_tag-escolar","10":"product_tag-escolares","11":"product_tag-giotto","12":"product_tag-lapices","13":"product_tag-papeleria","15":"first","16":"outofstock","17":"taxable","18":"shipping-taxable","19":"purchasable","20":"product-type-simple"},"yoast_head":"<!-- This site is optimized with the Yoast SEO plugin v27.5 - https:\/\/yoast.com\/product\/yoast-seo-wordpress\/ -->\n<title>L\u00c1PICES DE COLORES GIOTTO x24 - Tijuana<\/title>\n<meta name=\"description\" content=\"24 L\u00e1pices de colores Giotto Colors 3.0. Toda la calidad de Giotto en un l\u00e1piz hexagonal de f\u00e1cil afilado con una mina de 3,0 mm.\u00a0\" \/>\n<meta name=\"robots\" content=\"index, follow, max-snippet:-1, max-image-preview:large, max-video-preview:-1\" \/>\n<link rel=\"canonical\" href=\"https:\/\/tijuana.com.uy\/?product=lapices-de-colores-giotto-x24\" \/>\n<meta property=\"og:locale\" content=\"es_ES\" \/>\n<meta property=\"og:type\" content=\"article\" \/>\n<meta property=\"og:title\" content=\"L\u00c1PICES DE COLORES GIOTTO x24 - Tijuana\" \/>\n<meta property=\"og:description\" content=\"24 L\u00e1pices de colores Giotto Colors 3.0. Toda la calidad de Giotto en un l\u00e1piz hexagonal de f\u00e1cil afilado con una mina de 3,0 mm.\u00a0\" \/>\n<meta property=\"og:url\" content=\"https:\/\/tijuana.com.uy\/?product=lapices-de-colores-giotto-x24\" \/>\n<meta property=\"og:site_name\" content=\"Tijuana\" \/>\n<meta property=\"article:modified_time\" content=\"2024-09-05T16:48:29+00:00\" \/>\n<meta property=\"og:image\" content=\"https:\/\/tijuana.com.uy\/wp-content\/uploads\/2023\/02\/giotto-colors-x-241-0d4523e3a73a7e809c16697415200559-480-0.jpg\" \/>\n\t<meta property=\"og:image:width\" content=\"480\" \/>\n\t<meta property=\"og:image:height\" content=\"480\" \/>\n\t<meta property=\"og:image:type\" content=\"image\/jpeg\" \/>\n<meta name=\"twitter:card\" content=\"summary_large_image\" \/>\n<script type=\"application\/ld+json\" class=\"yoast-schema-graph\">{\"@context\":\"https:\\\/\\\/schema.org\",\"@graph\":[{\"@type\":\"WebPage\",\"@id\":\"https:\\\/\\\/tijuana.com.uy\\\/?product=lapices-de-colores-giotto-x24\",\"url\":\"https:\\\/\\\/tijuana.com.uy\\\/?product=lapices-de-colores-giotto-x24\",\"name\":\"L\u00c1PICES DE COLORES GIOTTO x24 - Tijuana\",\"isPartOf\":{\"@id\":\"https:\\\/\\\/tijuana.com.uy\\\/#website\"},\"primaryImageOfPage\":{\"@id\":\"https:\\\/\\\/tijuana.com.uy\\\/?product=lapices-de-colores-giotto-x24#primaryimage\"},\"image\":{\"@id\":\"https:\\\/\\\/tijuana.com.uy\\\/?product=lapices-de-colores-giotto-x24#primaryimage\"},\"thumbnailUrl\":\"https:\\\/\\\/tijuana.com.uy\\\/wp-content\\\/uploads\\\/2023\\\/02\\\/giotto-colors-x-241-0d4523e3a73a7e809c16697415200559-480-0.jpg\",\"datePublished\":\"2023-02-11T17:20:15+00:00\",\"dateModified\":\"2024-09-05T16:48:29+00:00\",\"description\":\"24 L\u00e1pices de colores Giotto Colors 3.0. Toda la calidad de Giotto en un l\u00e1piz hexagonal de f\u00e1cil afilado con una mina de 3,0 mm.\u00a0\",\"breadcrumb\":{\"@id\":\"https:\\\/\\\/tijuana.com.uy\\\/?product=lapices-de-colores-giotto-x24#breadcrumb\"},\"inLanguage\":\"es\",\"potentialAction\":[{\"@type\":\"ReadAction\",\"target\":[\"https:\\\/\\\/tijuana.com.uy\\\/?product=lapices-de-colores-giotto-x24\"]}]},{\"@type\":\"ImageObject\",\"inLanguage\":\"es\",\"@id\":\"https:\\\/\\\/tijuana.com.uy\\\/?product=lapices-de-colores-giotto-x24#primaryimage\",\"url\":\"https:\\\/\\\/tijuana.com.uy\\\/wp-content\\\/uploads\\\/2023\\\/02\\\/giotto-colors-x-241-0d4523e3a73a7e809c16697415200559-480-0.jpg\",\"contentUrl\":\"https:\\\/\\\/tijuana.com.uy\\\/wp-content\\\/uploads\\\/2023\\\/02\\\/giotto-colors-x-241-0d4523e3a73a7e809c16697415200559-480-0.jpg\",\"width\":480,\"height\":480,\"caption\":\"24 L\u00e1pices de colores Giotto Colors 3.0.\"},{\"@type\":\"BreadcrumbList\",\"@id\":\"https:\\\/\\\/tijuana.com.uy\\\/?product=lapices-de-colores-giotto-x24#breadcrumb\",\"itemListElement\":[{\"@type\":\"ListItem\",\"position\":1,\"name\":\"Inicio\",\"item\":\"https:\\\/\\\/tijuana.com.uy\\\/\"},{\"@type\":\"ListItem\",\"position\":2,\"name\":\"Todos nuestros productos\",\"item\":\"https:\\\/\\\/tijuana.com.uy\\\/?page_id=365\"},{\"@type\":\"ListItem\",\"position\":3,\"name\":\"L\u00c1PICES DE COLORES GIOTTO x24\"}]},{\"@type\":\"WebSite\",\"@id\":\"https:\\\/\\\/tijuana.com.uy\\\/#website\",\"url\":\"https:\\\/\\\/tijuana.com.uy\\\/\",\"name\":\"Tijuana\",\"description\":\"Ecommerce Tijuana\",\"potentialAction\":[{\"@type\":\"SearchAction\",\"target\":{\"@type\":\"EntryPoint\",\"urlTemplate\":\"https:\\\/\\\/tijuana.com.uy\\\/?s={search_term_string}\"},\"query-input\":{\"@type\":\"PropertyValueSpecification\",\"valueRequired\":true,\"valueName\":\"search_term_string\"}}],\"inLanguage\":\"es\"}]}<\/script>\n<!-- \/ Yoast SEO plugin. -->","yoast_head_json":{"title":"L\u00c1PICES DE COLORES GIOTTO x24 - Tijuana","description":"24 L\u00e1pices de colores Giotto Colors 3.0. Toda la calidad de Giotto en un l\u00e1piz hexagonal de f\u00e1cil afilado con una mina de 3,0 mm.\u00a0","robots":{"index":"index","follow":"follow","max-snippet":"max-snippet:-1","max-image-preview":"max-image-preview:large","max-video-preview":"max-video-preview:-1"},"canonical":"https:\/\/tijuana.com.uy\/?product=lapices-de-colores-giotto-x24","og_locale":"es_ES","og_type":"article","og_title":"L\u00c1PICES DE COLORES GIOTTO x24 - Tijuana","og_description":"24 L\u00e1pices de colores Giotto Colors 3.0. Toda la calidad de Giotto en un l\u00e1piz hexagonal de f\u00e1cil afilado con una mina de 3,0 mm.\u00a0","og_url":"https:\/\/tijuana.com.uy\/?product=lapices-de-colores-giotto-x24","og_site_name":"Tijuana","article_modified_time":"2024-09-05T16:48:29+00:00","og_image":[{"width":480,"height":480,"url":"https:\/\/tijuana.com.uy\/wp-content\/uploads\/2023\/02\/giotto-colors-x-241-0d4523e3a73a7e809c16697415200559-480-0.jpg","type":"image\/jpeg"}],"twitter_card":"summary_large_image","schema":{"@context":"https:\/\/schema.org","@graph":[{"@type":"WebPage","@id":"https:\/\/tijuana.com.uy\/?product=lapices-de-colores-giotto-x24","url":"https:\/\/tijuana.com.uy\/?product=lapices-de-colores-giotto-x24","name":"L\u00c1PICES DE COLORES GIOTTO x24 - Tijuana","isPartOf":{"@id":"https:\/\/tijuana.com.uy\/#website"},"primaryImageOfPage":{"@id":"https:\/\/tijuana.com.uy\/?product=lapices-de-colores-giotto-x24#primaryimage"},"image":{"@id":"https:\/\/tijuana.com.uy\/?product=lapices-de-colores-giotto-x24#primaryimage"},"thumbnailUrl":"https:\/\/tijuana.com.uy\/wp-content\/uploads\/2023\/02\/giotto-colors-x-241-0d4523e3a73a7e809c16697415200559-480-0.jpg","datePublished":"2023-02-11T17:20:15+00:00","dateModified":"2024-09-05T16:48:29+00:00","description":"24 L\u00e1pices de colores Giotto Colors 3.0. Toda la calidad de Giotto en un l\u00e1piz hexagonal de f\u00e1cil afilado con una mina de 3,0 mm.\u00a0","breadcrumb":{"@id":"https:\/\/tijuana.com.uy\/?product=lapices-de-colores-giotto-x24#breadcrumb"},"inLanguage":"es","potentialAction":[{"@type":"ReadAction","target":["https:\/\/tijuana.com.uy\/?product=lapices-de-colores-giotto-x24"]}]},{"@type":"ImageObject","inLanguage":"es","@id":"https:\/\/tijuana.com.uy\/?product=lapices-de-colores-giotto-x24#primaryimage","url":"https:\/\/tijuana.com.uy\/wp-content\/uploads\/2023\/02\/giotto-colors-x-241-0d4523e3a73a7e809c16697415200559-480-0.jpg","contentUrl":"https:\/\/tijuana.com.uy\/wp-content\/uploads\/2023\/02\/giotto-colors-x-241-0d4523e3a73a7e809c16697415200559-480-0.jpg","width":480,"height":480,"caption":"24 L\u00e1pices de colores Giotto Colors 3.0."},{"@type":"BreadcrumbList","@id":"https:\/\/tijuana.com.uy\/?product=lapices-de-colores-giotto-x24#breadcrumb","itemListElement":[{"@type":"ListItem","position":1,"name":"Inicio","item":"https:\/\/tijuana.com.uy\/"},{"@type":"ListItem","position":2,"name":"Todos nuestros productos","item":"https:\/\/tijuana.com.uy\/?page_id=365"},{"@type":"ListItem","position":3,"name":"L\u00c1PICES DE COLORES GIOTTO x24"}]},{"@type":"WebSite","@id":"https:\/\/tijuana.com.uy\/#website","url":"https:\/\/tijuana.com.uy\/","name":"Tijuana","description":"Ecommerce Tijuana","potentialAction":[{"@type":"SearchAction","target":{"@type":"EntryPoint","urlTemplate":"https:\/\/tijuana.com.uy\/?s={search_term_string}"},"query-input":{"@type":"PropertyValueSpecification","valueRequired":true,"valueName":"search_term_string"}}],"inLanguage":"es"}]}},"_links":{"self":[{"href":"https:\/\/tijuana.com.uy\/index.php?rest_route=\/wp\/v2\/product\/3151","targetHints":{"allow":["GET"]}}],"collection":[{"href":"https:\/\/tijuana.com.uy\/index.php?rest_route=\/wp\/v2\/product"}],"about":[{"href":"https:\/\/tijuana.com.uy\/index.php?rest_route=\/wp\/v2\/types\/product"}],"wp:featuredmedia":[{"embeddable":true,"href":"https:\/\/tijuana.com.uy\/index.php?rest_route=\/wp\/v2\/media\/3152"}],"wp:attachment":[{"href":"https:\/\/tijuana.com.uy\/index.php?rest_route=%2Fwp%2Fv2%2Fmedia&parent=3151"}],"wp:term":[{"taxonomy":"product_brand","embeddable":true,"href":"https:\/\/tijuana.com.uy\/index.php?rest_route=%2Fwp%2Fv2%2Fproduct_brand&post=3151"},{"taxonomy":"product_cat","embeddable":true,"href":"https:\/\/tijuana.com.uy\/index.php?rest_route=%2Fwp%2Fv2%2Fproduct_cat&post=3151"},{"taxonomy":"product_tag","embeddable":true,"href":"https:\/\/tijuana.com.uy\/index.php?rest_route=%2Fwp%2Fv2%2Fproduct_tag&post=3151"}],"curies":[{"name":"wp","href":"https:\/\/api.w.org\/{rel}","templated":true}]}}