{"id":3422,"date":"2023-02-17T19:17:49","date_gmt":"2023-02-17T19:17:49","guid":{"rendered":"https:\/\/tijuana.com.uy\/?post_type=product&#038;p=3422"},"modified":"2024-09-05T13:25:27","modified_gmt":"2024-09-05T16:25:27","slug":"acuarelas-giotto-x24","status":"publish","type":"product","link":"https:\/\/tijuana.com.uy\/?product=acuarelas-giotto-x24","title":{"rendered":"ACUARELAS GIOTTO x24"},"content":{"rendered":"","protected":false},"excerpt":{"rendered":"<p>Pastillas de acuarela Giotto de colores luminosos, intensos y cubrientes. Di\u00e1metro de 30 mm. Dise\u00f1o y f\u00f3rmula mejoradas y estuches m\u00e1s funcionales para facilitar su uso. La forma de la nueva pastilla de acuarela evita la dispersi\u00f3n del agua. Nuevos colores m\u00e1s ricos en pigmentos, que se mantienen mejor una vez secos. Disponibles en 24 colores. Los estuches incluyen un pincel sint\u00e9tico n\u00ba3.<br \/>\nRecomendado para ni\u00f1os a partir de 3 a\u00f1os<\/p>\n","protected":false},"featured_media":3423,"template":"","meta":[],"product_brand":[],"product_cat":[166,58,25],"product_tag":[87,74],"class_list":{"0":"post-3422","1":"product","2":"type-product","3":"status-publish","4":"has-post-thumbnail","6":"product_cat-dibujo","7":"product_cat-escolares","8":"product_cat-papeleria","9":"product_tag-acuarela","10":"product_tag-giotto","12":"first","13":"instock","14":"taxable","15":"shipping-taxable","16":"purchasable","17":"product-type-simple"},"yoast_head":"<!-- This site is optimized with the Yoast SEO plugin v27.5 - https:\/\/yoast.com\/product\/yoast-seo-wordpress\/ -->\n<title>ACUARELAS GIOTTO x24 - Tijuana<\/title>\n<meta name=\"description\" content=\"Pastillas de acuarela Giotto de colores luminosos, intensos y cubrientes. Di\u00e1metro de 30 mm. Dise\u00f1o y f\u00f3rmula mejoradas y estuches m\u00e1s funcionales.\" \/>\n<meta name=\"robots\" content=\"index, follow, max-snippet:-1, max-image-preview:large, max-video-preview:-1\" \/>\n<link rel=\"canonical\" href=\"https:\/\/tijuana.com.uy\/?product=acuarelas-giotto-x24\" \/>\n<meta property=\"og:locale\" content=\"es_ES\" \/>\n<meta property=\"og:type\" content=\"article\" \/>\n<meta property=\"og:title\" content=\"ACUARELAS GIOTTO x24 - Tijuana\" \/>\n<meta property=\"og:description\" content=\"Pastillas de acuarela Giotto de colores luminosos, intensos y cubrientes. Di\u00e1metro de 30 mm. Dise\u00f1o y f\u00f3rmula mejoradas y estuches m\u00e1s funcionales.\" \/>\n<meta property=\"og:url\" content=\"https:\/\/tijuana.com.uy\/?product=acuarelas-giotto-x24\" \/>\n<meta property=\"og:site_name\" content=\"Tijuana\" \/>\n<meta property=\"article:modified_time\" content=\"2024-09-05T16:25:27+00:00\" \/>\n<meta property=\"og:image\" content=\"https:\/\/tijuana.com.uy\/wp-content\/uploads\/2023\/02\/Giotto_acquarelli_x24_cerrada_.jpg\" \/>\n\t<meta property=\"og:image:width\" content=\"1200\" \/>\n\t<meta property=\"og:image:height\" content=\"1200\" \/>\n\t<meta property=\"og:image:type\" content=\"image\/jpeg\" \/>\n<meta name=\"twitter:card\" content=\"summary_large_image\" \/>\n<script type=\"application\/ld+json\" class=\"yoast-schema-graph\">{\"@context\":\"https:\\\/\\\/schema.org\",\"@graph\":[{\"@type\":\"WebPage\",\"@id\":\"https:\\\/\\\/tijuana.com.uy\\\/?product=acuarelas-giotto-x24\",\"url\":\"https:\\\/\\\/tijuana.com.uy\\\/?product=acuarelas-giotto-x24\",\"name\":\"ACUARELAS GIOTTO x24 - Tijuana\",\"isPartOf\":{\"@id\":\"https:\\\/\\\/tijuana.com.uy\\\/#website\"},\"primaryImageOfPage\":{\"@id\":\"https:\\\/\\\/tijuana.com.uy\\\/?product=acuarelas-giotto-x24#primaryimage\"},\"image\":{\"@id\":\"https:\\\/\\\/tijuana.com.uy\\\/?product=acuarelas-giotto-x24#primaryimage\"},\"thumbnailUrl\":\"https:\\\/\\\/tijuana.com.uy\\\/wp-content\\\/uploads\\\/2023\\\/02\\\/Giotto_acquarelli_x24_cerrada_.jpg\",\"datePublished\":\"2023-02-17T19:17:49+00:00\",\"dateModified\":\"2024-09-05T16:25:27+00:00\",\"description\":\"Pastillas de acuarela Giotto de colores luminosos, intensos y cubrientes. Di\u00e1metro de 30 mm. Dise\u00f1o y f\u00f3rmula mejoradas y estuches m\u00e1s funcionales.\",\"breadcrumb\":{\"@id\":\"https:\\\/\\\/tijuana.com.uy\\\/?product=acuarelas-giotto-x24#breadcrumb\"},\"inLanguage\":\"es\",\"potentialAction\":[{\"@type\":\"ReadAction\",\"target\":[\"https:\\\/\\\/tijuana.com.uy\\\/?product=acuarelas-giotto-x24\"]}]},{\"@type\":\"ImageObject\",\"inLanguage\":\"es\",\"@id\":\"https:\\\/\\\/tijuana.com.uy\\\/?product=acuarelas-giotto-x24#primaryimage\",\"url\":\"https:\\\/\\\/tijuana.com.uy\\\/wp-content\\\/uploads\\\/2023\\\/02\\\/Giotto_acquarelli_x24_cerrada_.jpg\",\"contentUrl\":\"https:\\\/\\\/tijuana.com.uy\\\/wp-content\\\/uploads\\\/2023\\\/02\\\/Giotto_acquarelli_x24_cerrada_.jpg\",\"width\":1200,\"height\":1200,\"caption\":\"acuarelas giotto 24\"},{\"@type\":\"BreadcrumbList\",\"@id\":\"https:\\\/\\\/tijuana.com.uy\\\/?product=acuarelas-giotto-x24#breadcrumb\",\"itemListElement\":[{\"@type\":\"ListItem\",\"position\":1,\"name\":\"Inicio\",\"item\":\"https:\\\/\\\/tijuana.com.uy\\\/\"},{\"@type\":\"ListItem\",\"position\":2,\"name\":\"Todos nuestros productos\",\"item\":\"https:\\\/\\\/tijuana.com.uy\\\/?page_id=365\"},{\"@type\":\"ListItem\",\"position\":3,\"name\":\"ACUARELAS GIOTTO x24\"}]},{\"@type\":\"WebSite\",\"@id\":\"https:\\\/\\\/tijuana.com.uy\\\/#website\",\"url\":\"https:\\\/\\\/tijuana.com.uy\\\/\",\"name\":\"Tijuana\",\"description\":\"Ecommerce Tijuana\",\"potentialAction\":[{\"@type\":\"SearchAction\",\"target\":{\"@type\":\"EntryPoint\",\"urlTemplate\":\"https:\\\/\\\/tijuana.com.uy\\\/?s={search_term_string}\"},\"query-input\":{\"@type\":\"PropertyValueSpecification\",\"valueRequired\":true,\"valueName\":\"search_term_string\"}}],\"inLanguage\":\"es\"}]}<\/script>\n<!-- \/ Yoast SEO plugin. -->","yoast_head_json":{"title":"ACUARELAS GIOTTO x24 - Tijuana","description":"Pastillas de acuarela Giotto de colores luminosos, intensos y cubrientes. Di\u00e1metro de 30 mm. Dise\u00f1o y f\u00f3rmula mejoradas y estuches m\u00e1s funcionales.","robots":{"index":"index","follow":"follow","max-snippet":"max-snippet:-1","max-image-preview":"max-image-preview:large","max-video-preview":"max-video-preview:-1"},"canonical":"https:\/\/tijuana.com.uy\/?product=acuarelas-giotto-x24","og_locale":"es_ES","og_type":"article","og_title":"ACUARELAS GIOTTO x24 - Tijuana","og_description":"Pastillas de acuarela Giotto de colores luminosos, intensos y cubrientes. Di\u00e1metro de 30 mm. Dise\u00f1o y f\u00f3rmula mejoradas y estuches m\u00e1s funcionales.","og_url":"https:\/\/tijuana.com.uy\/?product=acuarelas-giotto-x24","og_site_name":"Tijuana","article_modified_time":"2024-09-05T16:25:27+00:00","og_image":[{"width":1200,"height":1200,"url":"https:\/\/tijuana.com.uy\/wp-content\/uploads\/2023\/02\/Giotto_acquarelli_x24_cerrada_.jpg","type":"image\/jpeg"}],"twitter_card":"summary_large_image","schema":{"@context":"https:\/\/schema.org","@graph":[{"@type":"WebPage","@id":"https:\/\/tijuana.com.uy\/?product=acuarelas-giotto-x24","url":"https:\/\/tijuana.com.uy\/?product=acuarelas-giotto-x24","name":"ACUARELAS GIOTTO x24 - Tijuana","isPartOf":{"@id":"https:\/\/tijuana.com.uy\/#website"},"primaryImageOfPage":{"@id":"https:\/\/tijuana.com.uy\/?product=acuarelas-giotto-x24#primaryimage"},"image":{"@id":"https:\/\/tijuana.com.uy\/?product=acuarelas-giotto-x24#primaryimage"},"thumbnailUrl":"https:\/\/tijuana.com.uy\/wp-content\/uploads\/2023\/02\/Giotto_acquarelli_x24_cerrada_.jpg","datePublished":"2023-02-17T19:17:49+00:00","dateModified":"2024-09-05T16:25:27+00:00","description":"Pastillas de acuarela Giotto de colores luminosos, intensos y cubrientes. Di\u00e1metro de 30 mm. Dise\u00f1o y f\u00f3rmula mejoradas y estuches m\u00e1s funcionales.","breadcrumb":{"@id":"https:\/\/tijuana.com.uy\/?product=acuarelas-giotto-x24#breadcrumb"},"inLanguage":"es","potentialAction":[{"@type":"ReadAction","target":["https:\/\/tijuana.com.uy\/?product=acuarelas-giotto-x24"]}]},{"@type":"ImageObject","inLanguage":"es","@id":"https:\/\/tijuana.com.uy\/?product=acuarelas-giotto-x24#primaryimage","url":"https:\/\/tijuana.com.uy\/wp-content\/uploads\/2023\/02\/Giotto_acquarelli_x24_cerrada_.jpg","contentUrl":"https:\/\/tijuana.com.uy\/wp-content\/uploads\/2023\/02\/Giotto_acquarelli_x24_cerrada_.jpg","width":1200,"height":1200,"caption":"acuarelas giotto 24"},{"@type":"BreadcrumbList","@id":"https:\/\/tijuana.com.uy\/?product=acuarelas-giotto-x24#breadcrumb","itemListElement":[{"@type":"ListItem","position":1,"name":"Inicio","item":"https:\/\/tijuana.com.uy\/"},{"@type":"ListItem","position":2,"name":"Todos nuestros productos","item":"https:\/\/tijuana.com.uy\/?page_id=365"},{"@type":"ListItem","position":3,"name":"ACUARELAS GIOTTO x24"}]},{"@type":"WebSite","@id":"https:\/\/tijuana.com.uy\/#website","url":"https:\/\/tijuana.com.uy\/","name":"Tijuana","description":"Ecommerce Tijuana","potentialAction":[{"@type":"SearchAction","target":{"@type":"EntryPoint","urlTemplate":"https:\/\/tijuana.com.uy\/?s={search_term_string}"},"query-input":{"@type":"PropertyValueSpecification","valueRequired":true,"valueName":"search_term_string"}}],"inLanguage":"es"}]}},"_links":{"self":[{"href":"https:\/\/tijuana.com.uy\/index.php?rest_route=\/wp\/v2\/product\/3422","targetHints":{"allow":["GET"]}}],"collection":[{"href":"https:\/\/tijuana.com.uy\/index.php?rest_route=\/wp\/v2\/product"}],"about":[{"href":"https:\/\/tijuana.com.uy\/index.php?rest_route=\/wp\/v2\/types\/product"}],"wp:featuredmedia":[{"embeddable":true,"href":"https:\/\/tijuana.com.uy\/index.php?rest_route=\/wp\/v2\/media\/3423"}],"wp:attachment":[{"href":"https:\/\/tijuana.com.uy\/index.php?rest_route=%2Fwp%2Fv2%2Fmedia&parent=3422"}],"wp:term":[{"taxonomy":"product_brand","embeddable":true,"href":"https:\/\/tijuana.com.uy\/index.php?rest_route=%2Fwp%2Fv2%2Fproduct_brand&post=3422"},{"taxonomy":"product_cat","embeddable":true,"href":"https:\/\/tijuana.com.uy\/index.php?rest_route=%2Fwp%2Fv2%2Fproduct_cat&post=3422"},{"taxonomy":"product_tag","embeddable":true,"href":"https:\/\/tijuana.com.uy\/index.php?rest_route=%2Fwp%2Fv2%2Fproduct_tag&post=3422"}],"curies":[{"name":"wp","href":"https:\/\/api.w.org\/{rel}","templated":true}]}}