{"id":3435,"date":"2023-02-17T19:48:27","date_gmt":"2023-02-17T19:48:27","guid":{"rendered":"https:\/\/tijuana.com.uy\/?post_type=product&#038;p=3435"},"modified":"2023-02-24T22:01:10","modified_gmt":"2023-02-24T22:01:10","slug":"artiset-giotto","status":"publish","type":"product","link":"https:\/\/tijuana.com.uy\/?product=artiset-giotto","title":{"rendered":"ARTISET GIOTTO"},"content":{"rendered":"","protected":false},"excerpt":{"rendered":"<p>ArtiSet es el nuevo set de iniciaci\u00f3n en t\u00e9cnicas h\u00famedas de pintura con videotutoriales del paso a paso. Todo lo que necesitas para acercarte al mundo del dibujo y la pintura con la gama de pinturas Giotto T\u00e9mpera en tubo, pinceles, accesorios, los l\u00e1pices de colores acuarelables Giotto Stilnovo Acquarell y los l\u00e1pices de colores Giotto Stilnovo Bicolor.<\/p>\n<p>El Set Contiene:<br \/>\n30 Lapices Acuarelables<br \/>\n22 Tubos de Tempera<br \/>\n6 Lapices Bicolor<br \/>\n2 Mezcladores<br \/>\n1 Sacapuntas<br \/>\n2 Pinceles<br \/>\n2 Grafitos<\/p>\n","protected":false},"featured_media":3438,"template":"","meta":[],"product_brand":[],"product_cat":[166,58,158,25],"product_tag":[74],"class_list":{"0":"post-3435","1":"product","2":"type-product","3":"status-publish","4":"has-post-thumbnail","6":"product_cat-dibujo","7":"product_cat-escolares","8":"product_cat-marcadores-papeleria","9":"product_cat-papeleria","10":"product_tag-giotto","12":"first","13":"instock","14":"taxable","15":"shipping-taxable","16":"purchasable","17":"product-type-simple"},"yoast_head":"<!-- This site is optimized with the Yoast SEO plugin v27.5 - https:\/\/yoast.com\/product\/yoast-seo-wordpress\/ -->\n<title>ARTISET GIOTTO - Tijuana<\/title>\n<meta name=\"description\" content=\"ArtiSet es el nuevo set de iniciaci\u00f3n en t\u00e9cnicas h\u00famedas de pintura con videotutoriales del paso a paso. Todo lo que necesitas para acercarte al mundo del dibujo y la pintura.\" \/>\n<meta name=\"robots\" content=\"index, follow, max-snippet:-1, max-image-preview:large, max-video-preview:-1\" \/>\n<link rel=\"canonical\" href=\"https:\/\/tijuana.com.uy\/?product=artiset-giotto\" \/>\n<meta property=\"og:locale\" content=\"es_ES\" \/>\n<meta property=\"og:type\" content=\"article\" \/>\n<meta property=\"og:title\" content=\"ARTISET GIOTTO - Tijuana\" \/>\n<meta property=\"og:description\" content=\"ArtiSet es el nuevo set de iniciaci\u00f3n en t\u00e9cnicas h\u00famedas de pintura con videotutoriales del paso a paso. Todo lo que necesitas para acercarte al mundo del dibujo y la pintura.\" \/>\n<meta property=\"og:url\" content=\"https:\/\/tijuana.com.uy\/?product=artiset-giotto\" \/>\n<meta property=\"og:site_name\" content=\"Tijuana\" \/>\n<meta property=\"article:modified_time\" content=\"2023-02-24T22:01:10+00:00\" \/>\n<meta property=\"og:image\" content=\"https:\/\/tijuana.com.uy\/wp-content\/uploads\/2023\/02\/WhatsApp-Image-2023-02-17-at-16.47.38.jpeg\" \/>\n\t<meta property=\"og:image:width\" content=\"640\" \/>\n\t<meta property=\"og:image:height\" content=\"640\" \/>\n\t<meta property=\"og:image:type\" content=\"image\/jpeg\" \/>\n<meta name=\"twitter:card\" content=\"summary_large_image\" \/>\n<script type=\"application\/ld+json\" class=\"yoast-schema-graph\">{\"@context\":\"https:\\\/\\\/schema.org\",\"@graph\":[{\"@type\":\"WebPage\",\"@id\":\"https:\\\/\\\/tijuana.com.uy\\\/?product=artiset-giotto\",\"url\":\"https:\\\/\\\/tijuana.com.uy\\\/?product=artiset-giotto\",\"name\":\"ARTISET GIOTTO - Tijuana\",\"isPartOf\":{\"@id\":\"https:\\\/\\\/tijuana.com.uy\\\/#website\"},\"primaryImageOfPage\":{\"@id\":\"https:\\\/\\\/tijuana.com.uy\\\/?product=artiset-giotto#primaryimage\"},\"image\":{\"@id\":\"https:\\\/\\\/tijuana.com.uy\\\/?product=artiset-giotto#primaryimage\"},\"thumbnailUrl\":\"https:\\\/\\\/tijuana.com.uy\\\/wp-content\\\/uploads\\\/2023\\\/02\\\/WhatsApp-Image-2023-02-17-at-16.47.38.jpeg\",\"datePublished\":\"2023-02-17T19:48:27+00:00\",\"dateModified\":\"2023-02-24T22:01:10+00:00\",\"description\":\"ArtiSet es el nuevo set de iniciaci\u00f3n en t\u00e9cnicas h\u00famedas de pintura con videotutoriales del paso a paso. Todo lo que necesitas para acercarte al mundo del dibujo y la pintura.\",\"breadcrumb\":{\"@id\":\"https:\\\/\\\/tijuana.com.uy\\\/?product=artiset-giotto#breadcrumb\"},\"inLanguage\":\"es\",\"potentialAction\":[{\"@type\":\"ReadAction\",\"target\":[\"https:\\\/\\\/tijuana.com.uy\\\/?product=artiset-giotto\"]}]},{\"@type\":\"ImageObject\",\"inLanguage\":\"es\",\"@id\":\"https:\\\/\\\/tijuana.com.uy\\\/?product=artiset-giotto#primaryimage\",\"url\":\"https:\\\/\\\/tijuana.com.uy\\\/wp-content\\\/uploads\\\/2023\\\/02\\\/WhatsApp-Image-2023-02-17-at-16.47.38.jpeg\",\"contentUrl\":\"https:\\\/\\\/tijuana.com.uy\\\/wp-content\\\/uploads\\\/2023\\\/02\\\/WhatsApp-Image-2023-02-17-at-16.47.38.jpeg\",\"width\":640,\"height\":640,\"caption\":\"ARTISET GIOTTO\"},{\"@type\":\"BreadcrumbList\",\"@id\":\"https:\\\/\\\/tijuana.com.uy\\\/?product=artiset-giotto#breadcrumb\",\"itemListElement\":[{\"@type\":\"ListItem\",\"position\":1,\"name\":\"Inicio\",\"item\":\"https:\\\/\\\/tijuana.com.uy\\\/\"},{\"@type\":\"ListItem\",\"position\":2,\"name\":\"Todos nuestros productos\",\"item\":\"https:\\\/\\\/tijuana.com.uy\\\/?page_id=365\"},{\"@type\":\"ListItem\",\"position\":3,\"name\":\"ARTISET GIOTTO\"}]},{\"@type\":\"WebSite\",\"@id\":\"https:\\\/\\\/tijuana.com.uy\\\/#website\",\"url\":\"https:\\\/\\\/tijuana.com.uy\\\/\",\"name\":\"Tijuana\",\"description\":\"Ecommerce Tijuana\",\"potentialAction\":[{\"@type\":\"SearchAction\",\"target\":{\"@type\":\"EntryPoint\",\"urlTemplate\":\"https:\\\/\\\/tijuana.com.uy\\\/?s={search_term_string}\"},\"query-input\":{\"@type\":\"PropertyValueSpecification\",\"valueRequired\":true,\"valueName\":\"search_term_string\"}}],\"inLanguage\":\"es\"}]}<\/script>\n<!-- \/ Yoast SEO plugin. -->","yoast_head_json":{"title":"ARTISET GIOTTO - Tijuana","description":"ArtiSet es el nuevo set de iniciaci\u00f3n en t\u00e9cnicas h\u00famedas de pintura con videotutoriales del paso a paso. Todo lo que necesitas para acercarte al mundo del dibujo y la pintura.","robots":{"index":"index","follow":"follow","max-snippet":"max-snippet:-1","max-image-preview":"max-image-preview:large","max-video-preview":"max-video-preview:-1"},"canonical":"https:\/\/tijuana.com.uy\/?product=artiset-giotto","og_locale":"es_ES","og_type":"article","og_title":"ARTISET GIOTTO - Tijuana","og_description":"ArtiSet es el nuevo set de iniciaci\u00f3n en t\u00e9cnicas h\u00famedas de pintura con videotutoriales del paso a paso. Todo lo que necesitas para acercarte al mundo del dibujo y la pintura.","og_url":"https:\/\/tijuana.com.uy\/?product=artiset-giotto","og_site_name":"Tijuana","article_modified_time":"2023-02-24T22:01:10+00:00","og_image":[{"width":640,"height":640,"url":"https:\/\/tijuana.com.uy\/wp-content\/uploads\/2023\/02\/WhatsApp-Image-2023-02-17-at-16.47.38.jpeg","type":"image\/jpeg"}],"twitter_card":"summary_large_image","schema":{"@context":"https:\/\/schema.org","@graph":[{"@type":"WebPage","@id":"https:\/\/tijuana.com.uy\/?product=artiset-giotto","url":"https:\/\/tijuana.com.uy\/?product=artiset-giotto","name":"ARTISET GIOTTO - Tijuana","isPartOf":{"@id":"https:\/\/tijuana.com.uy\/#website"},"primaryImageOfPage":{"@id":"https:\/\/tijuana.com.uy\/?product=artiset-giotto#primaryimage"},"image":{"@id":"https:\/\/tijuana.com.uy\/?product=artiset-giotto#primaryimage"},"thumbnailUrl":"https:\/\/tijuana.com.uy\/wp-content\/uploads\/2023\/02\/WhatsApp-Image-2023-02-17-at-16.47.38.jpeg","datePublished":"2023-02-17T19:48:27+00:00","dateModified":"2023-02-24T22:01:10+00:00","description":"ArtiSet es el nuevo set de iniciaci\u00f3n en t\u00e9cnicas h\u00famedas de pintura con videotutoriales del paso a paso. Todo lo que necesitas para acercarte al mundo del dibujo y la pintura.","breadcrumb":{"@id":"https:\/\/tijuana.com.uy\/?product=artiset-giotto#breadcrumb"},"inLanguage":"es","potentialAction":[{"@type":"ReadAction","target":["https:\/\/tijuana.com.uy\/?product=artiset-giotto"]}]},{"@type":"ImageObject","inLanguage":"es","@id":"https:\/\/tijuana.com.uy\/?product=artiset-giotto#primaryimage","url":"https:\/\/tijuana.com.uy\/wp-content\/uploads\/2023\/02\/WhatsApp-Image-2023-02-17-at-16.47.38.jpeg","contentUrl":"https:\/\/tijuana.com.uy\/wp-content\/uploads\/2023\/02\/WhatsApp-Image-2023-02-17-at-16.47.38.jpeg","width":640,"height":640,"caption":"ARTISET GIOTTO"},{"@type":"BreadcrumbList","@id":"https:\/\/tijuana.com.uy\/?product=artiset-giotto#breadcrumb","itemListElement":[{"@type":"ListItem","position":1,"name":"Inicio","item":"https:\/\/tijuana.com.uy\/"},{"@type":"ListItem","position":2,"name":"Todos nuestros productos","item":"https:\/\/tijuana.com.uy\/?page_id=365"},{"@type":"ListItem","position":3,"name":"ARTISET GIOTTO"}]},{"@type":"WebSite","@id":"https:\/\/tijuana.com.uy\/#website","url":"https:\/\/tijuana.com.uy\/","name":"Tijuana","description":"Ecommerce Tijuana","potentialAction":[{"@type":"SearchAction","target":{"@type":"EntryPoint","urlTemplate":"https:\/\/tijuana.com.uy\/?s={search_term_string}"},"query-input":{"@type":"PropertyValueSpecification","valueRequired":true,"valueName":"search_term_string"}}],"inLanguage":"es"}]}},"_links":{"self":[{"href":"https:\/\/tijuana.com.uy\/index.php?rest_route=\/wp\/v2\/product\/3435","targetHints":{"allow":["GET"]}}],"collection":[{"href":"https:\/\/tijuana.com.uy\/index.php?rest_route=\/wp\/v2\/product"}],"about":[{"href":"https:\/\/tijuana.com.uy\/index.php?rest_route=\/wp\/v2\/types\/product"}],"wp:featuredmedia":[{"embeddable":true,"href":"https:\/\/tijuana.com.uy\/index.php?rest_route=\/wp\/v2\/media\/3438"}],"wp:attachment":[{"href":"https:\/\/tijuana.com.uy\/index.php?rest_route=%2Fwp%2Fv2%2Fmedia&parent=3435"}],"wp:term":[{"taxonomy":"product_brand","embeddable":true,"href":"https:\/\/tijuana.com.uy\/index.php?rest_route=%2Fwp%2Fv2%2Fproduct_brand&post=3435"},{"taxonomy":"product_cat","embeddable":true,"href":"https:\/\/tijuana.com.uy\/index.php?rest_route=%2Fwp%2Fv2%2Fproduct_cat&post=3435"},{"taxonomy":"product_tag","embeddable":true,"href":"https:\/\/tijuana.com.uy\/index.php?rest_route=%2Fwp%2Fv2%2Fproduct_tag&post=3435"}],"curies":[{"name":"wp","href":"https:\/\/api.w.org\/{rel}","templated":true}]}}