{"id":3587,"date":"2023-02-22T22:58:40","date_gmt":"2023-02-22T22:58:40","guid":{"rendered":"https:\/\/tijuana.com.uy\/?post_type=product&#038;p=3587"},"modified":"2023-02-24T21:49:56","modified_gmt":"2023-02-24T21:49:56","slug":"set-de-30-fibras-grip-finepen-faber-castell","status":"publish","type":"product","link":"https:\/\/tijuana.com.uy\/?product=set-de-30-fibras-grip-finepen-faber-castell","title":{"rendered":"SET DE 30 FIBRAS GRIP FINEPEN FABER CASTELL"},"content":{"rendered":"","protected":false},"excerpt":{"rendered":"<p>30 fibras de diversos colores marca Faber Castell. Ideales para l\u00edneas finas y sombreado: el bol\u00edgrafo fino cuenta con un cilindro triangular ergon\u00f3mico que promueve autom\u00e1ticamente un agarre del tr\u00edpode y garantiza una comodidad de escritura \u00f3ptima.<\/p>\n","protected":false},"featured_media":3588,"template":"","meta":[],"product_brand":[],"product_cat":[58,167,25],"product_tag":[117],"class_list":{"0":"post-3587","1":"product","2":"type-product","3":"status-publish","4":"has-post-thumbnail","6":"product_cat-escolares","7":"product_cat-lapiceras","8":"product_cat-papeleria","9":"product_tag-faber-castell","11":"first","12":"instock","13":"taxable","14":"shipping-taxable","15":"purchasable","16":"product-type-simple"},"yoast_head":"<!-- This site is optimized with the Yoast SEO plugin v27.5 - https:\/\/yoast.com\/product\/yoast-seo-wordpress\/ -->\n<title>SET DE 30 FIBRAS GRIP FINEPEN FABER CASTELL - Tijuana<\/title>\n<meta name=\"description\" content=\"30 fibras de diversos colores marca Faber Castell. Ideales para l\u00edneas finas y sombreado, garantiza una comodidad de escritura \u00f3ptima.\" \/>\n<meta name=\"robots\" content=\"index, follow, max-snippet:-1, max-image-preview:large, max-video-preview:-1\" \/>\n<link rel=\"canonical\" href=\"https:\/\/tijuana.com.uy\/?product=set-de-30-fibras-grip-finepen-faber-castell\" \/>\n<meta property=\"og:locale\" content=\"es_ES\" \/>\n<meta property=\"og:type\" content=\"article\" \/>\n<meta property=\"og:title\" content=\"SET DE 30 FIBRAS GRIP FINEPEN FABER CASTELL - Tijuana\" \/>\n<meta property=\"og:description\" content=\"30 fibras de diversos colores marca Faber Castell. Ideales para l\u00edneas finas y sombreado, garantiza una comodidad de escritura \u00f3ptima.\" \/>\n<meta property=\"og:url\" content=\"https:\/\/tijuana.com.uy\/?product=set-de-30-fibras-grip-finepen-faber-castell\" \/>\n<meta property=\"og:site_name\" content=\"Tijuana\" \/>\n<meta property=\"article:modified_time\" content=\"2023-02-24T21:49:56+00:00\" \/>\n<meta property=\"og:image\" content=\"https:\/\/tijuana.com.uy\/wp-content\/uploads\/2023\/02\/451431_10_PM1.webp\" \/>\n\t<meta property=\"og:image:width\" content=\"500\" \/>\n\t<meta property=\"og:image:height\" content=\"500\" \/>\n\t<meta property=\"og:image:type\" content=\"image\/webp\" \/>\n<meta name=\"twitter:card\" content=\"summary_large_image\" \/>\n<script type=\"application\/ld+json\" class=\"yoast-schema-graph\">{\"@context\":\"https:\\\/\\\/schema.org\",\"@graph\":[{\"@type\":\"WebPage\",\"@id\":\"https:\\\/\\\/tijuana.com.uy\\\/?product=set-de-30-fibras-grip-finepen-faber-castell\",\"url\":\"https:\\\/\\\/tijuana.com.uy\\\/?product=set-de-30-fibras-grip-finepen-faber-castell\",\"name\":\"SET DE 30 FIBRAS GRIP FINEPEN FABER CASTELL - Tijuana\",\"isPartOf\":{\"@id\":\"https:\\\/\\\/tijuana.com.uy\\\/#website\"},\"primaryImageOfPage\":{\"@id\":\"https:\\\/\\\/tijuana.com.uy\\\/?product=set-de-30-fibras-grip-finepen-faber-castell#primaryimage\"},\"image\":{\"@id\":\"https:\\\/\\\/tijuana.com.uy\\\/?product=set-de-30-fibras-grip-finepen-faber-castell#primaryimage\"},\"thumbnailUrl\":\"https:\\\/\\\/tijuana.com.uy\\\/wp-content\\\/uploads\\\/2023\\\/02\\\/451431_10_PM1.webp\",\"datePublished\":\"2023-02-22T22:58:40+00:00\",\"dateModified\":\"2023-02-24T21:49:56+00:00\",\"description\":\"30 fibras de diversos colores marca Faber Castell. Ideales para l\u00edneas finas y sombreado, garantiza una comodidad de escritura \u00f3ptima.\",\"breadcrumb\":{\"@id\":\"https:\\\/\\\/tijuana.com.uy\\\/?product=set-de-30-fibras-grip-finepen-faber-castell#breadcrumb\"},\"inLanguage\":\"es\",\"potentialAction\":[{\"@type\":\"ReadAction\",\"target\":[\"https:\\\/\\\/tijuana.com.uy\\\/?product=set-de-30-fibras-grip-finepen-faber-castell\"]}]},{\"@type\":\"ImageObject\",\"inLanguage\":\"es\",\"@id\":\"https:\\\/\\\/tijuana.com.uy\\\/?product=set-de-30-fibras-grip-finepen-faber-castell#primaryimage\",\"url\":\"https:\\\/\\\/tijuana.com.uy\\\/wp-content\\\/uploads\\\/2023\\\/02\\\/451431_10_PM1.webp\",\"contentUrl\":\"https:\\\/\\\/tijuana.com.uy\\\/wp-content\\\/uploads\\\/2023\\\/02\\\/451431_10_PM1.webp\",\"width\":500,\"height\":500,\"caption\":\"30 fibras de faber castell\"},{\"@type\":\"BreadcrumbList\",\"@id\":\"https:\\\/\\\/tijuana.com.uy\\\/?product=set-de-30-fibras-grip-finepen-faber-castell#breadcrumb\",\"itemListElement\":[{\"@type\":\"ListItem\",\"position\":1,\"name\":\"Inicio\",\"item\":\"https:\\\/\\\/tijuana.com.uy\\\/\"},{\"@type\":\"ListItem\",\"position\":2,\"name\":\"Todos nuestros productos\",\"item\":\"https:\\\/\\\/tijuana.com.uy\\\/?page_id=365\"},{\"@type\":\"ListItem\",\"position\":3,\"name\":\"SET DE 30 FIBRAS GRIP FINEPEN FABER CASTELL\"}]},{\"@type\":\"WebSite\",\"@id\":\"https:\\\/\\\/tijuana.com.uy\\\/#website\",\"url\":\"https:\\\/\\\/tijuana.com.uy\\\/\",\"name\":\"Tijuana\",\"description\":\"Ecommerce Tijuana\",\"potentialAction\":[{\"@type\":\"SearchAction\",\"target\":{\"@type\":\"EntryPoint\",\"urlTemplate\":\"https:\\\/\\\/tijuana.com.uy\\\/?s={search_term_string}\"},\"query-input\":{\"@type\":\"PropertyValueSpecification\",\"valueRequired\":true,\"valueName\":\"search_term_string\"}}],\"inLanguage\":\"es\"}]}<\/script>\n<!-- \/ Yoast SEO plugin. -->","yoast_head_json":{"title":"SET DE 30 FIBRAS GRIP FINEPEN FABER CASTELL - Tijuana","description":"30 fibras de diversos colores marca Faber Castell. Ideales para l\u00edneas finas y sombreado, garantiza una comodidad de escritura \u00f3ptima.","robots":{"index":"index","follow":"follow","max-snippet":"max-snippet:-1","max-image-preview":"max-image-preview:large","max-video-preview":"max-video-preview:-1"},"canonical":"https:\/\/tijuana.com.uy\/?product=set-de-30-fibras-grip-finepen-faber-castell","og_locale":"es_ES","og_type":"article","og_title":"SET DE 30 FIBRAS GRIP FINEPEN FABER CASTELL - Tijuana","og_description":"30 fibras de diversos colores marca Faber Castell. Ideales para l\u00edneas finas y sombreado, garantiza una comodidad de escritura \u00f3ptima.","og_url":"https:\/\/tijuana.com.uy\/?product=set-de-30-fibras-grip-finepen-faber-castell","og_site_name":"Tijuana","article_modified_time":"2023-02-24T21:49:56+00:00","og_image":[{"width":500,"height":500,"url":"https:\/\/tijuana.com.uy\/wp-content\/uploads\/2023\/02\/451431_10_PM1.webp","type":"image\/webp"}],"twitter_card":"summary_large_image","schema":{"@context":"https:\/\/schema.org","@graph":[{"@type":"WebPage","@id":"https:\/\/tijuana.com.uy\/?product=set-de-30-fibras-grip-finepen-faber-castell","url":"https:\/\/tijuana.com.uy\/?product=set-de-30-fibras-grip-finepen-faber-castell","name":"SET DE 30 FIBRAS GRIP FINEPEN FABER CASTELL - Tijuana","isPartOf":{"@id":"https:\/\/tijuana.com.uy\/#website"},"primaryImageOfPage":{"@id":"https:\/\/tijuana.com.uy\/?product=set-de-30-fibras-grip-finepen-faber-castell#primaryimage"},"image":{"@id":"https:\/\/tijuana.com.uy\/?product=set-de-30-fibras-grip-finepen-faber-castell#primaryimage"},"thumbnailUrl":"https:\/\/tijuana.com.uy\/wp-content\/uploads\/2023\/02\/451431_10_PM1.webp","datePublished":"2023-02-22T22:58:40+00:00","dateModified":"2023-02-24T21:49:56+00:00","description":"30 fibras de diversos colores marca Faber Castell. Ideales para l\u00edneas finas y sombreado, garantiza una comodidad de escritura \u00f3ptima.","breadcrumb":{"@id":"https:\/\/tijuana.com.uy\/?product=set-de-30-fibras-grip-finepen-faber-castell#breadcrumb"},"inLanguage":"es","potentialAction":[{"@type":"ReadAction","target":["https:\/\/tijuana.com.uy\/?product=set-de-30-fibras-grip-finepen-faber-castell"]}]},{"@type":"ImageObject","inLanguage":"es","@id":"https:\/\/tijuana.com.uy\/?product=set-de-30-fibras-grip-finepen-faber-castell#primaryimage","url":"https:\/\/tijuana.com.uy\/wp-content\/uploads\/2023\/02\/451431_10_PM1.webp","contentUrl":"https:\/\/tijuana.com.uy\/wp-content\/uploads\/2023\/02\/451431_10_PM1.webp","width":500,"height":500,"caption":"30 fibras de faber castell"},{"@type":"BreadcrumbList","@id":"https:\/\/tijuana.com.uy\/?product=set-de-30-fibras-grip-finepen-faber-castell#breadcrumb","itemListElement":[{"@type":"ListItem","position":1,"name":"Inicio","item":"https:\/\/tijuana.com.uy\/"},{"@type":"ListItem","position":2,"name":"Todos nuestros productos","item":"https:\/\/tijuana.com.uy\/?page_id=365"},{"@type":"ListItem","position":3,"name":"SET DE 30 FIBRAS GRIP FINEPEN FABER CASTELL"}]},{"@type":"WebSite","@id":"https:\/\/tijuana.com.uy\/#website","url":"https:\/\/tijuana.com.uy\/","name":"Tijuana","description":"Ecommerce Tijuana","potentialAction":[{"@type":"SearchAction","target":{"@type":"EntryPoint","urlTemplate":"https:\/\/tijuana.com.uy\/?s={search_term_string}"},"query-input":{"@type":"PropertyValueSpecification","valueRequired":true,"valueName":"search_term_string"}}],"inLanguage":"es"}]}},"_links":{"self":[{"href":"https:\/\/tijuana.com.uy\/index.php?rest_route=\/wp\/v2\/product\/3587","targetHints":{"allow":["GET"]}}],"collection":[{"href":"https:\/\/tijuana.com.uy\/index.php?rest_route=\/wp\/v2\/product"}],"about":[{"href":"https:\/\/tijuana.com.uy\/index.php?rest_route=\/wp\/v2\/types\/product"}],"wp:featuredmedia":[{"embeddable":true,"href":"https:\/\/tijuana.com.uy\/index.php?rest_route=\/wp\/v2\/media\/3588"}],"wp:attachment":[{"href":"https:\/\/tijuana.com.uy\/index.php?rest_route=%2Fwp%2Fv2%2Fmedia&parent=3587"}],"wp:term":[{"taxonomy":"product_brand","embeddable":true,"href":"https:\/\/tijuana.com.uy\/index.php?rest_route=%2Fwp%2Fv2%2Fproduct_brand&post=3587"},{"taxonomy":"product_cat","embeddable":true,"href":"https:\/\/tijuana.com.uy\/index.php?rest_route=%2Fwp%2Fv2%2Fproduct_cat&post=3587"},{"taxonomy":"product_tag","embeddable":true,"href":"https:\/\/tijuana.com.uy\/index.php?rest_route=%2Fwp%2Fv2%2Fproduct_tag&post=3587"}],"curies":[{"name":"wp","href":"https:\/\/api.w.org\/{rel}","templated":true}]}}