{"id":3604,"date":"2023-02-22T23:51:45","date_gmt":"2023-02-22T23:51:45","guid":{"rendered":"https:\/\/tijuana.com.uy\/?post_type=product&#038;p=3604"},"modified":"2023-02-24T21:47:40","modified_gmt":"2023-02-24T21:47:40","slug":"set-de-fibras-triplus-staedtler-x13","status":"publish","type":"product","link":"https:\/\/tijuana.com.uy\/?product=set-de-fibras-triplus-staedtler-x13","title":{"rendered":"SET DE FIBRAS TRIPLUS STAEDTLER x13"},"content":{"rendered":"","protected":false},"excerpt":{"rendered":"<p><span>Colorido juego de bol\u00edgrafos triplus ideal para el hogar, la escuela y la oficina.\u00a0<\/span><span>Contiene rotuladores triplus de alta calidad con puntas revestidas de metal superfinas de 0,3 mm, perfectas para escribir y colorear con detalles finos.\u00a0<\/span><span>Tambi\u00e9n incluye 3 rotuladores gratuitos con punta de 0,8 mm para escribir y colorear de forma m\u00e1s amplia. <\/span><span>Los bol\u00edgrafos triplus tienen una forma triangular ergon\u00f3mica para una escritura relajada y f\u00e1cil.\u00a0<\/span><span>La tinta es DRY SAFE, lo que significa que los bol\u00edgrafos se pueden dejar destapados durante d\u00edas sin secarse.\u00a0<\/span><span>Tinta a base de agua que se lava f\u00e1cilmente de la mayor\u00eda de los textiles.<\/span><\/p>\n","protected":false},"featured_media":3605,"template":"","meta":[],"product_brand":[],"product_cat":[58,167,25],"product_tag":[154],"class_list":{"0":"post-3604","1":"product","2":"type-product","3":"status-publish","4":"has-post-thumbnail","6":"product_cat-escolares","7":"product_cat-lapiceras","8":"product_cat-papeleria","9":"product_tag-staedtler","11":"first","12":"instock","13":"taxable","14":"shipping-taxable","15":"purchasable","16":"product-type-simple"},"yoast_head":"<!-- This site is optimized with the Yoast SEO plugin v27.5 - https:\/\/yoast.com\/product\/yoast-seo-wordpress\/ -->\n<title>SET DE FIBRAS TRIPLUS STAEDTLER x13 - Tijuana<\/title>\n<meta name=\"description\" content=\"Colorido juego de bol\u00edgrafos triplus ideal para el hogar, la escuela y la oficina.\u00a0Contiene rotuladores triplus de alta calidad con puntas revestidas de metal superfinas de 0,3 mm.\" \/>\n<meta name=\"robots\" content=\"index, follow, max-snippet:-1, max-image-preview:large, max-video-preview:-1\" \/>\n<link rel=\"canonical\" href=\"https:\/\/tijuana.com.uy\/?product=set-de-fibras-triplus-staedtler-x13\" \/>\n<meta property=\"og:locale\" content=\"es_ES\" \/>\n<meta property=\"og:type\" content=\"article\" \/>\n<meta property=\"og:title\" content=\"SET DE FIBRAS TRIPLUS STAEDTLER x13 - Tijuana\" \/>\n<meta property=\"og:description\" content=\"Colorido juego de bol\u00edgrafos triplus ideal para el hogar, la escuela y la oficina.\u00a0Contiene rotuladores triplus de alta calidad con puntas revestidas de metal superfinas de 0,3 mm.\" \/>\n<meta property=\"og:url\" content=\"https:\/\/tijuana.com.uy\/?product=set-de-fibras-triplus-staedtler-x13\" \/>\n<meta property=\"og:site_name\" content=\"Tijuana\" \/>\n<meta property=\"article:modified_time\" content=\"2023-02-24T21:47:40+00:00\" \/>\n<meta property=\"og:image\" content=\"https:\/\/tijuana.com.uy\/wp-content\/uploads\/2023\/02\/Staedtler-Fineliner-Triplus-Brilliant-Colours-13-pack-e1677109820995.jpg\" \/>\n\t<meta property=\"og:image:width\" content=\"651\" \/>\n\t<meta property=\"og:image:height\" content=\"630\" \/>\n\t<meta property=\"og:image:type\" content=\"image\/jpeg\" \/>\n<meta name=\"twitter:card\" content=\"summary_large_image\" \/>\n<script type=\"application\/ld+json\" class=\"yoast-schema-graph\">{\"@context\":\"https:\\\/\\\/schema.org\",\"@graph\":[{\"@type\":\"WebPage\",\"@id\":\"https:\\\/\\\/tijuana.com.uy\\\/?product=set-de-fibras-triplus-staedtler-x13\",\"url\":\"https:\\\/\\\/tijuana.com.uy\\\/?product=set-de-fibras-triplus-staedtler-x13\",\"name\":\"SET DE FIBRAS TRIPLUS STAEDTLER x13 - Tijuana\",\"isPartOf\":{\"@id\":\"https:\\\/\\\/tijuana.com.uy\\\/#website\"},\"primaryImageOfPage\":{\"@id\":\"https:\\\/\\\/tijuana.com.uy\\\/?product=set-de-fibras-triplus-staedtler-x13#primaryimage\"},\"image\":{\"@id\":\"https:\\\/\\\/tijuana.com.uy\\\/?product=set-de-fibras-triplus-staedtler-x13#primaryimage\"},\"thumbnailUrl\":\"https:\\\/\\\/tijuana.com.uy\\\/wp-content\\\/uploads\\\/2023\\\/02\\\/Staedtler-Fineliner-Triplus-Brilliant-Colours-13-pack-e1677109820995.jpg\",\"datePublished\":\"2023-02-22T23:51:45+00:00\",\"dateModified\":\"2023-02-24T21:47:40+00:00\",\"description\":\"Colorido juego de bol\u00edgrafos triplus ideal para el hogar, la escuela y la oficina.\u00a0Contiene rotuladores triplus de alta calidad con puntas revestidas de metal superfinas de 0,3 mm.\",\"breadcrumb\":{\"@id\":\"https:\\\/\\\/tijuana.com.uy\\\/?product=set-de-fibras-triplus-staedtler-x13#breadcrumb\"},\"inLanguage\":\"es\",\"potentialAction\":[{\"@type\":\"ReadAction\",\"target\":[\"https:\\\/\\\/tijuana.com.uy\\\/?product=set-de-fibras-triplus-staedtler-x13\"]}]},{\"@type\":\"ImageObject\",\"inLanguage\":\"es\",\"@id\":\"https:\\\/\\\/tijuana.com.uy\\\/?product=set-de-fibras-triplus-staedtler-x13#primaryimage\",\"url\":\"https:\\\/\\\/tijuana.com.uy\\\/wp-content\\\/uploads\\\/2023\\\/02\\\/Staedtler-Fineliner-Triplus-Brilliant-Colours-13-pack-e1677109820995.jpg\",\"contentUrl\":\"https:\\\/\\\/tijuana.com.uy\\\/wp-content\\\/uploads\\\/2023\\\/02\\\/Staedtler-Fineliner-Triplus-Brilliant-Colours-13-pack-e1677109820995.jpg\",\"width\":651,\"height\":630},{\"@type\":\"BreadcrumbList\",\"@id\":\"https:\\\/\\\/tijuana.com.uy\\\/?product=set-de-fibras-triplus-staedtler-x13#breadcrumb\",\"itemListElement\":[{\"@type\":\"ListItem\",\"position\":1,\"name\":\"Inicio\",\"item\":\"https:\\\/\\\/tijuana.com.uy\\\/\"},{\"@type\":\"ListItem\",\"position\":2,\"name\":\"Todos nuestros productos\",\"item\":\"https:\\\/\\\/tijuana.com.uy\\\/?page_id=365\"},{\"@type\":\"ListItem\",\"position\":3,\"name\":\"SET DE FIBRAS TRIPLUS STAEDTLER x13\"}]},{\"@type\":\"WebSite\",\"@id\":\"https:\\\/\\\/tijuana.com.uy\\\/#website\",\"url\":\"https:\\\/\\\/tijuana.com.uy\\\/\",\"name\":\"Tijuana\",\"description\":\"Ecommerce Tijuana\",\"potentialAction\":[{\"@type\":\"SearchAction\",\"target\":{\"@type\":\"EntryPoint\",\"urlTemplate\":\"https:\\\/\\\/tijuana.com.uy\\\/?s={search_term_string}\"},\"query-input\":{\"@type\":\"PropertyValueSpecification\",\"valueRequired\":true,\"valueName\":\"search_term_string\"}}],\"inLanguage\":\"es\"}]}<\/script>\n<!-- \/ Yoast SEO plugin. -->","yoast_head_json":{"title":"SET DE FIBRAS TRIPLUS STAEDTLER x13 - Tijuana","description":"Colorido juego de bol\u00edgrafos triplus ideal para el hogar, la escuela y la oficina.\u00a0Contiene rotuladores triplus de alta calidad con puntas revestidas de metal superfinas de 0,3 mm.","robots":{"index":"index","follow":"follow","max-snippet":"max-snippet:-1","max-image-preview":"max-image-preview:large","max-video-preview":"max-video-preview:-1"},"canonical":"https:\/\/tijuana.com.uy\/?product=set-de-fibras-triplus-staedtler-x13","og_locale":"es_ES","og_type":"article","og_title":"SET DE FIBRAS TRIPLUS STAEDTLER x13 - Tijuana","og_description":"Colorido juego de bol\u00edgrafos triplus ideal para el hogar, la escuela y la oficina.\u00a0Contiene rotuladores triplus de alta calidad con puntas revestidas de metal superfinas de 0,3 mm.","og_url":"https:\/\/tijuana.com.uy\/?product=set-de-fibras-triplus-staedtler-x13","og_site_name":"Tijuana","article_modified_time":"2023-02-24T21:47:40+00:00","og_image":[{"width":651,"height":630,"url":"https:\/\/tijuana.com.uy\/wp-content\/uploads\/2023\/02\/Staedtler-Fineliner-Triplus-Brilliant-Colours-13-pack-e1677109820995.jpg","type":"image\/jpeg"}],"twitter_card":"summary_large_image","schema":{"@context":"https:\/\/schema.org","@graph":[{"@type":"WebPage","@id":"https:\/\/tijuana.com.uy\/?product=set-de-fibras-triplus-staedtler-x13","url":"https:\/\/tijuana.com.uy\/?product=set-de-fibras-triplus-staedtler-x13","name":"SET DE FIBRAS TRIPLUS STAEDTLER x13 - Tijuana","isPartOf":{"@id":"https:\/\/tijuana.com.uy\/#website"},"primaryImageOfPage":{"@id":"https:\/\/tijuana.com.uy\/?product=set-de-fibras-triplus-staedtler-x13#primaryimage"},"image":{"@id":"https:\/\/tijuana.com.uy\/?product=set-de-fibras-triplus-staedtler-x13#primaryimage"},"thumbnailUrl":"https:\/\/tijuana.com.uy\/wp-content\/uploads\/2023\/02\/Staedtler-Fineliner-Triplus-Brilliant-Colours-13-pack-e1677109820995.jpg","datePublished":"2023-02-22T23:51:45+00:00","dateModified":"2023-02-24T21:47:40+00:00","description":"Colorido juego de bol\u00edgrafos triplus ideal para el hogar, la escuela y la oficina.\u00a0Contiene rotuladores triplus de alta calidad con puntas revestidas de metal superfinas de 0,3 mm.","breadcrumb":{"@id":"https:\/\/tijuana.com.uy\/?product=set-de-fibras-triplus-staedtler-x13#breadcrumb"},"inLanguage":"es","potentialAction":[{"@type":"ReadAction","target":["https:\/\/tijuana.com.uy\/?product=set-de-fibras-triplus-staedtler-x13"]}]},{"@type":"ImageObject","inLanguage":"es","@id":"https:\/\/tijuana.com.uy\/?product=set-de-fibras-triplus-staedtler-x13#primaryimage","url":"https:\/\/tijuana.com.uy\/wp-content\/uploads\/2023\/02\/Staedtler-Fineliner-Triplus-Brilliant-Colours-13-pack-e1677109820995.jpg","contentUrl":"https:\/\/tijuana.com.uy\/wp-content\/uploads\/2023\/02\/Staedtler-Fineliner-Triplus-Brilliant-Colours-13-pack-e1677109820995.jpg","width":651,"height":630},{"@type":"BreadcrumbList","@id":"https:\/\/tijuana.com.uy\/?product=set-de-fibras-triplus-staedtler-x13#breadcrumb","itemListElement":[{"@type":"ListItem","position":1,"name":"Inicio","item":"https:\/\/tijuana.com.uy\/"},{"@type":"ListItem","position":2,"name":"Todos nuestros productos","item":"https:\/\/tijuana.com.uy\/?page_id=365"},{"@type":"ListItem","position":3,"name":"SET DE FIBRAS TRIPLUS STAEDTLER x13"}]},{"@type":"WebSite","@id":"https:\/\/tijuana.com.uy\/#website","url":"https:\/\/tijuana.com.uy\/","name":"Tijuana","description":"Ecommerce Tijuana","potentialAction":[{"@type":"SearchAction","target":{"@type":"EntryPoint","urlTemplate":"https:\/\/tijuana.com.uy\/?s={search_term_string}"},"query-input":{"@type":"PropertyValueSpecification","valueRequired":true,"valueName":"search_term_string"}}],"inLanguage":"es"}]}},"_links":{"self":[{"href":"https:\/\/tijuana.com.uy\/index.php?rest_route=\/wp\/v2\/product\/3604","targetHints":{"allow":["GET"]}}],"collection":[{"href":"https:\/\/tijuana.com.uy\/index.php?rest_route=\/wp\/v2\/product"}],"about":[{"href":"https:\/\/tijuana.com.uy\/index.php?rest_route=\/wp\/v2\/types\/product"}],"wp:featuredmedia":[{"embeddable":true,"href":"https:\/\/tijuana.com.uy\/index.php?rest_route=\/wp\/v2\/media\/3605"}],"wp:attachment":[{"href":"https:\/\/tijuana.com.uy\/index.php?rest_route=%2Fwp%2Fv2%2Fmedia&parent=3604"}],"wp:term":[{"taxonomy":"product_brand","embeddable":true,"href":"https:\/\/tijuana.com.uy\/index.php?rest_route=%2Fwp%2Fv2%2Fproduct_brand&post=3604"},{"taxonomy":"product_cat","embeddable":true,"href":"https:\/\/tijuana.com.uy\/index.php?rest_route=%2Fwp%2Fv2%2Fproduct_cat&post=3604"},{"taxonomy":"product_tag","embeddable":true,"href":"https:\/\/tijuana.com.uy\/index.php?rest_route=%2Fwp%2Fv2%2Fproduct_tag&post=3604"}],"curies":[{"name":"wp","href":"https:\/\/api.w.org\/{rel}","templated":true}]}}