{"id":4118,"date":"2023-03-10T02:02:17","date_gmt":"2023-03-10T02:02:17","guid":{"rendered":"https:\/\/tijuana.com.uy\/?post_type=product&#038;p=4118"},"modified":"2025-08-15T10:45:53","modified_gmt":"2025-08-15T13:45:53","slug":"construye-una-bobina-eolica","status":"publish","type":"product","link":"https:\/\/tijuana.com.uy\/?product=construye-una-bobina-eolica","title":{"rendered":"CONSTRUYE UNA BOBINA E\u00d3LICA"},"content":{"rendered":"","protected":false},"excerpt":{"rendered":"<p><span>Construye tu propio aerogenerador. <\/span><span>\u00a1Mira c\u00f3mo esta turbina e\u00f3lica en funcionamiento captura la energ\u00eda del viento y la convierte en una luz!\u00a0El kit le ense\u00f1ar\u00e1 c\u00f3mo funciona esta tecnolog\u00eda vital de energ\u00eda renovable.<\/span><\/p>\n","protected":false},"featured_media":4119,"template":"","meta":[],"product_brand":[],"product_cat":[212,26],"product_tag":[67],"class_list":{"0":"post-4118","1":"product","2":"type-product","3":"status-publish","4":"has-post-thumbnail","6":"product_cat-4m","7":"product_cat-jugueteria","8":"product_tag-7anos","10":"first","11":"outofstock","12":"taxable","13":"shipping-taxable","14":"purchasable","15":"product-type-simple"},"yoast_head":"<!-- This site is optimized with the Yoast SEO plugin v27.5 - https:\/\/yoast.com\/product\/yoast-seo-wordpress\/ -->\n<title>CONSTRUYE UNA BOBINA E\u00d3LICA - Tijuana<\/title>\n<meta name=\"description\" content=\"Construye tu propio aerogenerador. \u00a1Mira c\u00f3mo esta turbina e\u00f3lica en funcionamiento captura la energ\u00eda del viento y la convierte en una luz!\" \/>\n<meta name=\"robots\" content=\"index, follow, max-snippet:-1, max-image-preview:large, max-video-preview:-1\" \/>\n<link rel=\"canonical\" href=\"https:\/\/tijuana.com.uy\/?product=construye-una-bobina-eolica\" \/>\n<meta property=\"og:locale\" content=\"es_ES\" \/>\n<meta property=\"og:type\" content=\"article\" \/>\n<meta property=\"og:title\" content=\"CONSTRUYE UNA BOBINA E\u00d3LICA - Tijuana\" \/>\n<meta property=\"og:description\" content=\"Construye tu propio aerogenerador. \u00a1Mira c\u00f3mo esta turbina e\u00f3lica en funcionamiento captura la energ\u00eda del viento y la convierte en una luz!\" \/>\n<meta property=\"og:url\" content=\"https:\/\/tijuana.com.uy\/?product=construye-una-bobina-eolica\" \/>\n<meta property=\"og:site_name\" content=\"Tijuana\" \/>\n<meta property=\"article:modified_time\" content=\"2025-08-15T13:45:53+00:00\" \/>\n<meta property=\"og:image\" content=\"https:\/\/tijuana.com.uy\/wp-content\/uploads\/2023\/03\/FSG3378_600x.webp\" \/>\n\t<meta property=\"og:image:width\" content=\"600\" \/>\n\t<meta property=\"og:image:height\" content=\"600\" \/>\n\t<meta property=\"og:image:type\" content=\"image\/webp\" \/>\n<meta name=\"twitter:card\" content=\"summary_large_image\" \/>\n<script type=\"application\/ld+json\" class=\"yoast-schema-graph\">{\"@context\":\"https:\\\/\\\/schema.org\",\"@graph\":[{\"@type\":\"WebPage\",\"@id\":\"https:\\\/\\\/tijuana.com.uy\\\/?product=construye-una-bobina-eolica\",\"url\":\"https:\\\/\\\/tijuana.com.uy\\\/?product=construye-una-bobina-eolica\",\"name\":\"CONSTRUYE UNA BOBINA E\u00d3LICA - Tijuana\",\"isPartOf\":{\"@id\":\"https:\\\/\\\/tijuana.com.uy\\\/#website\"},\"primaryImageOfPage\":{\"@id\":\"https:\\\/\\\/tijuana.com.uy\\\/?product=construye-una-bobina-eolica#primaryimage\"},\"image\":{\"@id\":\"https:\\\/\\\/tijuana.com.uy\\\/?product=construye-una-bobina-eolica#primaryimage\"},\"thumbnailUrl\":\"https:\\\/\\\/tijuana.com.uy\\\/wp-content\\\/uploads\\\/2023\\\/03\\\/FSG3378_600x.webp\",\"datePublished\":\"2023-03-10T02:02:17+00:00\",\"dateModified\":\"2025-08-15T13:45:53+00:00\",\"description\":\"Construye tu propio aerogenerador. \u00a1Mira c\u00f3mo esta turbina e\u00f3lica en funcionamiento captura la energ\u00eda del viento y la convierte en una luz!\",\"breadcrumb\":{\"@id\":\"https:\\\/\\\/tijuana.com.uy\\\/?product=construye-una-bobina-eolica#breadcrumb\"},\"inLanguage\":\"es\",\"potentialAction\":[{\"@type\":\"ReadAction\",\"target\":[\"https:\\\/\\\/tijuana.com.uy\\\/?product=construye-una-bobina-eolica\"]}]},{\"@type\":\"ImageObject\",\"inLanguage\":\"es\",\"@id\":\"https:\\\/\\\/tijuana.com.uy\\\/?product=construye-una-bobina-eolica#primaryimage\",\"url\":\"https:\\\/\\\/tijuana.com.uy\\\/wp-content\\\/uploads\\\/2023\\\/03\\\/FSG3378_600x.webp\",\"contentUrl\":\"https:\\\/\\\/tijuana.com.uy\\\/wp-content\\\/uploads\\\/2023\\\/03\\\/FSG3378_600x.webp\",\"width\":600,\"height\":600,\"caption\":\"CONSTRUYE UNA BOBINA E\u00d3LICA\"},{\"@type\":\"BreadcrumbList\",\"@id\":\"https:\\\/\\\/tijuana.com.uy\\\/?product=construye-una-bobina-eolica#breadcrumb\",\"itemListElement\":[{\"@type\":\"ListItem\",\"position\":1,\"name\":\"Inicio\",\"item\":\"https:\\\/\\\/tijuana.com.uy\\\/\"},{\"@type\":\"ListItem\",\"position\":2,\"name\":\"Todos nuestros productos\",\"item\":\"https:\\\/\\\/tijuana.com.uy\\\/?page_id=365\"},{\"@type\":\"ListItem\",\"position\":3,\"name\":\"CONSTRUYE UNA BOBINA E\u00d3LICA\"}]},{\"@type\":\"WebSite\",\"@id\":\"https:\\\/\\\/tijuana.com.uy\\\/#website\",\"url\":\"https:\\\/\\\/tijuana.com.uy\\\/\",\"name\":\"Tijuana\",\"description\":\"Ecommerce Tijuana\",\"potentialAction\":[{\"@type\":\"SearchAction\",\"target\":{\"@type\":\"EntryPoint\",\"urlTemplate\":\"https:\\\/\\\/tijuana.com.uy\\\/?s={search_term_string}\"},\"query-input\":{\"@type\":\"PropertyValueSpecification\",\"valueRequired\":true,\"valueName\":\"search_term_string\"}}],\"inLanguage\":\"es\"}]}<\/script>\n<!-- \/ Yoast SEO plugin. -->","yoast_head_json":{"title":"CONSTRUYE UNA BOBINA E\u00d3LICA - Tijuana","description":"Construye tu propio aerogenerador. \u00a1Mira c\u00f3mo esta turbina e\u00f3lica en funcionamiento captura la energ\u00eda del viento y la convierte en una luz!","robots":{"index":"index","follow":"follow","max-snippet":"max-snippet:-1","max-image-preview":"max-image-preview:large","max-video-preview":"max-video-preview:-1"},"canonical":"https:\/\/tijuana.com.uy\/?product=construye-una-bobina-eolica","og_locale":"es_ES","og_type":"article","og_title":"CONSTRUYE UNA BOBINA E\u00d3LICA - Tijuana","og_description":"Construye tu propio aerogenerador. \u00a1Mira c\u00f3mo esta turbina e\u00f3lica en funcionamiento captura la energ\u00eda del viento y la convierte en una luz!","og_url":"https:\/\/tijuana.com.uy\/?product=construye-una-bobina-eolica","og_site_name":"Tijuana","article_modified_time":"2025-08-15T13:45:53+00:00","og_image":[{"width":600,"height":600,"url":"https:\/\/tijuana.com.uy\/wp-content\/uploads\/2023\/03\/FSG3378_600x.webp","type":"image\/webp"}],"twitter_card":"summary_large_image","schema":{"@context":"https:\/\/schema.org","@graph":[{"@type":"WebPage","@id":"https:\/\/tijuana.com.uy\/?product=construye-una-bobina-eolica","url":"https:\/\/tijuana.com.uy\/?product=construye-una-bobina-eolica","name":"CONSTRUYE UNA BOBINA E\u00d3LICA - Tijuana","isPartOf":{"@id":"https:\/\/tijuana.com.uy\/#website"},"primaryImageOfPage":{"@id":"https:\/\/tijuana.com.uy\/?product=construye-una-bobina-eolica#primaryimage"},"image":{"@id":"https:\/\/tijuana.com.uy\/?product=construye-una-bobina-eolica#primaryimage"},"thumbnailUrl":"https:\/\/tijuana.com.uy\/wp-content\/uploads\/2023\/03\/FSG3378_600x.webp","datePublished":"2023-03-10T02:02:17+00:00","dateModified":"2025-08-15T13:45:53+00:00","description":"Construye tu propio aerogenerador. \u00a1Mira c\u00f3mo esta turbina e\u00f3lica en funcionamiento captura la energ\u00eda del viento y la convierte en una luz!","breadcrumb":{"@id":"https:\/\/tijuana.com.uy\/?product=construye-una-bobina-eolica#breadcrumb"},"inLanguage":"es","potentialAction":[{"@type":"ReadAction","target":["https:\/\/tijuana.com.uy\/?product=construye-una-bobina-eolica"]}]},{"@type":"ImageObject","inLanguage":"es","@id":"https:\/\/tijuana.com.uy\/?product=construye-una-bobina-eolica#primaryimage","url":"https:\/\/tijuana.com.uy\/wp-content\/uploads\/2023\/03\/FSG3378_600x.webp","contentUrl":"https:\/\/tijuana.com.uy\/wp-content\/uploads\/2023\/03\/FSG3378_600x.webp","width":600,"height":600,"caption":"CONSTRUYE UNA BOBINA E\u00d3LICA"},{"@type":"BreadcrumbList","@id":"https:\/\/tijuana.com.uy\/?product=construye-una-bobina-eolica#breadcrumb","itemListElement":[{"@type":"ListItem","position":1,"name":"Inicio","item":"https:\/\/tijuana.com.uy\/"},{"@type":"ListItem","position":2,"name":"Todos nuestros productos","item":"https:\/\/tijuana.com.uy\/?page_id=365"},{"@type":"ListItem","position":3,"name":"CONSTRUYE UNA BOBINA E\u00d3LICA"}]},{"@type":"WebSite","@id":"https:\/\/tijuana.com.uy\/#website","url":"https:\/\/tijuana.com.uy\/","name":"Tijuana","description":"Ecommerce Tijuana","potentialAction":[{"@type":"SearchAction","target":{"@type":"EntryPoint","urlTemplate":"https:\/\/tijuana.com.uy\/?s={search_term_string}"},"query-input":{"@type":"PropertyValueSpecification","valueRequired":true,"valueName":"search_term_string"}}],"inLanguage":"es"}]}},"_links":{"self":[{"href":"https:\/\/tijuana.com.uy\/index.php?rest_route=\/wp\/v2\/product\/4118","targetHints":{"allow":["GET"]}}],"collection":[{"href":"https:\/\/tijuana.com.uy\/index.php?rest_route=\/wp\/v2\/product"}],"about":[{"href":"https:\/\/tijuana.com.uy\/index.php?rest_route=\/wp\/v2\/types\/product"}],"wp:featuredmedia":[{"embeddable":true,"href":"https:\/\/tijuana.com.uy\/index.php?rest_route=\/wp\/v2\/media\/4119"}],"wp:attachment":[{"href":"https:\/\/tijuana.com.uy\/index.php?rest_route=%2Fwp%2Fv2%2Fmedia&parent=4118"}],"wp:term":[{"taxonomy":"product_brand","embeddable":true,"href":"https:\/\/tijuana.com.uy\/index.php?rest_route=%2Fwp%2Fv2%2Fproduct_brand&post=4118"},{"taxonomy":"product_cat","embeddable":true,"href":"https:\/\/tijuana.com.uy\/index.php?rest_route=%2Fwp%2Fv2%2Fproduct_cat&post=4118"},{"taxonomy":"product_tag","embeddable":true,"href":"https:\/\/tijuana.com.uy\/index.php?rest_route=%2Fwp%2Fv2%2Fproduct_tag&post=4118"}],"curies":[{"name":"wp","href":"https:\/\/api.w.org\/{rel}","templated":true}]}}