{"id":4432,"date":"2023-05-07T22:50:12","date_gmt":"2023-05-08T01:50:12","guid":{"rendered":"https:\/\/tijuana.com.uy\/?post_type=product&#038;p=4432"},"modified":"2024-09-05T12:41:47","modified_gmt":"2024-09-05T15:41:47","slug":"chivi-chef-habichuelas","status":"publish","type":"product","link":"https:\/\/tijuana.com.uy\/?product=chivi-chef-habichuelas","title":{"rendered":"CHIVI CHEF HABICHUELAS"},"content":{"rendered":"","protected":false},"excerpt":{"rendered":"<div id=\"text_block-135-56\" class=\"ct-text-block\"><span id=\"span-136-56\" class=\"ct-span\">El juego Chivi chef desarrolla la concentraci\u00f3n, coordinaci\u00f3n \u00f3culo motora y la capacidad de secuenciar.<\/span><\/div>\n<p id=\"headline-137-56\" class=\"ct-headline\"><strong>\u00bfC\u00f3mo se juega? <\/strong><span id=\"span-139-56\" class=\"ct-span\">Chivi chef es un juego de rapidez. Presta mucha atenci\u00f3n a los ingredientes que van saliendo, para juntar la mayor cantidad de cartas y ser el ganador, deber\u00e1s ser el m\u00e1s r\u00e1pido. Cuidado con los deliverys para pararlos y ser t\u00fa qui\u00e9n se lleve el pozo, deber\u00e1s gritar bien alto \u201cCHIVITO\u201d. Si aparece un chef, \u00a1\u00a1Podr\u00e1s tener chance de llevarte m\u00e1s cartas!!<\/span><\/p>\n<p><span id=\"span-126-56\" class=\"ct-span\">Se necesitan de 2 a 6 <\/span>jugadores. Recomendado para edades de 4<span id=\"span-329-56\" class=\"ct-span\">\u00a0en adelante. El juego tiene una duraci\u00f3n aproximada de <\/span><span id=\"span-335-56\" class=\"ct-span\">15 a 20 minutos.<\/span><\/p>\n","protected":false},"featured_media":4429,"template":"","meta":[],"product_brand":[],"product_cat":[219,26],"product_tag":[67,66,216],"class_list":{"0":"post-4432","1":"product","2":"type-product","3":"status-publish","4":"has-post-thumbnail","6":"product_cat-juegos-de-mesa","7":"product_cat-jugueteria","8":"product_tag-7anos","9":"product_tag-5-6anos","10":"product_tag-habichuelas","12":"first","13":"instock","14":"taxable","15":"shipping-taxable","16":"purchasable","17":"product-type-simple"},"yoast_head":"<!-- This site is optimized with the Yoast SEO plugin v27.5 - https:\/\/yoast.com\/product\/yoast-seo-wordpress\/ -->\n<title>CHIVI CHEF HABICHUELAS - Tijuana<\/title>\n<meta name=\"description\" content=\"El juego Chivi chef desarrolla la concentraci\u00f3n, coordinaci\u00f3n \u00f3culo motora y la capacidad de secuenciar. Chivi chef es un juego de rapidez.\" \/>\n<meta name=\"robots\" content=\"index, follow, max-snippet:-1, max-image-preview:large, max-video-preview:-1\" \/>\n<link rel=\"canonical\" href=\"https:\/\/tijuana.com.uy\/?product=chivi-chef-habichuelas\" \/>\n<meta property=\"og:locale\" content=\"es_ES\" \/>\n<meta property=\"og:type\" content=\"article\" \/>\n<meta property=\"og:title\" content=\"CHIVI CHEF HABICHUELAS - Tijuana\" \/>\n<meta property=\"og:description\" content=\"El juego Chivi chef desarrolla la concentraci\u00f3n, coordinaci\u00f3n \u00f3culo motora y la capacidad de secuenciar. Chivi chef es un juego de rapidez.\" \/>\n<meta property=\"og:url\" content=\"https:\/\/tijuana.com.uy\/?product=chivi-chef-habichuelas\" \/>\n<meta property=\"og:site_name\" content=\"Tijuana\" \/>\n<meta property=\"article:modified_time\" content=\"2024-09-05T15:41:47+00:00\" \/>\n<meta property=\"og:image\" content=\"https:\/\/tijuana.com.uy\/wp-content\/uploads\/2023\/05\/chivichef_3.png\" \/>\n\t<meta property=\"og:image:width\" content=\"2302\" \/>\n\t<meta property=\"og:image:height\" content=\"2302\" \/>\n\t<meta property=\"og:image:type\" content=\"image\/png\" \/>\n<meta name=\"twitter:card\" content=\"summary_large_image\" \/>\n<script type=\"application\/ld+json\" class=\"yoast-schema-graph\">{\"@context\":\"https:\\\/\\\/schema.org\",\"@graph\":[{\"@type\":\"WebPage\",\"@id\":\"https:\\\/\\\/tijuana.com.uy\\\/?product=chivi-chef-habichuelas\",\"url\":\"https:\\\/\\\/tijuana.com.uy\\\/?product=chivi-chef-habichuelas\",\"name\":\"CHIVI CHEF HABICHUELAS - Tijuana\",\"isPartOf\":{\"@id\":\"https:\\\/\\\/tijuana.com.uy\\\/#website\"},\"primaryImageOfPage\":{\"@id\":\"https:\\\/\\\/tijuana.com.uy\\\/?product=chivi-chef-habichuelas#primaryimage\"},\"image\":{\"@id\":\"https:\\\/\\\/tijuana.com.uy\\\/?product=chivi-chef-habichuelas#primaryimage\"},\"thumbnailUrl\":\"https:\\\/\\\/tijuana.com.uy\\\/wp-content\\\/uploads\\\/2023\\\/05\\\/chivichef_3.png\",\"datePublished\":\"2023-05-08T01:50:12+00:00\",\"dateModified\":\"2024-09-05T15:41:47+00:00\",\"description\":\"El juego Chivi chef desarrolla la concentraci\u00f3n, coordinaci\u00f3n \u00f3culo motora y la capacidad de secuenciar. Chivi chef es un juego de rapidez.\",\"breadcrumb\":{\"@id\":\"https:\\\/\\\/tijuana.com.uy\\\/?product=chivi-chef-habichuelas#breadcrumb\"},\"inLanguage\":\"es\",\"potentialAction\":[{\"@type\":\"ReadAction\",\"target\":[\"https:\\\/\\\/tijuana.com.uy\\\/?product=chivi-chef-habichuelas\"]}]},{\"@type\":\"ImageObject\",\"inLanguage\":\"es\",\"@id\":\"https:\\\/\\\/tijuana.com.uy\\\/?product=chivi-chef-habichuelas#primaryimage\",\"url\":\"https:\\\/\\\/tijuana.com.uy\\\/wp-content\\\/uploads\\\/2023\\\/05\\\/chivichef_3.png\",\"contentUrl\":\"https:\\\/\\\/tijuana.com.uy\\\/wp-content\\\/uploads\\\/2023\\\/05\\\/chivichef_3.png\",\"width\":2302,\"height\":2302,\"caption\":\"CHIVI CHEF HABICHUELAS\"},{\"@type\":\"BreadcrumbList\",\"@id\":\"https:\\\/\\\/tijuana.com.uy\\\/?product=chivi-chef-habichuelas#breadcrumb\",\"itemListElement\":[{\"@type\":\"ListItem\",\"position\":1,\"name\":\"Inicio\",\"item\":\"https:\\\/\\\/tijuana.com.uy\\\/\"},{\"@type\":\"ListItem\",\"position\":2,\"name\":\"Todos nuestros productos\",\"item\":\"https:\\\/\\\/tijuana.com.uy\\\/?page_id=365\"},{\"@type\":\"ListItem\",\"position\":3,\"name\":\"CHIVI CHEF HABICHUELAS\"}]},{\"@type\":\"WebSite\",\"@id\":\"https:\\\/\\\/tijuana.com.uy\\\/#website\",\"url\":\"https:\\\/\\\/tijuana.com.uy\\\/\",\"name\":\"Tijuana\",\"description\":\"Ecommerce Tijuana\",\"potentialAction\":[{\"@type\":\"SearchAction\",\"target\":{\"@type\":\"EntryPoint\",\"urlTemplate\":\"https:\\\/\\\/tijuana.com.uy\\\/?s={search_term_string}\"},\"query-input\":{\"@type\":\"PropertyValueSpecification\",\"valueRequired\":true,\"valueName\":\"search_term_string\"}}],\"inLanguage\":\"es\"}]}<\/script>\n<!-- \/ Yoast SEO plugin. -->","yoast_head_json":{"title":"CHIVI CHEF HABICHUELAS - Tijuana","description":"El juego Chivi chef desarrolla la concentraci\u00f3n, coordinaci\u00f3n \u00f3culo motora y la capacidad de secuenciar. Chivi chef es un juego de rapidez.","robots":{"index":"index","follow":"follow","max-snippet":"max-snippet:-1","max-image-preview":"max-image-preview:large","max-video-preview":"max-video-preview:-1"},"canonical":"https:\/\/tijuana.com.uy\/?product=chivi-chef-habichuelas","og_locale":"es_ES","og_type":"article","og_title":"CHIVI CHEF HABICHUELAS - Tijuana","og_description":"El juego Chivi chef desarrolla la concentraci\u00f3n, coordinaci\u00f3n \u00f3culo motora y la capacidad de secuenciar. Chivi chef es un juego de rapidez.","og_url":"https:\/\/tijuana.com.uy\/?product=chivi-chef-habichuelas","og_site_name":"Tijuana","article_modified_time":"2024-09-05T15:41:47+00:00","og_image":[{"width":2302,"height":2302,"url":"https:\/\/tijuana.com.uy\/wp-content\/uploads\/2023\/05\/chivichef_3.png","type":"image\/png"}],"twitter_card":"summary_large_image","schema":{"@context":"https:\/\/schema.org","@graph":[{"@type":"WebPage","@id":"https:\/\/tijuana.com.uy\/?product=chivi-chef-habichuelas","url":"https:\/\/tijuana.com.uy\/?product=chivi-chef-habichuelas","name":"CHIVI CHEF HABICHUELAS - Tijuana","isPartOf":{"@id":"https:\/\/tijuana.com.uy\/#website"},"primaryImageOfPage":{"@id":"https:\/\/tijuana.com.uy\/?product=chivi-chef-habichuelas#primaryimage"},"image":{"@id":"https:\/\/tijuana.com.uy\/?product=chivi-chef-habichuelas#primaryimage"},"thumbnailUrl":"https:\/\/tijuana.com.uy\/wp-content\/uploads\/2023\/05\/chivichef_3.png","datePublished":"2023-05-08T01:50:12+00:00","dateModified":"2024-09-05T15:41:47+00:00","description":"El juego Chivi chef desarrolla la concentraci\u00f3n, coordinaci\u00f3n \u00f3culo motora y la capacidad de secuenciar. Chivi chef es un juego de rapidez.","breadcrumb":{"@id":"https:\/\/tijuana.com.uy\/?product=chivi-chef-habichuelas#breadcrumb"},"inLanguage":"es","potentialAction":[{"@type":"ReadAction","target":["https:\/\/tijuana.com.uy\/?product=chivi-chef-habichuelas"]}]},{"@type":"ImageObject","inLanguage":"es","@id":"https:\/\/tijuana.com.uy\/?product=chivi-chef-habichuelas#primaryimage","url":"https:\/\/tijuana.com.uy\/wp-content\/uploads\/2023\/05\/chivichef_3.png","contentUrl":"https:\/\/tijuana.com.uy\/wp-content\/uploads\/2023\/05\/chivichef_3.png","width":2302,"height":2302,"caption":"CHIVI CHEF HABICHUELAS"},{"@type":"BreadcrumbList","@id":"https:\/\/tijuana.com.uy\/?product=chivi-chef-habichuelas#breadcrumb","itemListElement":[{"@type":"ListItem","position":1,"name":"Inicio","item":"https:\/\/tijuana.com.uy\/"},{"@type":"ListItem","position":2,"name":"Todos nuestros productos","item":"https:\/\/tijuana.com.uy\/?page_id=365"},{"@type":"ListItem","position":3,"name":"CHIVI CHEF HABICHUELAS"}]},{"@type":"WebSite","@id":"https:\/\/tijuana.com.uy\/#website","url":"https:\/\/tijuana.com.uy\/","name":"Tijuana","description":"Ecommerce Tijuana","potentialAction":[{"@type":"SearchAction","target":{"@type":"EntryPoint","urlTemplate":"https:\/\/tijuana.com.uy\/?s={search_term_string}"},"query-input":{"@type":"PropertyValueSpecification","valueRequired":true,"valueName":"search_term_string"}}],"inLanguage":"es"}]}},"_links":{"self":[{"href":"https:\/\/tijuana.com.uy\/index.php?rest_route=\/wp\/v2\/product\/4432","targetHints":{"allow":["GET"]}}],"collection":[{"href":"https:\/\/tijuana.com.uy\/index.php?rest_route=\/wp\/v2\/product"}],"about":[{"href":"https:\/\/tijuana.com.uy\/index.php?rest_route=\/wp\/v2\/types\/product"}],"wp:featuredmedia":[{"embeddable":true,"href":"https:\/\/tijuana.com.uy\/index.php?rest_route=\/wp\/v2\/media\/4429"}],"wp:attachment":[{"href":"https:\/\/tijuana.com.uy\/index.php?rest_route=%2Fwp%2Fv2%2Fmedia&parent=4432"}],"wp:term":[{"taxonomy":"product_brand","embeddable":true,"href":"https:\/\/tijuana.com.uy\/index.php?rest_route=%2Fwp%2Fv2%2Fproduct_brand&post=4432"},{"taxonomy":"product_cat","embeddable":true,"href":"https:\/\/tijuana.com.uy\/index.php?rest_route=%2Fwp%2Fv2%2Fproduct_cat&post=4432"},{"taxonomy":"product_tag","embeddable":true,"href":"https:\/\/tijuana.com.uy\/index.php?rest_route=%2Fwp%2Fv2%2Fproduct_tag&post=4432"}],"curies":[{"name":"wp","href":"https:\/\/api.w.org\/{rel}","templated":true}]}}