{"id":4433,"date":"2023-05-07T22:54:33","date_gmt":"2023-05-08T01:54:33","guid":{"rendered":"https:\/\/tijuana.com.uy\/?post_type=product&#038;p=4433"},"modified":"2024-09-05T12:41:55","modified_gmt":"2024-09-05T15:41:55","slug":"escondi2-habichuelas","status":"publish","type":"product","link":"https:\/\/tijuana.com.uy\/?product=escondi2-habichuelas","title":{"rendered":"ESCONDI2 HABICHUELAS"},"content":{"rendered":"","protected":false},"excerpt":{"rendered":"<div id=\"text_block-135-56\" class=\"ct-text-block\"><span id=\"span-136-56\" class=\"ct-span\">El Escondi2 estimula la concentraci\u00f3n, coordinaci\u00f3n \u00f3culo motora y discriminaci\u00f3n visual, Enriquece y estimula el lenguaje.<\/span><\/div>\n<p id=\"headline-137-56\" class=\"ct-headline\"><strong>\u00bfC\u00f3mo se juega? <\/strong><span id=\"span-139-56\" class=\"ct-span\">Escondi2 es un juego de velocidad, muy divertido para todas las edades!! Descubre cu\u00e1l es el s\u00edmbolo que se repite. \u00a1\u00a1Ten cuidado, entre dos cartas solo hay uno!! \u00a1Encu\u00e9ntralo y ganar\u00e1s!<\/span><\/p>\n<p><span id=\"span-126-56\" class=\"ct-span\">Se necesitan de 2 a 6<\/span> jugadores. Recomendado para edades de 4<span id=\"span-329-56\" class=\"ct-span\"> en adelante. El juego tiene una duraci\u00f3n aproximada de 10 a <\/span><span id=\"span-335-56\" class=\"ct-span\">15 minutos.<\/span><\/p>\n","protected":false},"featured_media":4434,"template":"","meta":[],"product_brand":[],"product_cat":[219,26],"product_tag":[67,66,216],"class_list":{"0":"post-4433","1":"product","2":"type-product","3":"status-publish","4":"has-post-thumbnail","6":"product_cat-juegos-de-mesa","7":"product_cat-jugueteria","8":"product_tag-7anos","9":"product_tag-5-6anos","10":"product_tag-habichuelas","12":"first","13":"instock","14":"taxable","15":"shipping-taxable","16":"purchasable","17":"product-type-simple"},"yoast_head":"<!-- This site is optimized with the Yoast SEO plugin v27.5 - https:\/\/yoast.com\/product\/yoast-seo-wordpress\/ -->\n<title>ESCONDI2 HABICHUELAS - Tijuana<\/title>\n<meta name=\"description\" content=\"El Escondi2 estimula la concentraci\u00f3n, coordinaci\u00f3n \u00f3culo motora y discriminaci\u00f3n visual, Enriquece y estimula el lenguaje.\" \/>\n<meta name=\"robots\" content=\"index, follow, max-snippet:-1, max-image-preview:large, max-video-preview:-1\" \/>\n<link rel=\"canonical\" href=\"https:\/\/tijuana.com.uy\/?product=escondi2-habichuelas\" \/>\n<meta property=\"og:locale\" content=\"es_ES\" \/>\n<meta property=\"og:type\" content=\"article\" \/>\n<meta property=\"og:title\" content=\"ESCONDI2 HABICHUELAS - Tijuana\" \/>\n<meta property=\"og:description\" content=\"El Escondi2 estimula la concentraci\u00f3n, coordinaci\u00f3n \u00f3culo motora y discriminaci\u00f3n visual, Enriquece y estimula el lenguaje.\" \/>\n<meta property=\"og:url\" content=\"https:\/\/tijuana.com.uy\/?product=escondi2-habichuelas\" \/>\n<meta property=\"og:site_name\" content=\"Tijuana\" \/>\n<meta property=\"article:modified_time\" content=\"2024-09-05T15:41:55+00:00\" \/>\n<meta property=\"og:image\" content=\"https:\/\/tijuana.com.uy\/wp-content\/uploads\/2023\/05\/escondi2_3.png\" \/>\n\t<meta property=\"og:image:width\" content=\"2412\" \/>\n\t<meta property=\"og:image:height\" content=\"2412\" \/>\n\t<meta property=\"og:image:type\" content=\"image\/png\" \/>\n<meta name=\"twitter:card\" content=\"summary_large_image\" \/>\n<script type=\"application\/ld+json\" class=\"yoast-schema-graph\">{\"@context\":\"https:\\\/\\\/schema.org\",\"@graph\":[{\"@type\":\"WebPage\",\"@id\":\"https:\\\/\\\/tijuana.com.uy\\\/?product=escondi2-habichuelas\",\"url\":\"https:\\\/\\\/tijuana.com.uy\\\/?product=escondi2-habichuelas\",\"name\":\"ESCONDI2 HABICHUELAS - Tijuana\",\"isPartOf\":{\"@id\":\"https:\\\/\\\/tijuana.com.uy\\\/#website\"},\"primaryImageOfPage\":{\"@id\":\"https:\\\/\\\/tijuana.com.uy\\\/?product=escondi2-habichuelas#primaryimage\"},\"image\":{\"@id\":\"https:\\\/\\\/tijuana.com.uy\\\/?product=escondi2-habichuelas#primaryimage\"},\"thumbnailUrl\":\"https:\\\/\\\/tijuana.com.uy\\\/wp-content\\\/uploads\\\/2023\\\/05\\\/escondi2_3.png\",\"datePublished\":\"2023-05-08T01:54:33+00:00\",\"dateModified\":\"2024-09-05T15:41:55+00:00\",\"description\":\"El Escondi2 estimula la concentraci\u00f3n, coordinaci\u00f3n \u00f3culo motora y discriminaci\u00f3n visual, Enriquece y estimula el lenguaje.\",\"breadcrumb\":{\"@id\":\"https:\\\/\\\/tijuana.com.uy\\\/?product=escondi2-habichuelas#breadcrumb\"},\"inLanguage\":\"es\",\"potentialAction\":[{\"@type\":\"ReadAction\",\"target\":[\"https:\\\/\\\/tijuana.com.uy\\\/?product=escondi2-habichuelas\"]}]},{\"@type\":\"ImageObject\",\"inLanguage\":\"es\",\"@id\":\"https:\\\/\\\/tijuana.com.uy\\\/?product=escondi2-habichuelas#primaryimage\",\"url\":\"https:\\\/\\\/tijuana.com.uy\\\/wp-content\\\/uploads\\\/2023\\\/05\\\/escondi2_3.png\",\"contentUrl\":\"https:\\\/\\\/tijuana.com.uy\\\/wp-content\\\/uploads\\\/2023\\\/05\\\/escondi2_3.png\",\"width\":2412,\"height\":2412,\"caption\":\"ESCONDI2 HABICHUELAS\"},{\"@type\":\"BreadcrumbList\",\"@id\":\"https:\\\/\\\/tijuana.com.uy\\\/?product=escondi2-habichuelas#breadcrumb\",\"itemListElement\":[{\"@type\":\"ListItem\",\"position\":1,\"name\":\"Inicio\",\"item\":\"https:\\\/\\\/tijuana.com.uy\\\/\"},{\"@type\":\"ListItem\",\"position\":2,\"name\":\"Todos nuestros productos\",\"item\":\"https:\\\/\\\/tijuana.com.uy\\\/?page_id=365\"},{\"@type\":\"ListItem\",\"position\":3,\"name\":\"ESCONDI2 HABICHUELAS\"}]},{\"@type\":\"WebSite\",\"@id\":\"https:\\\/\\\/tijuana.com.uy\\\/#website\",\"url\":\"https:\\\/\\\/tijuana.com.uy\\\/\",\"name\":\"Tijuana\",\"description\":\"Ecommerce Tijuana\",\"potentialAction\":[{\"@type\":\"SearchAction\",\"target\":{\"@type\":\"EntryPoint\",\"urlTemplate\":\"https:\\\/\\\/tijuana.com.uy\\\/?s={search_term_string}\"},\"query-input\":{\"@type\":\"PropertyValueSpecification\",\"valueRequired\":true,\"valueName\":\"search_term_string\"}}],\"inLanguage\":\"es\"}]}<\/script>\n<!-- \/ Yoast SEO plugin. -->","yoast_head_json":{"title":"ESCONDI2 HABICHUELAS - Tijuana","description":"El Escondi2 estimula la concentraci\u00f3n, coordinaci\u00f3n \u00f3culo motora y discriminaci\u00f3n visual, Enriquece y estimula el lenguaje.","robots":{"index":"index","follow":"follow","max-snippet":"max-snippet:-1","max-image-preview":"max-image-preview:large","max-video-preview":"max-video-preview:-1"},"canonical":"https:\/\/tijuana.com.uy\/?product=escondi2-habichuelas","og_locale":"es_ES","og_type":"article","og_title":"ESCONDI2 HABICHUELAS - Tijuana","og_description":"El Escondi2 estimula la concentraci\u00f3n, coordinaci\u00f3n \u00f3culo motora y discriminaci\u00f3n visual, Enriquece y estimula el lenguaje.","og_url":"https:\/\/tijuana.com.uy\/?product=escondi2-habichuelas","og_site_name":"Tijuana","article_modified_time":"2024-09-05T15:41:55+00:00","og_image":[{"width":2412,"height":2412,"url":"https:\/\/tijuana.com.uy\/wp-content\/uploads\/2023\/05\/escondi2_3.png","type":"image\/png"}],"twitter_card":"summary_large_image","schema":{"@context":"https:\/\/schema.org","@graph":[{"@type":"WebPage","@id":"https:\/\/tijuana.com.uy\/?product=escondi2-habichuelas","url":"https:\/\/tijuana.com.uy\/?product=escondi2-habichuelas","name":"ESCONDI2 HABICHUELAS - Tijuana","isPartOf":{"@id":"https:\/\/tijuana.com.uy\/#website"},"primaryImageOfPage":{"@id":"https:\/\/tijuana.com.uy\/?product=escondi2-habichuelas#primaryimage"},"image":{"@id":"https:\/\/tijuana.com.uy\/?product=escondi2-habichuelas#primaryimage"},"thumbnailUrl":"https:\/\/tijuana.com.uy\/wp-content\/uploads\/2023\/05\/escondi2_3.png","datePublished":"2023-05-08T01:54:33+00:00","dateModified":"2024-09-05T15:41:55+00:00","description":"El Escondi2 estimula la concentraci\u00f3n, coordinaci\u00f3n \u00f3culo motora y discriminaci\u00f3n visual, Enriquece y estimula el lenguaje.","breadcrumb":{"@id":"https:\/\/tijuana.com.uy\/?product=escondi2-habichuelas#breadcrumb"},"inLanguage":"es","potentialAction":[{"@type":"ReadAction","target":["https:\/\/tijuana.com.uy\/?product=escondi2-habichuelas"]}]},{"@type":"ImageObject","inLanguage":"es","@id":"https:\/\/tijuana.com.uy\/?product=escondi2-habichuelas#primaryimage","url":"https:\/\/tijuana.com.uy\/wp-content\/uploads\/2023\/05\/escondi2_3.png","contentUrl":"https:\/\/tijuana.com.uy\/wp-content\/uploads\/2023\/05\/escondi2_3.png","width":2412,"height":2412,"caption":"ESCONDI2 HABICHUELAS"},{"@type":"BreadcrumbList","@id":"https:\/\/tijuana.com.uy\/?product=escondi2-habichuelas#breadcrumb","itemListElement":[{"@type":"ListItem","position":1,"name":"Inicio","item":"https:\/\/tijuana.com.uy\/"},{"@type":"ListItem","position":2,"name":"Todos nuestros productos","item":"https:\/\/tijuana.com.uy\/?page_id=365"},{"@type":"ListItem","position":3,"name":"ESCONDI2 HABICHUELAS"}]},{"@type":"WebSite","@id":"https:\/\/tijuana.com.uy\/#website","url":"https:\/\/tijuana.com.uy\/","name":"Tijuana","description":"Ecommerce Tijuana","potentialAction":[{"@type":"SearchAction","target":{"@type":"EntryPoint","urlTemplate":"https:\/\/tijuana.com.uy\/?s={search_term_string}"},"query-input":{"@type":"PropertyValueSpecification","valueRequired":true,"valueName":"search_term_string"}}],"inLanguage":"es"}]}},"_links":{"self":[{"href":"https:\/\/tijuana.com.uy\/index.php?rest_route=\/wp\/v2\/product\/4433","targetHints":{"allow":["GET"]}}],"collection":[{"href":"https:\/\/tijuana.com.uy\/index.php?rest_route=\/wp\/v2\/product"}],"about":[{"href":"https:\/\/tijuana.com.uy\/index.php?rest_route=\/wp\/v2\/types\/product"}],"wp:featuredmedia":[{"embeddable":true,"href":"https:\/\/tijuana.com.uy\/index.php?rest_route=\/wp\/v2\/media\/4434"}],"wp:attachment":[{"href":"https:\/\/tijuana.com.uy\/index.php?rest_route=%2Fwp%2Fv2%2Fmedia&parent=4433"}],"wp:term":[{"taxonomy":"product_brand","embeddable":true,"href":"https:\/\/tijuana.com.uy\/index.php?rest_route=%2Fwp%2Fv2%2Fproduct_brand&post=4433"},{"taxonomy":"product_cat","embeddable":true,"href":"https:\/\/tijuana.com.uy\/index.php?rest_route=%2Fwp%2Fv2%2Fproduct_cat&post=4433"},{"taxonomy":"product_tag","embeddable":true,"href":"https:\/\/tijuana.com.uy\/index.php?rest_route=%2Fwp%2Fv2%2Fproduct_tag&post=4433"}],"curies":[{"name":"wp","href":"https:\/\/api.w.org\/{rel}","templated":true}]}}