{"id":4444,"date":"2023-05-07T23:16:04","date_gmt":"2023-05-08T02:16:04","guid":{"rendered":"https:\/\/tijuana.com.uy\/?post_type=product&#038;p=4444"},"modified":"2024-09-05T12:40:34","modified_gmt":"2024-09-05T15:40:34","slug":"click-habichuelas","status":"publish","type":"product","link":"https:\/\/tijuana.com.uy\/?product=click-habichuelas","title":{"rendered":"CLICK! HABICHUELAS"},"content":{"rendered":"","protected":false},"excerpt":{"rendered":"<p>Click! Desarrolla la capacidad de asociaci\u00f3n, percepci\u00f3n visual, velocidad de procesamiento cognitivo, creatividad y pensamiento divergente.<\/p>\n<p>\u00a15 juegos en un click!<\/p>\n<p><strong>\u00bfC\u00f3mo se juega?<\/strong> El jugador que haya sacado la mejor foto, comienza dando vuelta una consigna y la deja al lado del mazo, de modo que todos puedan leerla. Cada uno, mirando sus cartas de ambos lados, va a tratar de asociar sus fotos a la consigna que sali\u00f3. Puede ser que los otros jugadores no est\u00e9n de acuerdo, y tendr\u00e1s que argumentar tu elecci\u00f3n para no llevarte cartas extra. El primer jugador que consiga descartarse de sus cinco cartas, ser\u00e1 el ganador. Se puede jugar en varios modos: NOCTURNO, R\u00c1FAGA, PANOR\u00c1MICA y SELFIE.<\/p>\n<p><span id=\"span-126-56\" class=\"ct-span\">Se necesitan de 2 a 10<\/span> jugadores. Recomendado para edades de 9 <span id=\"span-329-56\" class=\"ct-span\">en adelante. El juego tiene una duraci\u00f3n aproximada de 15<\/span><span id=\"span-335-56\" class=\"ct-span\">\u00a0minutos.<\/span><\/p>\n<p>Incluye: 185 cartas (120 cartas de fotos y 65 cartas de consignas), Bolsa para guardar las cartas.<\/p>\n","protected":false},"featured_media":4445,"template":"","meta":[],"product_brand":[],"product_cat":[219,26],"product_tag":[67,216],"class_list":{"0":"post-4444","1":"product","2":"type-product","3":"status-publish","4":"has-post-thumbnail","6":"product_cat-juegos-de-mesa","7":"product_cat-jugueteria","8":"product_tag-7anos","9":"product_tag-habichuelas","11":"first","12":"instock","13":"taxable","14":"shipping-taxable","15":"purchasable","16":"product-type-simple"},"yoast_head":"<!-- This site is optimized with the Yoast SEO plugin v27.5 - https:\/\/yoast.com\/product\/yoast-seo-wordpress\/ -->\n<title>CLICK! HABICHUELAS - Tijuana<\/title>\n<meta name=\"description\" content=\"Click! Desarrolla la capacidad de asociaci\u00f3n, percepci\u00f3n visual, velocidad de procesamiento cognitivo, creatividad y pensamiento divergente.\" \/>\n<meta name=\"robots\" content=\"index, follow, max-snippet:-1, max-image-preview:large, max-video-preview:-1\" \/>\n<link rel=\"canonical\" href=\"https:\/\/tijuana.com.uy\/?product=click-habichuelas\" \/>\n<meta property=\"og:locale\" content=\"es_ES\" \/>\n<meta property=\"og:type\" content=\"article\" \/>\n<meta property=\"og:title\" content=\"CLICK! HABICHUELAS - Tijuana\" \/>\n<meta property=\"og:description\" content=\"Click! Desarrolla la capacidad de asociaci\u00f3n, percepci\u00f3n visual, velocidad de procesamiento cognitivo, creatividad y pensamiento divergente.\" \/>\n<meta property=\"og:url\" content=\"https:\/\/tijuana.com.uy\/?product=click-habichuelas\" \/>\n<meta property=\"og:site_name\" content=\"Tijuana\" \/>\n<meta property=\"article:modified_time\" content=\"2024-09-05T15:40:34+00:00\" \/>\n<meta property=\"og:image\" content=\"https:\/\/tijuana.com.uy\/wp-content\/uploads\/2023\/05\/juego-de-mesa-habichuelas-click-2-a-10-jugadores-juego-de-mesa-habichuelas-click-2-a-10-jugadores.jpg\" \/>\n\t<meta property=\"og:image:width\" content=\"960\" \/>\n\t<meta property=\"og:image:height\" content=\"1200\" \/>\n\t<meta property=\"og:image:type\" content=\"image\/jpeg\" \/>\n<meta name=\"twitter:card\" content=\"summary_large_image\" \/>\n<script type=\"application\/ld+json\" class=\"yoast-schema-graph\">{\"@context\":\"https:\\\/\\\/schema.org\",\"@graph\":[{\"@type\":\"WebPage\",\"@id\":\"https:\\\/\\\/tijuana.com.uy\\\/?product=click-habichuelas\",\"url\":\"https:\\\/\\\/tijuana.com.uy\\\/?product=click-habichuelas\",\"name\":\"CLICK! HABICHUELAS - Tijuana\",\"isPartOf\":{\"@id\":\"https:\\\/\\\/tijuana.com.uy\\\/#website\"},\"primaryImageOfPage\":{\"@id\":\"https:\\\/\\\/tijuana.com.uy\\\/?product=click-habichuelas#primaryimage\"},\"image\":{\"@id\":\"https:\\\/\\\/tijuana.com.uy\\\/?product=click-habichuelas#primaryimage\"},\"thumbnailUrl\":\"https:\\\/\\\/tijuana.com.uy\\\/wp-content\\\/uploads\\\/2023\\\/05\\\/juego-de-mesa-habichuelas-click-2-a-10-jugadores-juego-de-mesa-habichuelas-click-2-a-10-jugadores.jpg\",\"datePublished\":\"2023-05-08T02:16:04+00:00\",\"dateModified\":\"2024-09-05T15:40:34+00:00\",\"description\":\"Click! Desarrolla la capacidad de asociaci\u00f3n, percepci\u00f3n visual, velocidad de procesamiento cognitivo, creatividad y pensamiento divergente.\",\"breadcrumb\":{\"@id\":\"https:\\\/\\\/tijuana.com.uy\\\/?product=click-habichuelas#breadcrumb\"},\"inLanguage\":\"es\",\"potentialAction\":[{\"@type\":\"ReadAction\",\"target\":[\"https:\\\/\\\/tijuana.com.uy\\\/?product=click-habichuelas\"]}]},{\"@type\":\"ImageObject\",\"inLanguage\":\"es\",\"@id\":\"https:\\\/\\\/tijuana.com.uy\\\/?product=click-habichuelas#primaryimage\",\"url\":\"https:\\\/\\\/tijuana.com.uy\\\/wp-content\\\/uploads\\\/2023\\\/05\\\/juego-de-mesa-habichuelas-click-2-a-10-jugadores-juego-de-mesa-habichuelas-click-2-a-10-jugadores.jpg\",\"contentUrl\":\"https:\\\/\\\/tijuana.com.uy\\\/wp-content\\\/uploads\\\/2023\\\/05\\\/juego-de-mesa-habichuelas-click-2-a-10-jugadores-juego-de-mesa-habichuelas-click-2-a-10-jugadores.jpg\",\"width\":960,\"height\":1200,\"caption\":\"CLICK! HABICHUELAS\"},{\"@type\":\"BreadcrumbList\",\"@id\":\"https:\\\/\\\/tijuana.com.uy\\\/?product=click-habichuelas#breadcrumb\",\"itemListElement\":[{\"@type\":\"ListItem\",\"position\":1,\"name\":\"Inicio\",\"item\":\"https:\\\/\\\/tijuana.com.uy\\\/\"},{\"@type\":\"ListItem\",\"position\":2,\"name\":\"Todos nuestros productos\",\"item\":\"https:\\\/\\\/tijuana.com.uy\\\/?page_id=365\"},{\"@type\":\"ListItem\",\"position\":3,\"name\":\"CLICK! HABICHUELAS\"}]},{\"@type\":\"WebSite\",\"@id\":\"https:\\\/\\\/tijuana.com.uy\\\/#website\",\"url\":\"https:\\\/\\\/tijuana.com.uy\\\/\",\"name\":\"Tijuana\",\"description\":\"Ecommerce Tijuana\",\"potentialAction\":[{\"@type\":\"SearchAction\",\"target\":{\"@type\":\"EntryPoint\",\"urlTemplate\":\"https:\\\/\\\/tijuana.com.uy\\\/?s={search_term_string}\"},\"query-input\":{\"@type\":\"PropertyValueSpecification\",\"valueRequired\":true,\"valueName\":\"search_term_string\"}}],\"inLanguage\":\"es\"}]}<\/script>\n<!-- \/ Yoast SEO plugin. -->","yoast_head_json":{"title":"CLICK! HABICHUELAS - Tijuana","description":"Click! Desarrolla la capacidad de asociaci\u00f3n, percepci\u00f3n visual, velocidad de procesamiento cognitivo, creatividad y pensamiento divergente.","robots":{"index":"index","follow":"follow","max-snippet":"max-snippet:-1","max-image-preview":"max-image-preview:large","max-video-preview":"max-video-preview:-1"},"canonical":"https:\/\/tijuana.com.uy\/?product=click-habichuelas","og_locale":"es_ES","og_type":"article","og_title":"CLICK! HABICHUELAS - Tijuana","og_description":"Click! Desarrolla la capacidad de asociaci\u00f3n, percepci\u00f3n visual, velocidad de procesamiento cognitivo, creatividad y pensamiento divergente.","og_url":"https:\/\/tijuana.com.uy\/?product=click-habichuelas","og_site_name":"Tijuana","article_modified_time":"2024-09-05T15:40:34+00:00","og_image":[{"width":960,"height":1200,"url":"https:\/\/tijuana.com.uy\/wp-content\/uploads\/2023\/05\/juego-de-mesa-habichuelas-click-2-a-10-jugadores-juego-de-mesa-habichuelas-click-2-a-10-jugadores.jpg","type":"image\/jpeg"}],"twitter_card":"summary_large_image","schema":{"@context":"https:\/\/schema.org","@graph":[{"@type":"WebPage","@id":"https:\/\/tijuana.com.uy\/?product=click-habichuelas","url":"https:\/\/tijuana.com.uy\/?product=click-habichuelas","name":"CLICK! HABICHUELAS - Tijuana","isPartOf":{"@id":"https:\/\/tijuana.com.uy\/#website"},"primaryImageOfPage":{"@id":"https:\/\/tijuana.com.uy\/?product=click-habichuelas#primaryimage"},"image":{"@id":"https:\/\/tijuana.com.uy\/?product=click-habichuelas#primaryimage"},"thumbnailUrl":"https:\/\/tijuana.com.uy\/wp-content\/uploads\/2023\/05\/juego-de-mesa-habichuelas-click-2-a-10-jugadores-juego-de-mesa-habichuelas-click-2-a-10-jugadores.jpg","datePublished":"2023-05-08T02:16:04+00:00","dateModified":"2024-09-05T15:40:34+00:00","description":"Click! Desarrolla la capacidad de asociaci\u00f3n, percepci\u00f3n visual, velocidad de procesamiento cognitivo, creatividad y pensamiento divergente.","breadcrumb":{"@id":"https:\/\/tijuana.com.uy\/?product=click-habichuelas#breadcrumb"},"inLanguage":"es","potentialAction":[{"@type":"ReadAction","target":["https:\/\/tijuana.com.uy\/?product=click-habichuelas"]}]},{"@type":"ImageObject","inLanguage":"es","@id":"https:\/\/tijuana.com.uy\/?product=click-habichuelas#primaryimage","url":"https:\/\/tijuana.com.uy\/wp-content\/uploads\/2023\/05\/juego-de-mesa-habichuelas-click-2-a-10-jugadores-juego-de-mesa-habichuelas-click-2-a-10-jugadores.jpg","contentUrl":"https:\/\/tijuana.com.uy\/wp-content\/uploads\/2023\/05\/juego-de-mesa-habichuelas-click-2-a-10-jugadores-juego-de-mesa-habichuelas-click-2-a-10-jugadores.jpg","width":960,"height":1200,"caption":"CLICK! HABICHUELAS"},{"@type":"BreadcrumbList","@id":"https:\/\/tijuana.com.uy\/?product=click-habichuelas#breadcrumb","itemListElement":[{"@type":"ListItem","position":1,"name":"Inicio","item":"https:\/\/tijuana.com.uy\/"},{"@type":"ListItem","position":2,"name":"Todos nuestros productos","item":"https:\/\/tijuana.com.uy\/?page_id=365"},{"@type":"ListItem","position":3,"name":"CLICK! HABICHUELAS"}]},{"@type":"WebSite","@id":"https:\/\/tijuana.com.uy\/#website","url":"https:\/\/tijuana.com.uy\/","name":"Tijuana","description":"Ecommerce Tijuana","potentialAction":[{"@type":"SearchAction","target":{"@type":"EntryPoint","urlTemplate":"https:\/\/tijuana.com.uy\/?s={search_term_string}"},"query-input":{"@type":"PropertyValueSpecification","valueRequired":true,"valueName":"search_term_string"}}],"inLanguage":"es"}]}},"_links":{"self":[{"href":"https:\/\/tijuana.com.uy\/index.php?rest_route=\/wp\/v2\/product\/4444","targetHints":{"allow":["GET"]}}],"collection":[{"href":"https:\/\/tijuana.com.uy\/index.php?rest_route=\/wp\/v2\/product"}],"about":[{"href":"https:\/\/tijuana.com.uy\/index.php?rest_route=\/wp\/v2\/types\/product"}],"wp:featuredmedia":[{"embeddable":true,"href":"https:\/\/tijuana.com.uy\/index.php?rest_route=\/wp\/v2\/media\/4445"}],"wp:attachment":[{"href":"https:\/\/tijuana.com.uy\/index.php?rest_route=%2Fwp%2Fv2%2Fmedia&parent=4444"}],"wp:term":[{"taxonomy":"product_brand","embeddable":true,"href":"https:\/\/tijuana.com.uy\/index.php?rest_route=%2Fwp%2Fv2%2Fproduct_brand&post=4444"},{"taxonomy":"product_cat","embeddable":true,"href":"https:\/\/tijuana.com.uy\/index.php?rest_route=%2Fwp%2Fv2%2Fproduct_cat&post=4444"},{"taxonomy":"product_tag","embeddable":true,"href":"https:\/\/tijuana.com.uy\/index.php?rest_route=%2Fwp%2Fv2%2Fproduct_tag&post=4444"}],"curies":[{"name":"wp","href":"https:\/\/api.w.org\/{rel}","templated":true}]}}